{"id":62,"date":"2015-03-16T22:02:01","date_gmt":"2015-03-16T21:02:01","guid":{"rendered":"http:\/\/p253692.mittwaldserver.info\/wordpress_erwinr\/?page_id=62"},"modified":"2020-03-21T15:44:10","modified_gmt":"2020-03-21T14:44:10","slug":"suedamerika","status":"publish","type":"page","link":"https:\/\/www.people-abroad.de\/buchbesprechungen\/ausland-reisen\/suedamerika\/","title":{"rendered":"Amerika B\u00fccher"},"content":{"rendered":"<div id=\"dslc-theme-content\"><div id=\"dslc-theme-content-inner\"><h2>Nordamerika - Top B\u00fccher: <\/h2>\n<li><a href=\"http:\/\/www.people-abroad.de\/buchbesprechungen\/ausland-reisen\/top-buecher-ueber-die-usa\/\">USA<\/a><\/li>\n<li><a href=\"https:\/\/www.people-abroad.de\/buchbesprechungen\/ausland-reisen\/top-buecher-ueber-kanada\/\">Kanada<\/a><\/li>\n<\/ul>\n<h2>Mittelamerika - Top B\u00fccher<\/h2>\n<li><a href=\"https:\/\/www.people-abroad.de\/buchbesprechungen\/ausland-reisen\/top-buecher-ueber-mexiko\/\">Mexiko<\/a><\/li>\n<li><a href=\"https:\/\/www.people-abroad.de\/buchbesprechungen\/ausland-reisen\/top-buecher-ueber-zentralamerika\/\">Mittelamerika<\/a><\/li>\n<h2>S\u00fcdamerika - Top B\u00fccher<\/h2>\n<ul>\n<li><a href=\"http:\/\/people-abroad.de\/buchbesprechungen\/ausland-reisen\/top-buecher-brasilien\/\">Brasilien<\/a><\/li>\n<li><a href=\"http:\/\/www.people-abroad.de\/buchbesprechungen\/ausland-reisen\/top-buecher-ueber-chile\/\">Chile<\/a><\/li>\n<li><a href=\"http:\/\/www.people-abroad.de\/buchbesprechungen\/ausland-reisen\/top-buecher-ueber-peru\/\">Peru<\/a><\/li>\n<\/ul>\n<\/div><\/div>","protected":false},"excerpt":{"rendered":"<p>Nordamerika - Top B\u00fccher: USA Kanada Mittelamerika - Top B\u00fccher Mexiko Mittelamerika S\u00fcdamerika - Top B\u00fccher Brasilien Chile Peru<\/p>\n","protected":false},"author":1,"featured_media":0,"parent":0,"menu_order":0,"comment_status":"closed","ping_status":"closed","template":"","meta":{"footnotes":""},"class_list":["post-62","page","type-page","status-publish","hentry"],"yoast_head":"<!-- This site is optimized with the Yoast SEO plugin v27.5 - https:\/\/yoast.com\/product\/yoast-seo-wordpress\/ -->\n<title>Amerika B\u00fccher - People Abroad<\/title>\n<meta name=\"robots\" content=\"noindex, follow\" \/>\n<meta property=\"og:locale\" content=\"de_DE\" \/>\n<meta property=\"og:type\" content=\"article\" \/>\n<meta property=\"og:title\" content=\"Amerika B\u00fccher - People Abroad\" \/>\n<meta property=\"og:description\" content=\"Nordamerika - Top B\u00fccher: USA Kanada Mittelamerika - Top B\u00fccher Mexiko Mittelamerika S\u00fcdamerika - Top B\u00fccher Brasilien Chile Peru\" \/>\n<meta property=\"og:url\" content=\"https:\/\/www.people-abroad.de\/buchbesprechungen\/ausland-reisen\/suedamerika\/\" \/>\n<meta property=\"og:site_name\" content=\"People Abroad\" \/>\n<meta property=\"article:modified_time\" content=\"2020-03-21T14:44:10+00:00\" \/>\n<meta name=\"twitter:card\" content=\"summary_large_image\" \/>\n<meta name=\"twitter:site\" content=\"@People_Abroad\" \/>\n<script type=\"application\/ld+json\" class=\"yoast-schema-graph\">{\"@context\":\"https:\\\/\\\/schema.org\",\"@graph\":[{\"@type\":\"WebPage\",\"@id\":\"https:\\\/\\\/www.people-abroad.de\\\/buchbesprechungen\\\/ausland-reisen\\\/suedamerika\\\/\",\"url\":\"https:\\\/\\\/www.people-abroad.de\\\/buchbesprechungen\\\/ausland-reisen\\\/suedamerika\\\/\",\"name\":\"Amerika B\u00fccher - People Abroad\",\"isPartOf\":{\"@id\":\"https:\\\/\\\/www.people-abroad.de\\\/buchbesprechungen\\\/ausland-reisen\\\/#website\"},\"datePublished\":\"2015-03-16T21:02:01+00:00\",\"dateModified\":\"2020-03-21T14:44:10+00:00\",\"breadcrumb\":{\"@id\":\"https:\\\/\\\/www.people-abroad.de\\\/buchbesprechungen\\\/ausland-reisen\\\/suedamerika\\\/#breadcrumb\"},\"inLanguage\":\"de\",\"potentialAction\":[{\"@type\":\"ReadAction\",\"target\":[\"https:\\\/\\\/www.people-abroad.de\\\/buchbesprechungen\\\/ausland-reisen\\\/suedamerika\\\/\"]}]},{\"@type\":\"BreadcrumbList\",\"@id\":\"https:\\\/\\\/www.people-abroad.de\\\/buchbesprechungen\\\/ausland-reisen\\\/suedamerika\\\/#breadcrumb\",\"itemListElement\":[{\"@type\":\"ListItem\",\"position\":1,\"name\":\"Home\",\"item\":\"https:\\\/\\\/www.people-abroad.de\\\/buchbesprechungen\\\/ausland-reisen\\\/\"},{\"@type\":\"ListItem\",\"position\":2,\"name\":\"Amerika B\u00fccher\"}]},{\"@type\":\"WebSite\",\"@id\":\"https:\\\/\\\/www.people-abroad.de\\\/buchbesprechungen\\\/ausland-reisen\\\/#website\",\"url\":\"https:\\\/\\\/www.people-abroad.de\\\/buchbesprechungen\\\/ausland-reisen\\\/\",\"name\":\"People Abroad\",\"description\":\"Reisen, Buchtipps &amp; Literatur\",\"publisher\":{\"@id\":\"https:\\\/\\\/www.people-abroad.de\\\/buchbesprechungen\\\/ausland-reisen\\\/#\\\/schema\\\/person\\\/9a9eab346b83cd8fb098eb6d1643e09d\"},\"potentialAction\":[{\"@type\":\"SearchAction\",\"target\":{\"@type\":\"EntryPoint\",\"urlTemplate\":\"https:\\\/\\\/www.people-abroad.de\\\/buchbesprechungen\\\/ausland-reisen\\\/?s={search_term_string}\"},\"query-input\":{\"@type\":\"PropertyValueSpecification\",\"valueRequired\":true,\"valueName\":\"search_term_string\"}}],\"inLanguage\":\"de\"},{\"@type\":[\"Person\",\"Organization\"],\"@id\":\"https:\\\/\\\/www.people-abroad.de\\\/buchbesprechungen\\\/ausland-reisen\\\/#\\\/schema\\\/person\\\/9a9eab346b83cd8fb098eb6d1643e09d\",\"name\":\"Heiko M\u00fcller\",\"logo\":{\"@id\":\"https:\\\/\\\/www.people-abroad.de\\\/buchbesprechungen\\\/ausland-reisen\\\/#\\\/schema\\\/person\\\/image\\\/\"},\"sameAs\":[\"https:\\\/\\\/www.people-abroad.de\\\/blog\\\/\"]}]}<\/script>\n<!-- \/ Yoast SEO plugin. -->","yoast_head_json":{"title":"Amerika B\u00fccher - People Abroad","robots":{"index":"noindex","follow":"follow"},"og_locale":"de_DE","og_type":"article","og_title":"Amerika B\u00fccher - People Abroad","og_description":"Nordamerika - Top B\u00fccher: USA Kanada Mittelamerika - Top B\u00fccher Mexiko Mittelamerika S\u00fcdamerika - Top B\u00fccher Brasilien Chile Peru","og_url":"https:\/\/www.people-abroad.de\/buchbesprechungen\/ausland-reisen\/suedamerika\/","og_site_name":"People Abroad","article_modified_time":"2020-03-21T14:44:10+00:00","twitter_card":"summary_large_image","twitter_site":"@People_Abroad","schema":{"@context":"https:\/\/schema.org","@graph":[{"@type":"WebPage","@id":"https:\/\/www.people-abroad.de\/buchbesprechungen\/ausland-reisen\/suedamerika\/","url":"https:\/\/www.people-abroad.de\/buchbesprechungen\/ausland-reisen\/suedamerika\/","name":"Amerika B\u00fccher - People Abroad","isPartOf":{"@id":"https:\/\/www.people-abroad.de\/buchbesprechungen\/ausland-reisen\/#website"},"datePublished":"2015-03-16T21:02:01+00:00","dateModified":"2020-03-21T14:44:10+00:00","breadcrumb":{"@id":"https:\/\/www.people-abroad.de\/buchbesprechungen\/ausland-reisen\/suedamerika\/#breadcrumb"},"inLanguage":"de","potentialAction":[{"@type":"ReadAction","target":["https:\/\/www.people-abroad.de\/buchbesprechungen\/ausland-reisen\/suedamerika\/"]}]},{"@type":"BreadcrumbList","@id":"https:\/\/www.people-abroad.de\/buchbesprechungen\/ausland-reisen\/suedamerika\/#breadcrumb","itemListElement":[{"@type":"ListItem","position":1,"name":"Home","item":"https:\/\/www.people-abroad.de\/buchbesprechungen\/ausland-reisen\/"},{"@type":"ListItem","position":2,"name":"Amerika B\u00fccher"}]},{"@type":"WebSite","@id":"https:\/\/www.people-abroad.de\/buchbesprechungen\/ausland-reisen\/#website","url":"https:\/\/www.people-abroad.de\/buchbesprechungen\/ausland-reisen\/","name":"People Abroad","description":"Reisen, Buchtipps &amp; Literatur","publisher":{"@id":"https:\/\/www.people-abroad.de\/buchbesprechungen\/ausland-reisen\/#\/schema\/person\/9a9eab346b83cd8fb098eb6d1643e09d"},"potentialAction":[{"@type":"SearchAction","target":{"@type":"EntryPoint","urlTemplate":"https:\/\/www.people-abroad.de\/buchbesprechungen\/ausland-reisen\/?s={search_term_string}"},"query-input":{"@type":"PropertyValueSpecification","valueRequired":true,"valueName":"search_term_string"}}],"inLanguage":"de"},{"@type":["Person","Organization"],"@id":"https:\/\/www.people-abroad.de\/buchbesprechungen\/ausland-reisen\/#\/schema\/person\/9a9eab346b83cd8fb098eb6d1643e09d","name":"Heiko M\u00fcller","logo":{"@id":"https:\/\/www.people-abroad.de\/buchbesprechungen\/ausland-reisen\/#\/schema\/person\/image\/"},"sameAs":["https:\/\/www.people-abroad.de\/blog\/"]}]}},"_links":{"self":[{"href":"https:\/\/www.people-abroad.de\/buchbesprechungen\/ausland-reisen\/wp-json\/wp\/v2\/pages\/62","targetHints":{"allow":["GET"]}}],"collection":[{"href":"https:\/\/www.people-abroad.de\/buchbesprechungen\/ausland-reisen\/wp-json\/wp\/v2\/pages"}],"about":[{"href":"https:\/\/www.people-abroad.de\/buchbesprechungen\/ausland-reisen\/wp-json\/wp\/v2\/types\/page"}],"author":[{"embeddable":true,"href":"https:\/\/www.people-abroad.de\/buchbesprechungen\/ausland-reisen\/wp-json\/wp\/v2\/users\/1"}],"replies":[{"embeddable":true,"href":"https:\/\/www.people-abroad.de\/buchbesprechungen\/ausland-reisen\/wp-json\/wp\/v2\/comments?post=62"}],"version-history":[{"count":48,"href":"https:\/\/www.people-abroad.de\/buchbesprechungen\/ausland-reisen\/wp-json\/wp\/v2\/pages\/62\/revisions"}],"predecessor-version":[{"id":5705,"href":"https:\/\/www.people-abroad.de\/buchbesprechungen\/ausland-reisen\/wp-json\/wp\/v2\/pages\/62\/revisions\/5705"}],"wp:attachment":[{"href":"https:\/\/www.people-abroad.de\/buchbesprechungen\/ausland-reisen\/wp-json\/wp\/v2\/media?parent=62"}],"curies":[{"name":"wp","href":"https:\/\/api.w.org\/{rel}","templated":true}]}}