{"id":3822,"date":"2018-09-05T20:51:14","date_gmt":"2018-09-05T18:51:14","guid":{"rendered":"https:\/\/www.people-abroad.de\/buchbesprechungen\/ausland-reisen\/?page_id=3822"},"modified":"2022-09-01T09:02:29","modified_gmt":"2022-09-01T07:02:29","slug":"kontakt","status":"publish","type":"page","link":"https:\/\/www.people-abroad.de\/buchbesprechungen\/ausland-reisen\/kontakt\/","title":{"rendered":"Infos &#038; Kontakt"},"content":{"rendered":"<div id=\"dslc-theme-content\"><div id=\"dslc-theme-content-inner\"><p>Du liebst B\u00fccher - gedruckt oder als eBook? Dann haben wir mindestens eine Gemeinsamkeit. Hier findest du B\u00fccher zum Thema Ausland, Reisen &amp; Jobben. Du bist B\u00fccher-Fan, Lese-Nerd, Autor, Buchblogger oder Verlagsmitarbeiter? Dann freuen wir uns auf deine Nachricht. Gerne vernetzen wir uns mit anderen Buchbloggern und Menschen, die B\u00fccher und Lesestoff lieben. Schreibe deine Nachricht an:<\/p>\n<p><a href=\"https:\/\/www.people-abroad.de\/buchbesprechungen\/ausland-reisen\/wp-content\/uploads\/2018\/09\/erwin-ritter-people-abroad-768x413.jpg\"><img loading=\"lazy\" decoding=\"async\" class=\"alignnone size-medium wp-image-3871\" src=\"https:\/\/www.people-abroad.de\/buchbesprechungen\/ausland-reisen\/wp-content\/uploads\/2018\/09\/erwin-ritter-people-abroad-768x413-300x161.jpg\" alt=\"\" width=\"300\" height=\"161\" srcset=\"https:\/\/www.people-abroad.de\/buchbesprechungen\/ausland-reisen\/wp-content\/uploads\/2018\/09\/erwin-ritter-people-abroad-768x413-300x161.jpg 300w, https:\/\/www.people-abroad.de\/buchbesprechungen\/ausland-reisen\/wp-content\/uploads\/2018\/09\/erwin-ritter-people-abroad-768x413.jpg 768w\" sizes=\"auto, (max-width: 300px) 100vw, 300px\" \/><\/a><\/p>\n<p>Erwin Ritter, Buchblogger<br \/>\nMail: e.ritter @ people-abroad.de<\/p>\n<p>Neben dieser Buchseite geh\u00f6rt zu People Abroad noch ein <a href=\"https:\/\/www.people-abroad.de\">Auslandsportal<\/a> und ein\u00a0<a href=\"https:\/\/www.people-abroad.de\/blog\">Reiseblog<\/a>. Hast du Lust, als Buch- oder Reiseblogger mal einen Beitrag f\u00fcr uns zu schreiben? Wir freuen uns \u00fcber Gastbeitr\u00e4ge. Willkommen sind auch Schreiber, Fotografen und Vlogger, die gerne reisen und lesen. Mehr Infos zu uns findest du hier:<\/p>\n<p><a href=\"https:\/\/www.people-abroad.de\/blog\/ueber-uns\/\">Das Blogger-Team von People Abroad<\/a><br \/>\n<a href=\"https:\/\/www.people-abroad.de\/blog\/pr-media\/\">PR\/Media-Rubrik von People Abroad<\/a><\/p>\n<p>Interesse? Dann melde dich bei uns - wir sind gespannt, wo deine Interessen liegen. Auch Gastblogger, die einmalige Beitr\u00e4ge beisteuern m\u00f6chten, sind willkommen.<\/p>\n<p><a href=\"https:\/\/www.people-abroad.de\/buchbesprechungen\/ausland-reisen\/wp-content\/uploads\/2018\/09\/heiko-mueller-journalist-reiseblogger-people-abroad-768x413.jpg\"><img loading=\"lazy\" decoding=\"async\" class=\"alignnone size-medium wp-image-3872\" src=\"https:\/\/www.people-abroad.de\/buchbesprechungen\/ausland-reisen\/wp-content\/uploads\/2018\/09\/heiko-mueller-journalist-reiseblogger-people-abroad-768x413-300x161.jpg\" alt=\"\" width=\"300\" height=\"161\" srcset=\"https:\/\/www.people-abroad.de\/buchbesprechungen\/ausland-reisen\/wp-content\/uploads\/2018\/09\/heiko-mueller-journalist-reiseblogger-people-abroad-768x413-300x161.jpg 300w, https:\/\/www.people-abroad.de\/buchbesprechungen\/ausland-reisen\/wp-content\/uploads\/2018\/09\/heiko-mueller-journalist-reiseblogger-people-abroad-768x413.jpg 768w\" sizes=\"auto, (max-width: 300px) 100vw, 300px\" \/><\/a><\/p>\n<p>Heiko M\u00fcller, Reiseblogger<br \/>\nMail: h.mueller @ people-abroad.de<\/p>\n<p><strong>Kontakt:<\/strong><br \/>\nPeople Abroad<br \/>\n<a href=\"https:\/\/www.people-abroad.de\">Auslandsportal<\/a> | <a href=\"https:\/\/www.people-abroad.de\/blog\">Reiseblog<\/a><br \/>\nc\/o Heiko M\u00fcller<br \/>\nAlphornstra\u00dfe 28<br \/>\n68169 Mannheim<br \/>\ninfo @ people-abroad.de<br \/>\ntelefon +49 0621 40185801<\/p>\n<\/div><\/div>","protected":false},"excerpt":{"rendered":"<p>Du liebst B\u00fccher - gedruckt oder als eBook? Dann haben wir mindestens eine Gemeinsamkeit. Hier findest du B\u00fccher zum Thema Ausland, Reisen &amp; Jobben. Du bist B\u00fccher-Fan, Lese-Nerd, Autor, Buchblogger oder Verlagsmitarbeiter? Dann freuen wir uns auf deine Nachricht. Gerne vernetzen wir uns mit anderen Buchbloggern und Menschen, die B\u00fccher und Lesestoff lieben. Schreibe deine [&hellip;]<\/p>\n","protected":false},"author":2,"featured_media":0,"parent":0,"menu_order":0,"comment_status":"closed","ping_status":"closed","template":"","meta":{"footnotes":""},"class_list":["post-3822","page","type-page","status-publish","hentry"],"yoast_head":"<!-- This site is optimized with the Yoast SEO plugin v27.5 - https:\/\/yoast.com\/product\/yoast-seo-wordpress\/ -->\n<title>Infos &amp; Kontakt - People Abroad<\/title>\n<meta name=\"robots\" content=\"noindex, follow\" \/>\n<meta property=\"og:locale\" content=\"de_DE\" \/>\n<meta property=\"og:type\" content=\"article\" \/>\n<meta property=\"og:title\" content=\"Infos &amp; Kontakt - People Abroad\" \/>\n<meta property=\"og:description\" content=\"Du liebst B\u00fccher - gedruckt oder als eBook? Dann haben wir mindestens eine Gemeinsamkeit. Hier findest du B\u00fccher zum Thema Ausland, Reisen &amp; Jobben. Du bist B\u00fccher-Fan, Lese-Nerd, Autor, Buchblogger oder Verlagsmitarbeiter? Dann freuen wir uns auf deine Nachricht. Gerne vernetzen wir uns mit anderen Buchbloggern und Menschen, die B\u00fccher und Lesestoff lieben. Schreibe deine [&hellip;]\" \/>\n<meta property=\"og:url\" content=\"https:\/\/www.people-abroad.de\/buchbesprechungen\/ausland-reisen\/kontakt\/\" \/>\n<meta property=\"og:site_name\" content=\"People Abroad\" \/>\n<meta property=\"article:modified_time\" content=\"2022-09-01T07:02:29+00:00\" \/>\n<meta property=\"og:image\" content=\"https:\/\/www.people-abroad.de\/buchbesprechungen\/ausland-reisen\/wp-content\/uploads\/2018\/09\/erwin-ritter-people-abroad-768x413-300x161.jpg\" \/>\n<meta name=\"twitter:card\" content=\"summary_large_image\" \/>\n<meta name=\"twitter:site\" content=\"@People_Abroad\" \/>\n<meta name=\"twitter:label1\" content=\"Gesch\u00e4tzte Lesezeit\" \/>\n\t<meta name=\"twitter:data1\" content=\"2\u00a0Minuten\" \/>\n<script type=\"application\/ld+json\" class=\"yoast-schema-graph\">{\"@context\":\"https:\\\/\\\/schema.org\",\"@graph\":[{\"@type\":\"WebPage\",\"@id\":\"https:\\\/\\\/www.people-abroad.de\\\/buchbesprechungen\\\/ausland-reisen\\\/kontakt\\\/\",\"url\":\"https:\\\/\\\/www.people-abroad.de\\\/buchbesprechungen\\\/ausland-reisen\\\/kontakt\\\/\",\"name\":\"Infos & Kontakt - People Abroad\",\"isPartOf\":{\"@id\":\"https:\\\/\\\/www.people-abroad.de\\\/buchbesprechungen\\\/ausland-reisen\\\/#website\"},\"primaryImageOfPage\":{\"@id\":\"https:\\\/\\\/www.people-abroad.de\\\/buchbesprechungen\\\/ausland-reisen\\\/kontakt\\\/#primaryimage\"},\"image\":{\"@id\":\"https:\\\/\\\/www.people-abroad.de\\\/buchbesprechungen\\\/ausland-reisen\\\/kontakt\\\/#primaryimage\"},\"thumbnailUrl\":\"https:\\\/\\\/www.people-abroad.de\\\/buchbesprechungen\\\/ausland-reisen\\\/wp-content\\\/uploads\\\/2018\\\/09\\\/erwin-ritter-people-abroad-768x413-300x161.jpg\",\"datePublished\":\"2018-09-05T18:51:14+00:00\",\"dateModified\":\"2022-09-01T07:02:29+00:00\",\"breadcrumb\":{\"@id\":\"https:\\\/\\\/www.people-abroad.de\\\/buchbesprechungen\\\/ausland-reisen\\\/kontakt\\\/#breadcrumb\"},\"inLanguage\":\"de\",\"potentialAction\":[{\"@type\":\"ReadAction\",\"target\":[\"https:\\\/\\\/www.people-abroad.de\\\/buchbesprechungen\\\/ausland-reisen\\\/kontakt\\\/\"]}]},{\"@type\":\"ImageObject\",\"inLanguage\":\"de\",\"@id\":\"https:\\\/\\\/www.people-abroad.de\\\/buchbesprechungen\\\/ausland-reisen\\\/kontakt\\\/#primaryimage\",\"url\":\"https:\\\/\\\/www.people-abroad.de\\\/buchbesprechungen\\\/ausland-reisen\\\/wp-content\\\/uploads\\\/2018\\\/09\\\/erwin-ritter-people-abroad-768x413-300x161.jpg\",\"contentUrl\":\"https:\\\/\\\/www.people-abroad.de\\\/buchbesprechungen\\\/ausland-reisen\\\/wp-content\\\/uploads\\\/2018\\\/09\\\/erwin-ritter-people-abroad-768x413-300x161.jpg\"},{\"@type\":\"BreadcrumbList\",\"@id\":\"https:\\\/\\\/www.people-abroad.de\\\/buchbesprechungen\\\/ausland-reisen\\\/kontakt\\\/#breadcrumb\",\"itemListElement\":[{\"@type\":\"ListItem\",\"position\":1,\"name\":\"Home\",\"item\":\"https:\\\/\\\/www.people-abroad.de\\\/buchbesprechungen\\\/ausland-reisen\\\/\"},{\"@type\":\"ListItem\",\"position\":2,\"name\":\"Infos &#038; Kontakt\"}]},{\"@type\":\"WebSite\",\"@id\":\"https:\\\/\\\/www.people-abroad.de\\\/buchbesprechungen\\\/ausland-reisen\\\/#website\",\"url\":\"https:\\\/\\\/www.people-abroad.de\\\/buchbesprechungen\\\/ausland-reisen\\\/\",\"name\":\"People Abroad\",\"description\":\"Reisen, Buchtipps &amp; Literatur\",\"publisher\":{\"@id\":\"https:\\\/\\\/www.people-abroad.de\\\/buchbesprechungen\\\/ausland-reisen\\\/#\\\/schema\\\/person\\\/9a9eab346b83cd8fb098eb6d1643e09d\"},\"potentialAction\":[{\"@type\":\"SearchAction\",\"target\":{\"@type\":\"EntryPoint\",\"urlTemplate\":\"https:\\\/\\\/www.people-abroad.de\\\/buchbesprechungen\\\/ausland-reisen\\\/?s={search_term_string}\"},\"query-input\":{\"@type\":\"PropertyValueSpecification\",\"valueRequired\":true,\"valueName\":\"search_term_string\"}}],\"inLanguage\":\"de\"},{\"@type\":[\"Person\",\"Organization\"],\"@id\":\"https:\\\/\\\/www.people-abroad.de\\\/buchbesprechungen\\\/ausland-reisen\\\/#\\\/schema\\\/person\\\/9a9eab346b83cd8fb098eb6d1643e09d\",\"name\":\"Heiko M\u00fcller\",\"logo\":{\"@id\":\"https:\\\/\\\/www.people-abroad.de\\\/buchbesprechungen\\\/ausland-reisen\\\/#\\\/schema\\\/person\\\/image\\\/\"},\"sameAs\":[\"https:\\\/\\\/www.people-abroad.de\\\/blog\\\/\"]}]}<\/script>\n<!-- \/ Yoast SEO plugin. -->","yoast_head_json":{"title":"Infos & Kontakt - People Abroad","robots":{"index":"noindex","follow":"follow"},"og_locale":"de_DE","og_type":"article","og_title":"Infos & Kontakt - People Abroad","og_description":"Du liebst B\u00fccher - gedruckt oder als eBook? Dann haben wir mindestens eine Gemeinsamkeit. Hier findest du B\u00fccher zum Thema Ausland, Reisen &amp; Jobben. Du bist B\u00fccher-Fan, Lese-Nerd, Autor, Buchblogger oder Verlagsmitarbeiter? Dann freuen wir uns auf deine Nachricht. Gerne vernetzen wir uns mit anderen Buchbloggern und Menschen, die B\u00fccher und Lesestoff lieben. Schreibe deine [&hellip;]","og_url":"https:\/\/www.people-abroad.de\/buchbesprechungen\/ausland-reisen\/kontakt\/","og_site_name":"People Abroad","article_modified_time":"2022-09-01T07:02:29+00:00","og_image":[{"url":"https:\/\/www.people-abroad.de\/buchbesprechungen\/ausland-reisen\/wp-content\/uploads\/2018\/09\/erwin-ritter-people-abroad-768x413-300x161.jpg","type":"","width":"","height":""}],"twitter_card":"summary_large_image","twitter_site":"@People_Abroad","twitter_misc":{"Gesch\u00e4tzte Lesezeit":"2\u00a0Minuten"},"schema":{"@context":"https:\/\/schema.org","@graph":[{"@type":"WebPage","@id":"https:\/\/www.people-abroad.de\/buchbesprechungen\/ausland-reisen\/kontakt\/","url":"https:\/\/www.people-abroad.de\/buchbesprechungen\/ausland-reisen\/kontakt\/","name":"Infos & Kontakt - People Abroad","isPartOf":{"@id":"https:\/\/www.people-abroad.de\/buchbesprechungen\/ausland-reisen\/#website"},"primaryImageOfPage":{"@id":"https:\/\/www.people-abroad.de\/buchbesprechungen\/ausland-reisen\/kontakt\/#primaryimage"},"image":{"@id":"https:\/\/www.people-abroad.de\/buchbesprechungen\/ausland-reisen\/kontakt\/#primaryimage"},"thumbnailUrl":"https:\/\/www.people-abroad.de\/buchbesprechungen\/ausland-reisen\/wp-content\/uploads\/2018\/09\/erwin-ritter-people-abroad-768x413-300x161.jpg","datePublished":"2018-09-05T18:51:14+00:00","dateModified":"2022-09-01T07:02:29+00:00","breadcrumb":{"@id":"https:\/\/www.people-abroad.de\/buchbesprechungen\/ausland-reisen\/kontakt\/#breadcrumb"},"inLanguage":"de","potentialAction":[{"@type":"ReadAction","target":["https:\/\/www.people-abroad.de\/buchbesprechungen\/ausland-reisen\/kontakt\/"]}]},{"@type":"ImageObject","inLanguage":"de","@id":"https:\/\/www.people-abroad.de\/buchbesprechungen\/ausland-reisen\/kontakt\/#primaryimage","url":"https:\/\/www.people-abroad.de\/buchbesprechungen\/ausland-reisen\/wp-content\/uploads\/2018\/09\/erwin-ritter-people-abroad-768x413-300x161.jpg","contentUrl":"https:\/\/www.people-abroad.de\/buchbesprechungen\/ausland-reisen\/wp-content\/uploads\/2018\/09\/erwin-ritter-people-abroad-768x413-300x161.jpg"},{"@type":"BreadcrumbList","@id":"https:\/\/www.people-abroad.de\/buchbesprechungen\/ausland-reisen\/kontakt\/#breadcrumb","itemListElement":[{"@type":"ListItem","position":1,"name":"Home","item":"https:\/\/www.people-abroad.de\/buchbesprechungen\/ausland-reisen\/"},{"@type":"ListItem","position":2,"name":"Infos &#038; Kontakt"}]},{"@type":"WebSite","@id":"https:\/\/www.people-abroad.de\/buchbesprechungen\/ausland-reisen\/#website","url":"https:\/\/www.people-abroad.de\/buchbesprechungen\/ausland-reisen\/","name":"People Abroad","description":"Reisen, Buchtipps &amp; Literatur","publisher":{"@id":"https:\/\/www.people-abroad.de\/buchbesprechungen\/ausland-reisen\/#\/schema\/person\/9a9eab346b83cd8fb098eb6d1643e09d"},"potentialAction":[{"@type":"SearchAction","target":{"@type":"EntryPoint","urlTemplate":"https:\/\/www.people-abroad.de\/buchbesprechungen\/ausland-reisen\/?s={search_term_string}"},"query-input":{"@type":"PropertyValueSpecification","valueRequired":true,"valueName":"search_term_string"}}],"inLanguage":"de"},{"@type":["Person","Organization"],"@id":"https:\/\/www.people-abroad.de\/buchbesprechungen\/ausland-reisen\/#\/schema\/person\/9a9eab346b83cd8fb098eb6d1643e09d","name":"Heiko M\u00fcller","logo":{"@id":"https:\/\/www.people-abroad.de\/buchbesprechungen\/ausland-reisen\/#\/schema\/person\/image\/"},"sameAs":["https:\/\/www.people-abroad.de\/blog\/"]}]}},"_links":{"self":[{"href":"https:\/\/www.people-abroad.de\/buchbesprechungen\/ausland-reisen\/wp-json\/wp\/v2\/pages\/3822","targetHints":{"allow":["GET"]}}],"collection":[{"href":"https:\/\/www.people-abroad.de\/buchbesprechungen\/ausland-reisen\/wp-json\/wp\/v2\/pages"}],"about":[{"href":"https:\/\/www.people-abroad.de\/buchbesprechungen\/ausland-reisen\/wp-json\/wp\/v2\/types\/page"}],"author":[{"embeddable":true,"href":"https:\/\/www.people-abroad.de\/buchbesprechungen\/ausland-reisen\/wp-json\/wp\/v2\/users\/2"}],"replies":[{"embeddable":true,"href":"https:\/\/www.people-abroad.de\/buchbesprechungen\/ausland-reisen\/wp-json\/wp\/v2\/comments?post=3822"}],"version-history":[{"count":19,"href":"https:\/\/www.people-abroad.de\/buchbesprechungen\/ausland-reisen\/wp-json\/wp\/v2\/pages\/3822\/revisions"}],"predecessor-version":[{"id":7011,"href":"https:\/\/www.people-abroad.de\/buchbesprechungen\/ausland-reisen\/wp-json\/wp\/v2\/pages\/3822\/revisions\/7011"}],"wp:attachment":[{"href":"https:\/\/www.people-abroad.de\/buchbesprechungen\/ausland-reisen\/wp-json\/wp\/v2\/media?parent=3822"}],"curies":[{"name":"wp","href":"https:\/\/api.w.org\/{rel}","templated":true}]}}