{"id":3194,"date":"2018-06-07T20:39:54","date_gmt":"2018-06-07T18:39:54","guid":{"rendered":"http:\/\/www.people-abroad.de\/buchbesprechungen\/ausland-reisen\/?page_id=3194"},"modified":"2022-12-13T12:27:08","modified_gmt":"2022-12-13T11:27:08","slug":"impressum-2","status":"publish","type":"page","link":"https:\/\/www.people-abroad.de\/buchbesprechungen\/ausland-reisen\/impressum-2\/","title":{"rendered":"Impressum"},"content":{"rendered":"<div id=\"dslc-theme-content\"><div id=\"dslc-theme-content-inner\"><p style=\"text-align: justify;\"><strong>Inhaltlich verantwortlich gem. <span class=\"d2edcug0 hpfvmrgz qv66sw1b c1et5uql gk29lw5a a8c37x1j keod5gw0 nxhoafnm aigsh9s9 d9wwppkn fe6kdd0r mau55g9w c8b282yb hrzyx87i jq4qci2q a3bd9o3v knj5qynh oo9gr5id hzawbc8m\" dir=\"auto\">\u00a7 18 Abs. 2 MStV<\/span><\/strong><\/p>\n<p>Heiko M\u00fcller<br \/>\nAlphornstra\u00dfe 28<br \/>\nD-68169 Mannheim<\/p>\n<div><\/div>\n<div><strong>People Abroad<\/strong><\/div>\n<div><span id=\"cloak15cab89d59cc8f73796cf68d9fc6af0d\">Diese E-Mail-Adresse ist vor Spambots gesch\u00fctzt! Zur Anzeige muss JavaScript eingeschaltet sein!<\/span><script type=\"text\/javascript\"><br \/>\n\t\t\t\tdocument.getElementById('cloak15cab89d59cc8f73796cf68d9fc6af0d').innerHTML = '';<br \/>\n\t\t\t\tvar prefix = '&#109;a' + 'i&#108;' + '&#116;o';<br \/>\n\t\t\t\tvar path = 'hr' + 'ef' + '=';<br \/>\n\t\t\t\tvar addy15cab89d59cc8f73796cf68d9fc6af0d = '&#105;nf&#111;' + '&#64;';<br \/>\n\t\t\t\taddy15cab89d59cc8f73796cf68d9fc6af0d = addy15cab89d59cc8f73796cf68d9fc6af0d + 'p&#101;&#111;pl&#101;-&#97;br&#111;&#97;d' + '&#46;' + 'd&#101;';<br \/>\n\t\t\t\tvar addy_text15cab89d59cc8f73796cf68d9fc6af0d = '&#105;nf&#111;' + '&#64;' + 'p&#101;&#111;pl&#101;-&#97;br&#111;&#97;d' + '&#46;' + 'd&#101;';document.getElementById('cloak15cab89d59cc8f73796cf68d9fc6af0d').innerHTML += '<a ' + path + '\\'' + prefix + ':' + addy15cab89d59cc8f73796cf68d9fc6af0d + '\\'>'+addy_text15cab89d59cc8f73796cf68d9fc6af0d+'<\\\/a>';<br \/>\n\t\t<\/script>, <a href=\"http:\/\/www.people-abroad.de\/\">www.people-abroad.de<\/a><\/div>\n<div>(Kontakt siehe oben)<\/div>\n<p style=\"text-align: justify;\"><strong>Kontakt<\/strong><br \/>\ntelefon: +49 621 40185801<br \/>\nemail: <span id=\"cloak273ea52ff6a46e51fb4b7f0cabee5163\">Diese E-Mail-Adresse ist vor Spambots gesch\u00fctzt! Zur Anzeige muss JavaScript eingeschaltet sein!<\/span><script type=\"text\/javascript\"><br \/>\n\t\t\t\tdocument.getElementById('cloak273ea52ff6a46e51fb4b7f0cabee5163').innerHTML = '';<br \/>\n\t\t\t\tvar prefix = '&#109;a' + 'i&#108;' + '&#116;o';<br \/>\n\t\t\t\tvar path = 'hr' + 'ef' + '=';<br \/>\n\t\t\t\tvar addy273ea52ff6a46e51fb4b7f0cabee5163 = '&#105;nf&#111;' + '&#64;';<br \/>\n\t\t\t\taddy273ea52ff6a46e51fb4b7f0cabee5163 = addy273ea52ff6a46e51fb4b7f0cabee5163 + 'p&#101;&#111;pl&#101;-&#97;br&#111;&#97;d' + '&#46;' + 'd&#101;';<br \/>\n\t\t\t\tvar addy_text273ea52ff6a46e51fb4b7f0cabee5163 = '&#105;nf&#111;@p&#101;&#111;pl&#101;-&#97;br&#111;&#97;d.d&#101; ';document.getElementById('cloak273ea52ff6a46e51fb4b7f0cabee5163').innerHTML += '<a ' + path + '\\'' + prefix + ':' + addy273ea52ff6a46e51fb4b7f0cabee5163 + '\\'>'+addy_text273ea52ff6a46e51fb4b7f0cabee5163+'<\\\/a>';<br \/>\n\t\t<\/script><\/p>\n<p><strong>PR\/Media<br \/>\n<\/strong>Weitere Informationen gibt es hier: <a href=\"https:\/\/www.people-abroad.de\/blog\/pr-media\/\">PR\/Media<\/a><\/p>\n<div>\n<div><span style=\"font-weight: bold;\">Technologie, Grafik, Webdesign &amp; Beratung<\/span><\/div>\n<div>NM Webdesign | <a href=\"http:\/\/nm-webdesign.com\" target=\"_blank\" rel=\"noopener noreferrer\">www.nm-webdesign.com<\/a><\/div>\n<div>Pro Social Business | <a href=\"http:\/\/prosocialbusiness.de\" target=\"_blank\" rel=\"noopener noreferrer\">www.prosocialbusiness.de<\/a><\/div>\n<div>Peak &amp; Peak | <a href=\"http:\/\/www.peakpeak.de\" target=\"_blank\" rel=\"noopener noreferrer\">www.peakpeak.de<\/a><\/div>\n<div>Sven Bott Web-Design | <span id=\"cloak524a707716072cce0dd586a46cb54cfe\">Diese E-Mail-Adresse ist vor Spambots gesch\u00fctzt! Zur Anzeige muss JavaScript eingeschaltet sein!<\/span><script type=\"text\/javascript\"><br \/>\n\t\t\t\tdocument.getElementById('cloak524a707716072cce0dd586a46cb54cfe').innerHTML = '';<br \/>\n\t\t\t\tvar prefix = '&#109;a' + 'i&#108;' + '&#116;o';<br \/>\n\t\t\t\tvar path = 'hr' + 'ef' + '=';<br \/>\n\t\t\t\tvar addy524a707716072cce0dd586a46cb54cfe = 'sv&#101;n.b&#111;tt' + '&#64;';<br \/>\n\t\t\t\taddy524a707716072cce0dd586a46cb54cfe = addy524a707716072cce0dd586a46cb54cfe + '&#101;m&#97;&#105;l' + '&#46;' + 'd&#101;';<br \/>\n\t\t\t\tvar addy_text524a707716072cce0dd586a46cb54cfe = 'sv&#101;n.b&#111;tt' + '&#64;' + '&#101;m&#97;&#105;l' + '&#46;' + 'd&#101;';document.getElementById('cloak524a707716072cce0dd586a46cb54cfe').innerHTML += '<a ' + path + '\\'' + prefix + ':' + addy524a707716072cce0dd586a46cb54cfe + '\\'>'+addy_text524a707716072cce0dd586a46cb54cfe+'<\\\/a>';<br \/>\n\t\t<\/script><\/div>\n<\/div>\n<div>Dieses Impressum gilt auch f\u00fcr die folgenden Social Media Pr\u00e4senzen:<br \/>\n<a href=\"https:\/\/www.facebook.com\/menschen.international\/\">Facebook<\/a>, <a href=\"https:\/\/www.instagram.com\/people.abroad\/\">Instagram<\/a>, <a href=\"https:\/\/twitter.com\/People_Abroad\">Twitter<\/a>, <a href=\"https:\/\/www.pinterest.de\/peopleabroad\/\">Pinterest<\/a>,\u00a0<a href=\"https:\/\/www.pinterest.de\/peopleabroad\/\">YouTube<\/a><\/div>\n<div class=\"impressum\">\n<p><em><strong>Haftungsausschluss <\/strong><\/em><\/p>\n<p style=\"text-align: justify;\"><strong>Haftung f\u00fcr Inhalte<\/strong><\/p>\n<p>Die Inhalte unserer Seiten wurden mit gr\u00f6\u00dfter Sorgfalt erstellt. F\u00fcr die Richtigkeit, Vollst\u00e4ndigkeit und Aktualit\u00e4t der Inhalte k\u00f6nnen wir jedoch keine Gew\u00e4hr \u00fcbernehmen. Als Diensteanbieter sind wir gem\u00e4\u00df \u00a7 7 Abs.1 TMG f\u00fcr eigene Inhalte auf diesen Seiten nach den allgemeinen Gesetzen verantwortlich. Nach \u00a7\u00a7 8 bis 10 TMG sind wir als Diensteanbieter jedoch nicht verpflichtet, \u00fcbermittelte oder gespeicherte fremde Informationen zu \u00fcberwachen oder nach Umst\u00e4nden zu forschen, die auf eine rechtswidrige T\u00e4tigkeit hinweisen. Verpflichtungen zur Entfernung oder Sperrung der Nutzung von Informationen nach den allgemeinen Gesetzen bleiben hiervon unber\u00fchrt. Eine diesbez\u00fcgliche Haftung ist jedoch erst ab dem Zeitpunkt der Kenntnis einer konkreten Rechtsverletzung m\u00f6glich. Bei Bekanntwerden von entsprechenden Rechtsverletzungen werden wir diese Inhalte umgehend entfernen.<\/p>\n<p><strong>Haftung f\u00fcr Links<\/strong><\/p>\n<p>Unser Angebot enth\u00e4lt Links zu externen Webseiten Dritter, auf deren Inhalte wir keinen Einfluss haben. Deshalb k\u00f6nnen wir f\u00fcr diese fremden Inhalte auch keine Gew\u00e4hr \u00fcbernehmen. F\u00fcr die Inhalte der verlinkten Seiten ist stets der jeweilige Anbieter oder Betreiber der Seiten verantwortlich. Die verlinkten Seiten wurden zum Zeitpunkt der Verlinkung auf m\u00f6gliche Rechtsverst\u00f6\u00dfe \u00fcberpr\u00fcft. Rechtswidrige Inhalte waren zum Zeitpunkt der Verlinkung nicht erkennbar. Eine permanente inhaltliche Kontrolle der verlinkten Seiten ist jedoch ohne konkrete Anhaltspunkte einer Rechtsverletzung nicht zumutbar. Bei Bekanntwerden von Rechtsverletzungen werden wir derartige Links umgehend entfernen.<\/p>\n<p><strong>Urheberrecht<\/strong><\/p>\n<p>Die durch die Seitenbetreiber erstellten Inhalte und Werke auf diesen Seiten unterliegen dem deutschen Urheberrecht. Die Vervielf\u00e4ltigung, Bearbeitung, Verbreitung und jede Art der Verwertung au\u00dferhalb der Grenzen des Urheberrechtes bed\u00fcrfen der schriftlichen Zustimmung des jeweiligen Autors bzw. Erstellers. Downloads und Kopien dieser Seite sind nur f\u00fcr den privaten, nicht kommerziellen Gebrauch gestattet. Soweit die Inhalte auf dieser Seite nicht vom Betreiber erstellt wurden, werden die Urheberrechte Dritter beachtet. Insbesondere werden Inhalte Dritter als solche gekennzeichnet. Sollten Sie trotzdem auf eine Urheberrechtsverletzung aufmerksam werden, bitten wir um einen entsprechenden Hinweis. Bei Bekanntwerden von Rechtsverletzungen werden wir derartige Inhalte umgehend entfernen.<\/p>\n<div><span style=\"font-weight: bold;\">Forumshinweis <\/span><\/div>\n<div><\/div>\n<div>Die namentlich gekennzeichneten Beitr\u00e4ge geben nicht unbedingt die Meinung der Redaktion wieder. Es ist uns nicht m\u00f6glich, alle Beitr\u00e4ge unmittelbar zu kontrollieren. Eintr\u00e4ge, welche gegen g\u00fcltiges Gesetz oder allgemeines sittliches Empfinden versto\u00dfen, werden ohne Ank\u00fcndigung vom Administrator editiert oder gel\u00f6scht.<\/div>\n<div><\/div>\n<div><strong>Bildnachweis<\/strong><\/div>\n<p>Die Fotografien auf dieser Webseite unterliegen dem Urheberrecht und anderen Gesetzen zum Schutz geistigen Eigentums. Sie d\u00fcrfen weder f\u00fcr Handelszwecke oder zur Weitergabe kopiert, noch ver\u00e4ndert und auf anderen Webseiten verwendet werden.<\/p>\n<p>Die Bild- und Urheberrechte der Bilder von www.fotolia.de liegen beim jeweiligen Verfasser: Galyana Andrushko, Digitalpress, Claudia Paulussen, Alexander Mandl, ZackPixel, namwar 69, poco_bw, Knighterrant, baibaz, michaeljung, Jens Ottoson, Bj\u00f6rn Wylezich, Monkey Business, WavebreakmediaMicro, Audrey Burmakin, jd-photodesign, DAN, Eliya Kinderheim Tangalle<\/p>\n<p><strong>Das Impressum<\/strong> wurde erstellt mit dem <a href=\"http:\/\/www.impressum-generator.de\" target=\"_blank\" rel=\"noopener noreferrer\">Impressum Generator<\/a> von Franziska Hasselbach, Rechtsanw\u00e4ltin in Frankfurt am Main - <a href=\"http:\/\/www.kanzlei-hasselbach.de\/\" target=\"_blank\" rel=\"noopener noreferrer\"> Kanzlei Hasselbach<\/a>, K\u00f6ln und Rhein\/Main.<\/p>\n<\/div>\n<\/div><\/div>","protected":false},"excerpt":{"rendered":"<p>Inhaltlich verantwortlich gem. \u00a7 18 Abs. 2 MStV Heiko M\u00fcller Alphornstra\u00dfe 28 D-68169 Mannheim People Abroad Diese E-Mail-Adresse ist vor Spambots gesch\u00fctzt! Zur Anzeige muss JavaScript eingeschaltet sein!, www.people-abroad.de (Kontakt siehe oben) Kontakt telefon: +49 621 40185801 email: Diese E-Mail-Adresse ist vor Spambots gesch\u00fctzt! Zur Anzeige muss JavaScript eingeschaltet sein! PR\/Media Weitere Informationen gibt es [&hellip;]<\/p>\n","protected":false},"author":1,"featured_media":0,"parent":0,"menu_order":0,"comment_status":"closed","ping_status":"closed","template":"","meta":{"footnotes":""},"class_list":["post-3194","page","type-page","status-publish","hentry"],"yoast_head":"<!-- This site is optimized with the Yoast SEO plugin v27.5 - https:\/\/yoast.com\/product\/yoast-seo-wordpress\/ -->\n<title>Impressum - People Abroad<\/title>\n<meta name=\"robots\" content=\"noindex, follow\" \/>\n<meta property=\"og:locale\" content=\"de_DE\" \/>\n<meta property=\"og:type\" content=\"article\" \/>\n<meta property=\"og:title\" content=\"Impressum - People Abroad\" \/>\n<meta property=\"og:description\" content=\"Inhaltlich verantwortlich gem. \u00a7 18 Abs. 2 MStV Heiko M\u00fcller Alphornstra\u00dfe 28 D-68169 Mannheim People Abroad Diese E-Mail-Adresse ist vor Spambots gesch\u00fctzt! Zur Anzeige muss JavaScript eingeschaltet sein!, www.people-abroad.de (Kontakt siehe oben) Kontakt telefon: +49 621 40185801 email: Diese E-Mail-Adresse ist vor Spambots gesch\u00fctzt! Zur Anzeige muss JavaScript eingeschaltet sein! PR\/Media Weitere Informationen gibt es [&hellip;]\" \/>\n<meta property=\"og:url\" content=\"https:\/\/www.people-abroad.de\/buchbesprechungen\/ausland-reisen\/impressum-2\/\" \/>\n<meta property=\"og:site_name\" content=\"People Abroad\" \/>\n<meta property=\"article:modified_time\" content=\"2022-12-13T11:27:08+00:00\" \/>\n<meta name=\"twitter:card\" content=\"summary_large_image\" \/>\n<meta name=\"twitter:site\" content=\"@People_Abroad\" \/>\n<meta name=\"twitter:label1\" content=\"Gesch\u00e4tzte Lesezeit\" \/>\n\t<meta name=\"twitter:data1\" content=\"4\u00a0Minuten\" \/>\n<script type=\"application\/ld+json\" class=\"yoast-schema-graph\">{\"@context\":\"https:\\\/\\\/schema.org\",\"@graph\":[{\"@type\":\"WebPage\",\"@id\":\"https:\\\/\\\/www.people-abroad.de\\\/buchbesprechungen\\\/ausland-reisen\\\/impressum-2\\\/\",\"url\":\"https:\\\/\\\/www.people-abroad.de\\\/buchbesprechungen\\\/ausland-reisen\\\/impressum-2\\\/\",\"name\":\"Impressum - People Abroad\",\"isPartOf\":{\"@id\":\"https:\\\/\\\/www.people-abroad.de\\\/buchbesprechungen\\\/ausland-reisen\\\/#website\"},\"datePublished\":\"2018-06-07T18:39:54+00:00\",\"dateModified\":\"2022-12-13T11:27:08+00:00\",\"breadcrumb\":{\"@id\":\"https:\\\/\\\/www.people-abroad.de\\\/buchbesprechungen\\\/ausland-reisen\\\/impressum-2\\\/#breadcrumb\"},\"inLanguage\":\"de\",\"potentialAction\":[{\"@type\":\"ReadAction\",\"target\":[\"https:\\\/\\\/www.people-abroad.de\\\/buchbesprechungen\\\/ausland-reisen\\\/impressum-2\\\/\"]}]},{\"@type\":\"BreadcrumbList\",\"@id\":\"https:\\\/\\\/www.people-abroad.de\\\/buchbesprechungen\\\/ausland-reisen\\\/impressum-2\\\/#breadcrumb\",\"itemListElement\":[{\"@type\":\"ListItem\",\"position\":1,\"name\":\"Home\",\"item\":\"https:\\\/\\\/www.people-abroad.de\\\/buchbesprechungen\\\/ausland-reisen\\\/\"},{\"@type\":\"ListItem\",\"position\":2,\"name\":\"Impressum\"}]},{\"@type\":\"WebSite\",\"@id\":\"https:\\\/\\\/www.people-abroad.de\\\/buchbesprechungen\\\/ausland-reisen\\\/#website\",\"url\":\"https:\\\/\\\/www.people-abroad.de\\\/buchbesprechungen\\\/ausland-reisen\\\/\",\"name\":\"People Abroad\",\"description\":\"Reisen, Buchtipps &amp; Literatur\",\"publisher\":{\"@id\":\"https:\\\/\\\/www.people-abroad.de\\\/buchbesprechungen\\\/ausland-reisen\\\/#\\\/schema\\\/person\\\/9a9eab346b83cd8fb098eb6d1643e09d\"},\"potentialAction\":[{\"@type\":\"SearchAction\",\"target\":{\"@type\":\"EntryPoint\",\"urlTemplate\":\"https:\\\/\\\/www.people-abroad.de\\\/buchbesprechungen\\\/ausland-reisen\\\/?s={search_term_string}\"},\"query-input\":{\"@type\":\"PropertyValueSpecification\",\"valueRequired\":true,\"valueName\":\"search_term_string\"}}],\"inLanguage\":\"de\"},{\"@type\":[\"Person\",\"Organization\"],\"@id\":\"https:\\\/\\\/www.people-abroad.de\\\/buchbesprechungen\\\/ausland-reisen\\\/#\\\/schema\\\/person\\\/9a9eab346b83cd8fb098eb6d1643e09d\",\"name\":\"Heiko M\u00fcller\",\"logo\":{\"@id\":\"https:\\\/\\\/www.people-abroad.de\\\/buchbesprechungen\\\/ausland-reisen\\\/#\\\/schema\\\/person\\\/image\\\/\"},\"sameAs\":[\"https:\\\/\\\/www.people-abroad.de\\\/blog\\\/\"]}]}<\/script>\n<!-- \/ Yoast SEO plugin. -->","yoast_head_json":{"title":"Impressum - People Abroad","robots":{"index":"noindex","follow":"follow"},"og_locale":"de_DE","og_type":"article","og_title":"Impressum - People Abroad","og_description":"Inhaltlich verantwortlich gem. \u00a7 18 Abs. 2 MStV Heiko M\u00fcller Alphornstra\u00dfe 28 D-68169 Mannheim People Abroad Diese E-Mail-Adresse ist vor Spambots gesch\u00fctzt! Zur Anzeige muss JavaScript eingeschaltet sein!, www.people-abroad.de (Kontakt siehe oben) Kontakt telefon: +49 621 40185801 email: Diese E-Mail-Adresse ist vor Spambots gesch\u00fctzt! Zur Anzeige muss JavaScript eingeschaltet sein! PR\/Media Weitere Informationen gibt es [&hellip;]","og_url":"https:\/\/www.people-abroad.de\/buchbesprechungen\/ausland-reisen\/impressum-2\/","og_site_name":"People Abroad","article_modified_time":"2022-12-13T11:27:08+00:00","twitter_card":"summary_large_image","twitter_site":"@People_Abroad","twitter_misc":{"Gesch\u00e4tzte Lesezeit":"4\u00a0Minuten"},"schema":{"@context":"https:\/\/schema.org","@graph":[{"@type":"WebPage","@id":"https:\/\/www.people-abroad.de\/buchbesprechungen\/ausland-reisen\/impressum-2\/","url":"https:\/\/www.people-abroad.de\/buchbesprechungen\/ausland-reisen\/impressum-2\/","name":"Impressum - People Abroad","isPartOf":{"@id":"https:\/\/www.people-abroad.de\/buchbesprechungen\/ausland-reisen\/#website"},"datePublished":"2018-06-07T18:39:54+00:00","dateModified":"2022-12-13T11:27:08+00:00","breadcrumb":{"@id":"https:\/\/www.people-abroad.de\/buchbesprechungen\/ausland-reisen\/impressum-2\/#breadcrumb"},"inLanguage":"de","potentialAction":[{"@type":"ReadAction","target":["https:\/\/www.people-abroad.de\/buchbesprechungen\/ausland-reisen\/impressum-2\/"]}]},{"@type":"BreadcrumbList","@id":"https:\/\/www.people-abroad.de\/buchbesprechungen\/ausland-reisen\/impressum-2\/#breadcrumb","itemListElement":[{"@type":"ListItem","position":1,"name":"Home","item":"https:\/\/www.people-abroad.de\/buchbesprechungen\/ausland-reisen\/"},{"@type":"ListItem","position":2,"name":"Impressum"}]},{"@type":"WebSite","@id":"https:\/\/www.people-abroad.de\/buchbesprechungen\/ausland-reisen\/#website","url":"https:\/\/www.people-abroad.de\/buchbesprechungen\/ausland-reisen\/","name":"People Abroad","description":"Reisen, Buchtipps &amp; Literatur","publisher":{"@id":"https:\/\/www.people-abroad.de\/buchbesprechungen\/ausland-reisen\/#\/schema\/person\/9a9eab346b83cd8fb098eb6d1643e09d"},"potentialAction":[{"@type":"SearchAction","target":{"@type":"EntryPoint","urlTemplate":"https:\/\/www.people-abroad.de\/buchbesprechungen\/ausland-reisen\/?s={search_term_string}"},"query-input":{"@type":"PropertyValueSpecification","valueRequired":true,"valueName":"search_term_string"}}],"inLanguage":"de"},{"@type":["Person","Organization"],"@id":"https:\/\/www.people-abroad.de\/buchbesprechungen\/ausland-reisen\/#\/schema\/person\/9a9eab346b83cd8fb098eb6d1643e09d","name":"Heiko M\u00fcller","logo":{"@id":"https:\/\/www.people-abroad.de\/buchbesprechungen\/ausland-reisen\/#\/schema\/person\/image\/"},"sameAs":["https:\/\/www.people-abroad.de\/blog\/"]}]}},"_links":{"self":[{"href":"https:\/\/www.people-abroad.de\/buchbesprechungen\/ausland-reisen\/wp-json\/wp\/v2\/pages\/3194","targetHints":{"allow":["GET"]}}],"collection":[{"href":"https:\/\/www.people-abroad.de\/buchbesprechungen\/ausland-reisen\/wp-json\/wp\/v2\/pages"}],"about":[{"href":"https:\/\/www.people-abroad.de\/buchbesprechungen\/ausland-reisen\/wp-json\/wp\/v2\/types\/page"}],"author":[{"embeddable":true,"href":"https:\/\/www.people-abroad.de\/buchbesprechungen\/ausland-reisen\/wp-json\/wp\/v2\/users\/1"}],"replies":[{"embeddable":true,"href":"https:\/\/www.people-abroad.de\/buchbesprechungen\/ausland-reisen\/wp-json\/wp\/v2\/comments?post=3194"}],"version-history":[{"count":17,"href":"https:\/\/www.people-abroad.de\/buchbesprechungen\/ausland-reisen\/wp-json\/wp\/v2\/pages\/3194\/revisions"}],"predecessor-version":[{"id":7035,"href":"https:\/\/www.people-abroad.de\/buchbesprechungen\/ausland-reisen\/wp-json\/wp\/v2\/pages\/3194\/revisions\/7035"}],"wp:attachment":[{"href":"https:\/\/www.people-abroad.de\/buchbesprechungen\/ausland-reisen\/wp-json\/wp\/v2\/media?parent=3194"}],"curies":[{"name":"wp","href":"https:\/\/api.w.org\/{rel}","templated":true}]}}