{"id":25,"date":"2015-03-14T13:46:07","date_gmt":"2015-03-14T12:46:07","guid":{"rendered":"http:\/\/p253692.mittwaldserver.info\/wordpress_erwinr\/?page_id=25"},"modified":"2020-02-22T17:45:03","modified_gmt":"2020-02-22T16:45:03","slug":"europa-seite","status":"publish","type":"page","link":"https:\/\/www.people-abroad.de\/buchbesprechungen\/ausland-reisen\/europa-seite\/","title":{"rendered":"Europa"},"content":{"rendered":"<div id=\"dslc-theme-content\"><div id=\"dslc-theme-content-inner\"><h2>Top B\u00fccher: Mitteleuropa<\/h2>\n<ul>\n<li><a href=\"https:\/\/www.people-abroad.de\/buchbesprechungen\/ausland-reisen\/deutschland\/\">Deutschland<\/a><\/li>\n<li><a href=\"http:\/\/www.people-abroad.de\/buchbesprechungen\/ausland-reisen\/top-buecher-ueber-irland\/\">Irland<\/a><\/li>\n<\/ul>\n<h2>Top B\u00fccher: Skandinavien<\/h2>\n<ul>\n<li><a href=\"http:\/\/www.people-abroad.de\/buchbesprechungen\/ausland-reisen\/top-buecher-ueber-island\/\">Island<\/a><\/li>\n<li><a href=\"http:\/\/www.people-abroad.de\/buchbesprechungen\/ausland-reisen\/top-buecher-ueber-daenemark\/\">D\u00e4nemark<\/a><\/li>\n<li><a href=\"http:\/\/www.people-abroad.de\/buchbesprechungen\/ausland-reisen\/top-buecher-ueber-schweden\/\">Schweden<\/a><\/li>\n<li><a href=\"http:\/\/www.people-abroad.de\/buchbesprechungen\/ausland-reisen\/top-buecher-ueber-norwegen\/\">Norwegen<\/a><\/li>\n<li><a href=\"http:\/\/www.people-abroad.de\/buchbesprechungen\/ausland-reisen\/top-buecher-ueber-finnland\/\">Finnland<\/a><\/li>\n<\/ul>\n<h2>Top B\u00fccher: S\u00fcdeuropa<\/h2>\n<ul>\n<li><a href=\"http:\/\/www.people-abroad.de\/buchbesprechungen\/ausland-reisen\/top-buecher-ueber-portugal\/\">Portugal<\/a><\/li>\n<\/ul>\n<\/div><\/div>","protected":false},"excerpt":{"rendered":"<p>Top B\u00fccher: Mitteleuropa Deutschland Irland Top B\u00fccher: Skandinavien Island D\u00e4nemark Schweden Norwegen Finnland Top B\u00fccher: S\u00fcdeuropa Portugal<\/p>\n","protected":false},"author":1,"featured_media":0,"parent":0,"menu_order":0,"comment_status":"closed","ping_status":"closed","template":"","meta":{"footnotes":""},"class_list":["post-25","page","type-page","status-publish","hentry"],"yoast_head":"<!-- This site is optimized with the Yoast SEO plugin v27.5 - https:\/\/yoast.com\/product\/yoast-seo-wordpress\/ -->\n<title>Europa - People Abroad<\/title>\n<meta name=\"robots\" content=\"noindex, follow\" \/>\n<meta property=\"og:locale\" content=\"de_DE\" \/>\n<meta property=\"og:type\" content=\"article\" \/>\n<meta property=\"og:title\" content=\"Europa - People Abroad\" \/>\n<meta property=\"og:description\" content=\"Top B\u00fccher: Mitteleuropa Deutschland Irland Top B\u00fccher: Skandinavien Island D\u00e4nemark Schweden Norwegen Finnland Top B\u00fccher: S\u00fcdeuropa Portugal\" \/>\n<meta property=\"og:url\" content=\"https:\/\/www.people-abroad.de\/buchbesprechungen\/ausland-reisen\/europa-seite\/\" \/>\n<meta property=\"og:site_name\" content=\"People Abroad\" \/>\n<meta property=\"article:modified_time\" content=\"2020-02-22T16:45:03+00:00\" \/>\n<meta name=\"twitter:card\" content=\"summary_large_image\" \/>\n<meta name=\"twitter:site\" content=\"@People_Abroad\" \/>\n<script type=\"application\/ld+json\" class=\"yoast-schema-graph\">{\"@context\":\"https:\\\/\\\/schema.org\",\"@graph\":[{\"@type\":\"WebPage\",\"@id\":\"https:\\\/\\\/www.people-abroad.de\\\/buchbesprechungen\\\/ausland-reisen\\\/europa-seite\\\/\",\"url\":\"https:\\\/\\\/www.people-abroad.de\\\/buchbesprechungen\\\/ausland-reisen\\\/europa-seite\\\/\",\"name\":\"Europa - People Abroad\",\"isPartOf\":{\"@id\":\"https:\\\/\\\/www.people-abroad.de\\\/buchbesprechungen\\\/ausland-reisen\\\/#website\"},\"datePublished\":\"2015-03-14T12:46:07+00:00\",\"dateModified\":\"2020-02-22T16:45:03+00:00\",\"breadcrumb\":{\"@id\":\"https:\\\/\\\/www.people-abroad.de\\\/buchbesprechungen\\\/ausland-reisen\\\/europa-seite\\\/#breadcrumb\"},\"inLanguage\":\"de\",\"potentialAction\":[{\"@type\":\"ReadAction\",\"target\":[\"https:\\\/\\\/www.people-abroad.de\\\/buchbesprechungen\\\/ausland-reisen\\\/europa-seite\\\/\"]}]},{\"@type\":\"BreadcrumbList\",\"@id\":\"https:\\\/\\\/www.people-abroad.de\\\/buchbesprechungen\\\/ausland-reisen\\\/europa-seite\\\/#breadcrumb\",\"itemListElement\":[{\"@type\":\"ListItem\",\"position\":1,\"name\":\"Home\",\"item\":\"https:\\\/\\\/www.people-abroad.de\\\/buchbesprechungen\\\/ausland-reisen\\\/\"},{\"@type\":\"ListItem\",\"position\":2,\"name\":\"Europa\"}]},{\"@type\":\"WebSite\",\"@id\":\"https:\\\/\\\/www.people-abroad.de\\\/buchbesprechungen\\\/ausland-reisen\\\/#website\",\"url\":\"https:\\\/\\\/www.people-abroad.de\\\/buchbesprechungen\\\/ausland-reisen\\\/\",\"name\":\"People Abroad\",\"description\":\"Reisen, Buchtipps &amp; Literatur\",\"publisher\":{\"@id\":\"https:\\\/\\\/www.people-abroad.de\\\/buchbesprechungen\\\/ausland-reisen\\\/#\\\/schema\\\/person\\\/9a9eab346b83cd8fb098eb6d1643e09d\"},\"potentialAction\":[{\"@type\":\"SearchAction\",\"target\":{\"@type\":\"EntryPoint\",\"urlTemplate\":\"https:\\\/\\\/www.people-abroad.de\\\/buchbesprechungen\\\/ausland-reisen\\\/?s={search_term_string}\"},\"query-input\":{\"@type\":\"PropertyValueSpecification\",\"valueRequired\":true,\"valueName\":\"search_term_string\"}}],\"inLanguage\":\"de\"},{\"@type\":[\"Person\",\"Organization\"],\"@id\":\"https:\\\/\\\/www.people-abroad.de\\\/buchbesprechungen\\\/ausland-reisen\\\/#\\\/schema\\\/person\\\/9a9eab346b83cd8fb098eb6d1643e09d\",\"name\":\"Heiko M\u00fcller\",\"logo\":{\"@id\":\"https:\\\/\\\/www.people-abroad.de\\\/buchbesprechungen\\\/ausland-reisen\\\/#\\\/schema\\\/person\\\/image\\\/\"},\"sameAs\":[\"https:\\\/\\\/www.people-abroad.de\\\/blog\\\/\"]}]}<\/script>\n<!-- \/ Yoast SEO plugin. -->","yoast_head_json":{"title":"Europa - People Abroad","robots":{"index":"noindex","follow":"follow"},"og_locale":"de_DE","og_type":"article","og_title":"Europa - People Abroad","og_description":"Top B\u00fccher: Mitteleuropa Deutschland Irland Top B\u00fccher: Skandinavien Island D\u00e4nemark Schweden Norwegen Finnland Top B\u00fccher: S\u00fcdeuropa Portugal","og_url":"https:\/\/www.people-abroad.de\/buchbesprechungen\/ausland-reisen\/europa-seite\/","og_site_name":"People Abroad","article_modified_time":"2020-02-22T16:45:03+00:00","twitter_card":"summary_large_image","twitter_site":"@People_Abroad","schema":{"@context":"https:\/\/schema.org","@graph":[{"@type":"WebPage","@id":"https:\/\/www.people-abroad.de\/buchbesprechungen\/ausland-reisen\/europa-seite\/","url":"https:\/\/www.people-abroad.de\/buchbesprechungen\/ausland-reisen\/europa-seite\/","name":"Europa - People Abroad","isPartOf":{"@id":"https:\/\/www.people-abroad.de\/buchbesprechungen\/ausland-reisen\/#website"},"datePublished":"2015-03-14T12:46:07+00:00","dateModified":"2020-02-22T16:45:03+00:00","breadcrumb":{"@id":"https:\/\/www.people-abroad.de\/buchbesprechungen\/ausland-reisen\/europa-seite\/#breadcrumb"},"inLanguage":"de","potentialAction":[{"@type":"ReadAction","target":["https:\/\/www.people-abroad.de\/buchbesprechungen\/ausland-reisen\/europa-seite\/"]}]},{"@type":"BreadcrumbList","@id":"https:\/\/www.people-abroad.de\/buchbesprechungen\/ausland-reisen\/europa-seite\/#breadcrumb","itemListElement":[{"@type":"ListItem","position":1,"name":"Home","item":"https:\/\/www.people-abroad.de\/buchbesprechungen\/ausland-reisen\/"},{"@type":"ListItem","position":2,"name":"Europa"}]},{"@type":"WebSite","@id":"https:\/\/www.people-abroad.de\/buchbesprechungen\/ausland-reisen\/#website","url":"https:\/\/www.people-abroad.de\/buchbesprechungen\/ausland-reisen\/","name":"People Abroad","description":"Reisen, Buchtipps &amp; Literatur","publisher":{"@id":"https:\/\/www.people-abroad.de\/buchbesprechungen\/ausland-reisen\/#\/schema\/person\/9a9eab346b83cd8fb098eb6d1643e09d"},"potentialAction":[{"@type":"SearchAction","target":{"@type":"EntryPoint","urlTemplate":"https:\/\/www.people-abroad.de\/buchbesprechungen\/ausland-reisen\/?s={search_term_string}"},"query-input":{"@type":"PropertyValueSpecification","valueRequired":true,"valueName":"search_term_string"}}],"inLanguage":"de"},{"@type":["Person","Organization"],"@id":"https:\/\/www.people-abroad.de\/buchbesprechungen\/ausland-reisen\/#\/schema\/person\/9a9eab346b83cd8fb098eb6d1643e09d","name":"Heiko M\u00fcller","logo":{"@id":"https:\/\/www.people-abroad.de\/buchbesprechungen\/ausland-reisen\/#\/schema\/person\/image\/"},"sameAs":["https:\/\/www.people-abroad.de\/blog\/"]}]}},"_links":{"self":[{"href":"https:\/\/www.people-abroad.de\/buchbesprechungen\/ausland-reisen\/wp-json\/wp\/v2\/pages\/25","targetHints":{"allow":["GET"]}}],"collection":[{"href":"https:\/\/www.people-abroad.de\/buchbesprechungen\/ausland-reisen\/wp-json\/wp\/v2\/pages"}],"about":[{"href":"https:\/\/www.people-abroad.de\/buchbesprechungen\/ausland-reisen\/wp-json\/wp\/v2\/types\/page"}],"author":[{"embeddable":true,"href":"https:\/\/www.people-abroad.de\/buchbesprechungen\/ausland-reisen\/wp-json\/wp\/v2\/users\/1"}],"replies":[{"embeddable":true,"href":"https:\/\/www.people-abroad.de\/buchbesprechungen\/ausland-reisen\/wp-json\/wp\/v2\/comments?post=25"}],"version-history":[{"count":12,"href":"https:\/\/www.people-abroad.de\/buchbesprechungen\/ausland-reisen\/wp-json\/wp\/v2\/pages\/25\/revisions"}],"predecessor-version":[{"id":5620,"href":"https:\/\/www.people-abroad.de\/buchbesprechungen\/ausland-reisen\/wp-json\/wp\/v2\/pages\/25\/revisions\/5620"}],"wp:attachment":[{"href":"https:\/\/www.people-abroad.de\/buchbesprechungen\/ausland-reisen\/wp-json\/wp\/v2\/media?parent=25"}],"curies":[{"name":"wp","href":"https:\/\/api.w.org\/{rel}","templated":true}]}}