{"id":82,"date":"2011-02-06T17:23:24","date_gmt":"2011-02-06T16:23:24","guid":{"rendered":"http:\/\/www.menschen-international.de\/blog\/?page_id=82"},"modified":"2024-10-15T14:06:31","modified_gmt":"2024-10-15T12:06:31","slug":"impressum","status":"publish","type":"page","link":"https:\/\/www.people-abroad.de\/blog\/impressum\/","title":{"rendered":"Impressum"},"content":{"rendered":"<div><strong>Inhaltlich verantwortlich gem. <span class=\"d2edcug0 hpfvmrgz qv66sw1b c1et5uql gk29lw5a a8c37x1j keod5gw0 nxhoafnm aigsh9s9 d9wwppkn fe6kdd0r mau55g9w c8b282yb hrzyx87i jq4qci2q a3bd9o3v knj5qynh oo9gr5id hzawbc8m\" dir=\"auto\">\u00a7 18 Abs. 2 MStV<\/span> <\/strong><br \/>\nPeople Abroad | Heiko M\u00fcller<br \/>\nAlphornstra\u00dfe 28<br \/>\nD-68169 Mannheim<\/div>\n<div>.<\/div>\n<div><strong>People Abroad<\/strong><\/div>\n<div>info @ people-abroad.de<br \/>\n<a href=\"https:\/\/www.people-abroad.de\/\">www.people-abroad.de<\/a><\/div>\n<div>(Kontakt siehe oben)<\/div>\n<div>.<\/div>\n<div><strong>Kontakt<\/strong><br \/>\nTelefon: +49 (0) 621 40185801<br \/>\nE-Mail: info @ people-abroad.de<br \/>\nPresseanfragen: <a href=\"https:\/\/www.people-abroad.de\/blog\/pr-media\/\">Presse<\/a><\/div>\n<div>.<\/div>\n<div><strong>Media &amp; PR<\/strong><br \/>\nWeitere Informationen gibt es hier: <a href=\"https:\/\/www.people-abroad.de\/blog\/pr-media\/\">Media &amp; PR<\/a><\/div>\n<div>.<\/div>\n<div><span style=\"font-weight: bold;\">Technologie, Grafik, Webdesign &amp; Support<\/span><\/div>\n<div>\n<div>Pro Social Business |\u00a0<a href=\"http:\/\/www.prosocialbusiness.de\" target=\"_blank\" rel=\"noopener noreferrer\">www.prosocialbusiness.de<\/a><br \/>\nNM Webdesign |\u00a0<a href=\"http:\/\/nm-webdesign.com\" target=\"_blank\" rel=\"noopener noreferrer\">www.nm-webdesign.com<\/a><br \/>\nSven Bott Web-Design |\u00a0<a href=\"mailto:sven.bott@email.de\">sven.bott@email.de<\/a><br \/>\nAndy Rudorfer | <a href=\"https:\/\/andyrudorfer.com\">www.andyrudorfer.com<\/a><br \/>\nUdo Telaar | <a href=\"https:\/\/www.udo-telaar.de\">www.udo-telaar.de<\/a><\/div>\n<div>.<\/div>\n<div>Dieses Impressum gilt auch f\u00fcr die folgenden Social Media Pr\u00e4senzen:<br \/>\n<a href=\"https:\/\/www.instagram.com\/people.abroad\/\">Instagram<\/a>, <a href=\"https:\/\/www.facebook.com\/menschen.international\/\">Facebook<\/a>, <a href=\"https:\/\/twitter.com\/People_Abroad\">Twitter<\/a>, <a href=\"https:\/\/www.pinterest.de\/peopleabroad\/\">Pinterest<\/a>, <a href=\"https:\/\/www.threads.net\/@people.abroad\">Threads<\/a>, <a href=\"https:\/\/www.tiktok.com\/@peopleabroad\/\">TikTok<\/a>, <a href=\"https:\/\/www.pinterest.de\/peopleabroad\/\">YouTube<\/a><\/div>\n<\/div>\n<div>.<\/div>\n<div>Zust\u00e4ndige Regulierungs- und Aufsichtsbeh\u00f6rde:<br \/>\nLandesanstalt f\u00fcr Kommunikation Baden-W\u00fcrttemberg (LFK)<br \/>\nReinsburgstra\u00dfe 27<br \/>\n70178 Stuttgart<br \/>\nTelefon: +49 711 66991-0<br \/>\nTelefax: +49 711 66991-11<br \/>\nE-Mail: info @ lfk.de<\/div>\n<div>\n<div>.<\/div>\n<div><em><strong>Haftungsausschluss<\/strong><\/em><\/div>\n<div><\/div>\n<div><strong>Haftung f\u00fcr Inhalte<\/strong><\/div>\n<div class=\"impressum\">\n<p>Die Inhalte unserer Seiten wurden mit gr\u00f6\u00dfter Sorgfalt erstellt. F\u00fcr die Richtigkeit, Vollst\u00e4ndigkeit und Aktualit\u00e4t der Inhalte k\u00f6nnen wir jedoch keine Gew\u00e4hr \u00fcbernehmen. Als Diensteanbieter sind wir gem\u00e4\u00df \u00a7 7 Abs.1 TMG f\u00fcr eigene Inhalte auf diesen Seiten nach den allgemeinen Gesetzen verantwortlich. Nach \u00a7\u00a7 8 bis 10 TMG sind wir als Diensteanbieter jedoch nicht verpflichtet, \u00fcbermittelte oder gespeicherte fremde Informationen zu \u00fcberwachen oder nach Umst\u00e4nden zu forschen, die auf eine rechtswidrige T\u00e4tigkeit hinweisen. Verpflichtungen zur Entfernung oder Sperrung der Nutzung von Informationen nach den allgemeinen Gesetzen bleiben hiervon unber\u00fchrt. Eine diesbez\u00fcgliche Haftung ist jedoch erst ab dem Zeitpunkt der Kenntnis einer konkreten Rechtsverletzung m\u00f6glich. Bei Bekanntwerden von entsprechenden Rechtsverletzungen werden wir diese Inhalte umgehend entfernen.<\/p>\n<p><strong>Haftung f\u00fcr Links<\/strong><\/p>\n<p>Unser Angebot enth\u00e4lt Links zu externen Webseiten Dritter, auf deren Inhalte wir keinen Einfluss haben. Deshalb k\u00f6nnen wir f\u00fcr diese fremden Inhalte auch keine Gew\u00e4hr \u00fcbernehmen. F\u00fcr die Inhalte der verlinkten Seiten ist stets der jeweilige Anbieter oder Betreiber der Seiten verantwortlich. Die verlinkten Seiten wurden zum Zeitpunkt der Verlinkung auf m\u00f6gliche Rechtsverst\u00f6\u00dfe \u00fcberpr\u00fcft. Rechtswidrige Inhalte waren zum Zeitpunkt der Verlinkung nicht erkennbar. Eine permanente inhaltliche Kontrolle der verlinkten Seiten ist jedoch ohne konkrete Anhaltspunkte einer Rechtsverletzung nicht zumutbar. Bei Bekanntwerden von Rechtsverletzungen werden wir derartige Links umgehend entfernen.<\/p>\n<p><strong>Urheberrecht<\/strong><\/p>\n<p>Die durch die Seitenbetreiber erstellten Inhalte und Werke auf diesen Seiten unterliegen dem deutschen Urheberrecht. Die Vervielf\u00e4ltigung, Bearbeitung, Verbreitung und jede Art der Verwertung au\u00dferhalb der Grenzen des Urheberrechtes bed\u00fcrfen der schriftlichen Zustimmung des jeweiligen Autors bzw. Erstellers. Downloads und Kopien dieser Seite sind nur f\u00fcr den privaten, nicht kommerziellen Gebrauch gestattet. Soweit die Inhalte auf dieser Seite nicht vom Betreiber erstellt wurden, werden die Urheberrechte Dritter beachtet. Insbesondere werden Inhalte Dritter als solche gekennzeichnet. Sollten Sie trotzdem auf eine Urheberrechtsverletzung aufmerksam werden, bitten wir um einen entsprechenden Hinweis. Bei Bekanntwerden von Rechtsverletzungen werden wir derartige Inhalte umgehend entfernen.<\/p>\n<div>\n<p><strong>Forumshinweis<\/strong><\/p>\n<p>Die namentlich gekennzeichneten Beitr\u00e4ge geben nicht unbedingt die Meinung der Redaktion wieder. Es ist uns nicht m\u00f6glich, alle Beitr\u00e4ge unmittelbar zu kontrollieren. Eintr\u00e4ge, welche gegen g\u00fcltiges Gesetz oder allgemeines sittliches Empfinden versto\u00dfen, werden ohne Ank\u00fcndigung vom Administrator editiert oder gel\u00f6scht.<\/p>\n<p><strong>Bildnachweis<\/strong><br \/>\nDie Fotografien auf dieser Webseite unterliegen dem Urheberrecht und anderen Gesetzen zum Schutz geistigen Eigentums. Sie d\u00fcrfen weder f\u00fcr Handelszwecke oder zur Weitergabe kopiert, noch ver\u00e4ndert und auf anderen Webseiten verwendet werden.<\/p>\n<p>Die Bild- und Urheberrechte der Bilder von\u00a0www.fotolia.de liegen beim jeweiligen Verfasser: Galyana Andrushko, Digitalpress, Claudia Paulussen, Alexander Mandl, ZackPixel, namwar 69, poco_bw,\u00a0Knighterrant, baibaz, michaeljung, Jens Ottoson, Bj\u00f6rn Wylezich, Monkey Business, WavebreakmediaMicro, Audrey Burmakin, jd-photodesign, DAN, Eliya Kinderheim Tangalle<\/p>\n<p><strong>Das Impressum<\/strong> wurde erstellt mit dem <a href=\"http:\/\/www.impressum-generator.de\" target=\"_blank\" rel=\"noopener noreferrer\">Impressum Generator<\/a> von Franziska Hasselbach, Rechtsanw\u00e4ltin in Frankfurt am Main &#8211; <a href=\"http:\/\/www.kanzlei-hasselbach.de\/\" target=\"_blank\" rel=\"noopener noreferrer\"> Kanzlei Hasselbach<\/a>, K\u00f6ln und Rhein\/Main.<\/p>\n<p>&nbsp;<\/p>\n<\/div>\n<\/div>\n<\/div>\n","protected":false},"excerpt":{"rendered":"<p>Inhaltlich verantwortlich gem. \u00a7 18 Abs. 2 MStV People Abroad | Heiko M\u00fcller Alphornstra\u00dfe 28 D-68169 Mannheim . People Abroad info @ people-abroad.de www.people-abroad.de (Kontakt siehe oben) . Kontakt Telefon: +49 (0) 621 40185801 E-Mail: info @ people-abroad.de Presseanfragen: Presse . Media &amp; PR Weitere Informationen gibt es hier: Media &amp; PR . Technologie, Grafik, [&hellip;]<\/p>\n","protected":false},"author":1,"featured_media":0,"parent":0,"menu_order":7,"comment_status":"closed","ping_status":"closed","template":"","meta":{"_monsterinsights_skip_tracking":false,"_monsterinsights_sitenote_active":false,"_monsterinsights_sitenote_note":"","_monsterinsights_sitenote_category":0,"footnotes":""},"class_list":["post-82","page","type-page","status-publish","hentry"],"yoast_head":"<!-- This site is optimized with the Yoast SEO plugin v27.5 - https:\/\/yoast.com\/product\/yoast-seo-wordpress\/ -->\n<title>Impressum - People Abroad<\/title>\n<meta name=\"description\" content=\"Die Impressum informiert \u00fcber die Inhalte, Kontaktdaten und die Verarbeitung von personenbezogenen Daten unserer Website.\" \/>\n<meta name=\"robots\" content=\"noindex, follow\" \/>\n<meta property=\"og:locale\" content=\"de_DE\" \/>\n<meta property=\"og:type\" content=\"article\" \/>\n<meta property=\"og:title\" content=\"Impressum - People Abroad\" \/>\n<meta property=\"og:description\" content=\"Die Impressum informiert \u00fcber die Inhalte, Kontaktdaten und die Verarbeitung von personenbezogenen Daten unserer Website.\" \/>\n<meta property=\"og:url\" content=\"https:\/\/www.people-abroad.de\/blog\/impressum\/\" \/>\n<meta property=\"og:site_name\" content=\"People Abroad\" \/>\n<meta property=\"article:publisher\" content=\"https:\/\/www.facebook.com\/menschen.international\/\" \/>\n<meta property=\"article:modified_time\" content=\"2024-10-15T12:06:31+00:00\" \/>\n<meta name=\"twitter:card\" content=\"summary_large_image\" \/>\n<meta name=\"twitter:site\" content=\"@People_Abroad\" \/>\n<meta name=\"twitter:label1\" content=\"Gesch\u00e4tzte Lesezeit\" \/>\n\t<meta name=\"twitter:data1\" content=\"4\u00a0Minuten\" \/>\n<script type=\"application\/ld+json\" class=\"yoast-schema-graph\">{\"@context\":\"https:\\\/\\\/schema.org\",\"@graph\":[{\"@type\":\"WebPage\",\"@id\":\"https:\\\/\\\/www.people-abroad.de\\\/blog\\\/impressum\\\/\",\"url\":\"https:\\\/\\\/www.people-abroad.de\\\/blog\\\/impressum\\\/\",\"name\":\"Impressum - People Abroad\",\"isPartOf\":{\"@id\":\"https:\\\/\\\/www.people-abroad.de\\\/blog\\\/#website\"},\"datePublished\":\"2011-02-06T16:23:24+00:00\",\"dateModified\":\"2024-10-15T12:06:31+00:00\",\"description\":\"Die Impressum informiert \u00fcber die Inhalte, Kontaktdaten und die Verarbeitung von personenbezogenen Daten unserer Website.\",\"breadcrumb\":{\"@id\":\"https:\\\/\\\/www.people-abroad.de\\\/blog\\\/impressum\\\/#breadcrumb\"},\"inLanguage\":\"de\",\"potentialAction\":[{\"@type\":\"ReadAction\",\"target\":[\"https:\\\/\\\/www.people-abroad.de\\\/blog\\\/impressum\\\/\"]}]},{\"@type\":\"BreadcrumbList\",\"@id\":\"https:\\\/\\\/www.people-abroad.de\\\/blog\\\/impressum\\\/#breadcrumb\",\"itemListElement\":[{\"@type\":\"ListItem\",\"position\":1,\"name\":\"Startseite\",\"item\":\"https:\\\/\\\/www.people-abroad.de\\\/blog\\\/\"},{\"@type\":\"ListItem\",\"position\":2,\"name\":\"Impressum\"}]},{\"@type\":\"WebSite\",\"@id\":\"https:\\\/\\\/www.people-abroad.de\\\/blog\\\/#website\",\"url\":\"https:\\\/\\\/www.people-abroad.de\\\/blog\\\/\",\"name\":\"People Abroad\",\"description\":\"Reiseblog\",\"publisher\":{\"@id\":\"https:\\\/\\\/www.people-abroad.de\\\/blog\\\/#\\\/schema\\\/person\\\/2a518a154d93ee6cf0b146bc327329b3\"},\"potentialAction\":[{\"@type\":\"SearchAction\",\"target\":{\"@type\":\"EntryPoint\",\"urlTemplate\":\"https:\\\/\\\/www.people-abroad.de\\\/blog\\\/?s={search_term_string}\"},\"query-input\":{\"@type\":\"PropertyValueSpecification\",\"valueRequired\":true,\"valueName\":\"search_term_string\"}}],\"inLanguage\":\"de\"},{\"@type\":[\"Person\",\"Organization\"],\"@id\":\"https:\\\/\\\/www.people-abroad.de\\\/blog\\\/#\\\/schema\\\/person\\\/2a518a154d93ee6cf0b146bc327329b3\",\"name\":\"Heiko M\u00fcller\",\"logo\":{\"@id\":\"https:\\\/\\\/www.people-abroad.de\\\/blog\\\/#\\\/schema\\\/person\\\/image\\\/\"},\"description\":\"Ich bin Reiseblogger, Content Creator und Redakteur. Auf Reisen erkunde ich gerne neue Regionen, St\u00e4dte und Orte beim Fotografieren, Wandern und Radfahren. F\u00fcr weitere Reisetipps folge mir auf Instagram. Mehr Infos zum Blog findest du hier: https:\\\/\\\/www.people-abroad.de\\\/blog\\\/pr-media\\\/. Kontakt: h.mueller@people-abroad.de\",\"sameAs\":[\"https:\\\/\\\/www.people-abroad.de\\\/blog\\\/\",\"https:\\\/\\\/www.facebook.com\\\/menschen.international\\\/\",\"https:\\\/\\\/www.instagram.com\\\/people.abroad\\\/\",\"https:\\\/\\\/www.linkedin.com\\\/in\\\/muellerheiko\\\/\",\"https:\\\/\\\/www.pinterest.de\\\/peopleabroad\\\/\",\"https:\\\/\\\/x.com\\\/People_Abroad\",\"https:\\\/\\\/www.youtube.com\\\/user\\\/MenschenInt\"]}]}<\/script>\n<!-- \/ Yoast SEO plugin. -->","yoast_head_json":{"title":"Impressum - People Abroad","description":"Die Impressum informiert \u00fcber die Inhalte, Kontaktdaten und die Verarbeitung von personenbezogenen Daten unserer Website.","robots":{"index":"noindex","follow":"follow"},"og_locale":"de_DE","og_type":"article","og_title":"Impressum - People Abroad","og_description":"Die Impressum informiert \u00fcber die Inhalte, Kontaktdaten und die Verarbeitung von personenbezogenen Daten unserer Website.","og_url":"https:\/\/www.people-abroad.de\/blog\/impressum\/","og_site_name":"People Abroad","article_publisher":"https:\/\/www.facebook.com\/menschen.international\/","article_modified_time":"2024-10-15T12:06:31+00:00","twitter_card":"summary_large_image","twitter_site":"@People_Abroad","twitter_misc":{"Gesch\u00e4tzte Lesezeit":"4\u00a0Minuten"},"schema":{"@context":"https:\/\/schema.org","@graph":[{"@type":"WebPage","@id":"https:\/\/www.people-abroad.de\/blog\/impressum\/","url":"https:\/\/www.people-abroad.de\/blog\/impressum\/","name":"Impressum - People Abroad","isPartOf":{"@id":"https:\/\/www.people-abroad.de\/blog\/#website"},"datePublished":"2011-02-06T16:23:24+00:00","dateModified":"2024-10-15T12:06:31+00:00","description":"Die Impressum informiert \u00fcber die Inhalte, Kontaktdaten und die Verarbeitung von personenbezogenen Daten unserer Website.","breadcrumb":{"@id":"https:\/\/www.people-abroad.de\/blog\/impressum\/#breadcrumb"},"inLanguage":"de","potentialAction":[{"@type":"ReadAction","target":["https:\/\/www.people-abroad.de\/blog\/impressum\/"]}]},{"@type":"BreadcrumbList","@id":"https:\/\/www.people-abroad.de\/blog\/impressum\/#breadcrumb","itemListElement":[{"@type":"ListItem","position":1,"name":"Startseite","item":"https:\/\/www.people-abroad.de\/blog\/"},{"@type":"ListItem","position":2,"name":"Impressum"}]},{"@type":"WebSite","@id":"https:\/\/www.people-abroad.de\/blog\/#website","url":"https:\/\/www.people-abroad.de\/blog\/","name":"People Abroad","description":"Reiseblog","publisher":{"@id":"https:\/\/www.people-abroad.de\/blog\/#\/schema\/person\/2a518a154d93ee6cf0b146bc327329b3"},"potentialAction":[{"@type":"SearchAction","target":{"@type":"EntryPoint","urlTemplate":"https:\/\/www.people-abroad.de\/blog\/?s={search_term_string}"},"query-input":{"@type":"PropertyValueSpecification","valueRequired":true,"valueName":"search_term_string"}}],"inLanguage":"de"},{"@type":["Person","Organization"],"@id":"https:\/\/www.people-abroad.de\/blog\/#\/schema\/person\/2a518a154d93ee6cf0b146bc327329b3","name":"Heiko M\u00fcller","logo":{"@id":"https:\/\/www.people-abroad.de\/blog\/#\/schema\/person\/image\/"},"description":"Ich bin Reiseblogger, Content Creator und Redakteur. Auf Reisen erkunde ich gerne neue Regionen, St\u00e4dte und Orte beim Fotografieren, Wandern und Radfahren. F\u00fcr weitere Reisetipps folge mir auf Instagram. Mehr Infos zum Blog findest du hier: https:\/\/www.people-abroad.de\/blog\/pr-media\/. Kontakt: h.mueller@people-abroad.de","sameAs":["https:\/\/www.people-abroad.de\/blog\/","https:\/\/www.facebook.com\/menschen.international\/","https:\/\/www.instagram.com\/people.abroad\/","https:\/\/www.linkedin.com\/in\/muellerheiko\/","https:\/\/www.pinterest.de\/peopleabroad\/","https:\/\/x.com\/People_Abroad","https:\/\/www.youtube.com\/user\/MenschenInt"]}]}},"_links":{"self":[{"href":"https:\/\/www.people-abroad.de\/blog\/wp-json\/wp\/v2\/pages\/82","targetHints":{"allow":["GET"]}}],"collection":[{"href":"https:\/\/www.people-abroad.de\/blog\/wp-json\/wp\/v2\/pages"}],"about":[{"href":"https:\/\/www.people-abroad.de\/blog\/wp-json\/wp\/v2\/types\/page"}],"author":[{"embeddable":true,"href":"https:\/\/www.people-abroad.de\/blog\/wp-json\/wp\/v2\/users\/1"}],"replies":[{"embeddable":true,"href":"https:\/\/www.people-abroad.de\/blog\/wp-json\/wp\/v2\/comments?post=82"}],"version-history":[{"count":4,"href":"https:\/\/www.people-abroad.de\/blog\/wp-json\/wp\/v2\/pages\/82\/revisions"}],"predecessor-version":[{"id":35198,"href":"https:\/\/www.people-abroad.de\/blog\/wp-json\/wp\/v2\/pages\/82\/revisions\/35198"}],"wp:attachment":[{"href":"https:\/\/www.people-abroad.de\/blog\/wp-json\/wp\/v2\/media?parent=82"}],"curies":[{"name":"wp","href":"https:\/\/api.w.org\/{rel}","templated":true}]}}