{"id":37314,"date":"2025-09-04T22:24:12","date_gmt":"2025-09-04T20:24:12","guid":{"rendered":"https:\/\/www.people-abroad.de\/blog\/?page_id=37314"},"modified":"2025-09-04T22:25:14","modified_gmt":"2025-09-04T20:25:14","slug":"kanufahren","status":"publish","type":"page","link":"https:\/\/www.people-abroad.de\/blog\/kanufahren\/","title":{"rendered":"Kanufahren"},"content":{"rendered":"<div class=\"lcp_catlist\" id=\"lcp_instance_0\"><p><h2><a href=\"https:\/\/www.people-abroad.de\/blog\/helsinki-im-winter-tipps\/\">Helsinki im Winter: Highlights &#038; Orte in der Natur entdecken<\/a><\/h2><div class=\"lcp_excerpt\"><p><a href=\"https:\/\/www.people-abroad.de\/blog\/helsinki-im-winter-tipps\/\"><img decoding=\"async\" class=\"alignnone wp-image-30010 size-large\" src=\"https:\/\/www.people-abroad.de\/blog\/wp-content\/uploads\/2023\/03\/helisinki-im-winter-tipps-58-1024x682.jpeg\" alt=\"Helsinki im Winter Tipps St\u00e4dtereise \" width=\"1024\" height=\"682\" srcset=\"https:\/\/www.people-abroad.de\/blog\/wp-content\/uploads\/2023\/03\/helisinki-im-winter-tipps-58-1024x682.jpeg 1024w, https:\/\/www.people-abroad.de\/blog\/wp-content\/uploads\/2023\/03\/helisinki-im-winter-tipps-58-300x200.jpeg 300w, https:\/\/www.people-abroad.de\/blog\/wp-content\/uploads\/2023\/03\/helisinki-im-winter-tipps-58-768x511.jpeg 768w, https:\/\/www.people-abroad.de\/blog\/wp-content\/uploads\/2023\/03\/helisinki-im-winter-tipps-58.jpeg 1200w\" sizes=\"(max-width: 1024px) 100vw, 1024px\" \/><\/a><\/p>\n<p> Helsinki ist ein tolles St\u00e4dteziel mit zahlreichen Highlights. Natur, K\u00fcste und Stille lassen sich gut individuell entdecken &#8211; gerade im Winter. Tipps f\u00fcr Helsinki im Winter.<\/p>\n<\/div><a href=\"https:\/\/www.people-abroad.de\/blog\/helsinki-im-winter-tipps\/\">Mehr...<\/a><\/p><p><h2><a href=\"https:\/\/www.people-abroad.de\/blog\/steinhuder-meer\/\">Steinhuder Meer: Tipps f\u00fcr das beliebte Ausflugsziel<\/a><\/h2><div class=\"lcp_excerpt\"><p><a href=\"https:\/\/www.people-abroad.de\/blog\/steinhuder-meer\/\"><img decoding=\"async\" class=\"alignnone wp-image-27682 size-large\" src=\"https:\/\/www.people-abroad.de\/blog\/wp-content\/uploads\/2022\/07\/steinhuder-meer-1-1024x682.jpg\" alt=\"Steinhuder Meer Strand Camping Fahrrad Radfahren Ausflug\" width=\"1024\" height=\"682\" srcset=\"https:\/\/www.people-abroad.de\/blog\/wp-content\/uploads\/2022\/07\/steinhuder-meer-1-1024x682.jpg 1024w, https:\/\/www.people-abroad.de\/blog\/wp-content\/uploads\/2022\/07\/steinhuder-meer-1-300x200.jpg 300w, https:\/\/www.people-abroad.de\/blog\/wp-content\/uploads\/2022\/07\/steinhuder-meer-1-768x511.jpg 768w, https:\/\/www.people-abroad.de\/blog\/wp-content\/uploads\/2022\/07\/steinhuder-meer-1-400x266.jpg 400w, https:\/\/www.people-abroad.de\/blog\/wp-content\/uploads\/2022\/07\/steinhuder-meer-1.jpg 1200w\" sizes=\"(max-width: 1024px) 100vw, 1024px\" \/><\/a><\/p>\n<p> Das Steinhuder Meer ist der gr\u00f6\u00dfte See Niedersachsens und beliebt als Ausflugs- und Urlaubsziel. Infos &amp; Tipps f\u00fcr den Besuch und Aktivit\u00e4ten vor Ort.<\/p>\n<\/div><a href=\"https:\/\/www.people-abroad.de\/blog\/steinhuder-meer\/\">Mehr...<\/a><\/p><p><h2><a href=\"https:\/\/www.people-abroad.de\/blog\/hammelburg-fraenkische-saale\/\">Hammelburg und die Fr\u00e4nkische Saale entdecken<\/a><\/h2><div class=\"lcp_excerpt\"><p><a href=\"https:\/\/www.people-abroad.de\/blog\/hammelburg-fraenkische-saale\/\"><img decoding=\"async\" class=\"alignnone wp-image-27150 size-large\" src=\"https:\/\/www.people-abroad.de\/blog\/wp-content\/uploads\/2022\/06\/hammelburg-fraenkische-saale-32-1024x681.jpg\" alt=\"Hammelburg Sehensw\u00fcrdigkeiten Fr\u00e4nkische Saale Altstadt Wandern \" width=\"1024\" height=\"681\" srcset=\"https:\/\/www.people-abroad.de\/blog\/wp-content\/uploads\/2022\/06\/hammelburg-fraenkische-saale-32-1024x681.jpg 1024w, https:\/\/www.people-abroad.de\/blog\/wp-content\/uploads\/2022\/06\/hammelburg-fraenkische-saale-32-300x200.jpg 300w, https:\/\/www.people-abroad.de\/blog\/wp-content\/uploads\/2022\/06\/hammelburg-fraenkische-saale-32-768x511.jpg 768w, https:\/\/www.people-abroad.de\/blog\/wp-content\/uploads\/2022\/06\/hammelburg-fraenkische-saale-32-400x266.jpg 400w, https:\/\/www.people-abroad.de\/blog\/wp-content\/uploads\/2022\/06\/hammelburg-fraenkische-saale-32.jpg 1200w\" sizes=\"(max-width: 1024px) 100vw, 1024px\" \/><\/a><\/p>\n<p> Hammelburg und die Fr\u00e4nkische Saale locken mit historischen Bauwerken, sch\u00f6nen Gassen und idyllischer Natur. Tipps f\u00fcr die \u00e4lteste Weinstadt Frankens und die Region.<\/p>\n<\/div><a href=\"https:\/\/www.people-abroad.de\/blog\/hammelburg-fraenkische-saale\/\">Mehr...<\/a><\/p><p><h2><a href=\"https:\/\/www.people-abroad.de\/blog\/lahntal-lahnradweg-kanutour-wandern\/\">Lahntal: Lahnradweg, Kanutour, Burgen &#038; Wandern<\/a><\/h2><div class=\"lcp_excerpt\"><p><a href=\"https:\/\/www.people-abroad.de\/blog\/lahntal-lahnradweg-kanutour-wandern\/\"><img decoding=\"async\" class=\"alignnone wp-image-24262 size-large\" src=\"https:\/\/www.people-abroad.de\/blog\/wp-content\/uploads\/2021\/10\/lahntal-lahnradweg-lahnwanderweg-25-1024x682.jpg\" alt=\"Lahntal Lahnradweg Kanutour Burgen Wandern\" width=\"1024\" height=\"682\" srcset=\"https:\/\/www.people-abroad.de\/blog\/wp-content\/uploads\/2021\/10\/lahntal-lahnradweg-lahnwanderweg-25-1024x682.jpg 1024w, https:\/\/www.people-abroad.de\/blog\/wp-content\/uploads\/2021\/10\/lahntal-lahnradweg-lahnwanderweg-25-300x200.jpg 300w, https:\/\/www.people-abroad.de\/blog\/wp-content\/uploads\/2021\/10\/lahntal-lahnradweg-lahnwanderweg-25-768x511.jpg 768w, https:\/\/www.people-abroad.de\/blog\/wp-content\/uploads\/2021\/10\/lahntal-lahnradweg-lahnwanderweg-25-400x266.jpg 400w, https:\/\/www.people-abroad.de\/blog\/wp-content\/uploads\/2021\/10\/lahntal-lahnradweg-lahnwanderweg-25.jpg 1200w\" sizes=\"(max-width: 1024px) 100vw, 1024px\" \/><\/a><\/p>\n<p> Das Lahntal ist eine idyllische Flusslandschaft, die sch\u00f6ne Naturerlebnisse bietet. Historische Orte und imposante Burgen pr\u00e4gen das Tal. Infos &amp; Tipps f\u00fcr das Lahntal findest du hier.<\/p>\n<\/div><a href=\"https:\/\/www.people-abroad.de\/blog\/lahntal-lahnradweg-kanutour-wandern\/\">Mehr...<\/a><\/p><p><h2><a href=\"https:\/\/www.people-abroad.de\/blog\/kanufahren-drau-kaernten\/\">Kanufahren auf der Drau in K\u00e4rnten<\/a><\/h2><div class=\"lcp_excerpt\"><p><a href=\"https:\/\/www.people-abroad.de\/blog\/kanufahren-drau-kaernten\/\"><img decoding=\"async\" class=\"alignleft wp-image-13866 size-full\" style=\"margin-bottom: 25px;\" src=\"https:\/\/www.people-abroad.de\/blog\/wp-content\/uploads\/2019\/09\/kanufahren-paddeln-kaernten-drau-16.jpg\" alt=\"Kanufahren Flusswandern Kanu Kajak Drau K\u00e4rnten \u00d6sterreich\" width=\"1000\" height=\"750\" srcset=\"https:\/\/www.people-abroad.de\/blog\/wp-content\/uploads\/2019\/09\/kanufahren-paddeln-kaernten-drau-16.jpg 1000w, https:\/\/www.people-abroad.de\/blog\/wp-content\/uploads\/2019\/09\/kanufahren-paddeln-kaernten-drau-16-300x225.jpg 300w, https:\/\/www.people-abroad.de\/blog\/wp-content\/uploads\/2019\/09\/kanufahren-paddeln-kaernten-drau-16-768x576.jpg 768w, https:\/\/www.people-abroad.de\/blog\/wp-content\/uploads\/2019\/09\/kanufahren-paddeln-kaernten-drau-16-400x300.jpg 400w\" sizes=\"(max-width: 1000px) 100vw, 1000px\" \/><\/a><\/p>\n<p> Kanufahren &amp; Flusswandern sind eine beliebte Alternative zum klassischen Wandern. Man erkundet eine Region auf dem Wasser und erh\u00e4lt dadurch eine neue Perspektive.<\/p>\n<\/div><a href=\"https:\/\/www.people-abroad.de\/blog\/kanufahren-drau-kaernten\/\">Mehr...<\/a><\/p><p><h2><a href=\"https:\/\/www.people-abroad.de\/blog\/urlaub-in-kaernten-outdoor-tipps\/\">K\u00e4rnten: Wandern, Biken, Kanutour &#038; Outdoor<\/a><\/h2><div class=\"lcp_excerpt\"><p><a href=\"https:\/\/www.people-abroad.de\/blog\/urlaub-in-kaernten-outdoor-tipps\/\"><img decoding=\"async\" class=\"alignleft wp-image-8662 size-full\" style=\"margin-bottom: 25px;\" src=\"https:\/\/www.people-abroad.de\/blog\/wp-content\/uploads\/2018\/08\/kaernten-kanu-villach.jpg\" alt=\"K\u00e4rnten Wandern Biken Kanutour Outdoor-Tipps\" width=\"900\" height=\"621\" srcset=\"https:\/\/www.people-abroad.de\/blog\/wp-content\/uploads\/2018\/08\/kaernten-kanu-villach.jpg 900w, https:\/\/www.people-abroad.de\/blog\/wp-content\/uploads\/2018\/08\/kaernten-kanu-villach-300x207.jpg 300w, https:\/\/www.people-abroad.de\/blog\/wp-content\/uploads\/2018\/08\/kaernten-kanu-villach-768x530.jpg 768w, https:\/\/www.people-abroad.de\/blog\/wp-content\/uploads\/2018\/08\/kaernten-kanu-villach-400x276.jpg 400w\" sizes=\"(max-width: 900px) 100vw, 900px\" \/><\/a><\/p>\n<p> K\u00e4rnten eignet sich perfekt f\u00fcr einen Aktivurlaub. Vom Wandern und Biken bis hin zur Kanutour kann man hier eine Menge drau\u00dfen unternehmen und so die Region erkunden.<\/p>\n<\/div><a href=\"https:\/\/www.people-abroad.de\/blog\/urlaub-in-kaernten-outdoor-tipps\/\">Mehr...<\/a><\/p><p><h2><a href=\"https:\/\/www.people-abroad.de\/blog\/wild-swimming-frankreich\/\">Wild Swimming Frankreich &#8211; ein Lesetipp<\/a><\/h2><div class=\"lcp_excerpt\"><p><a href=\"https:\/\/www.people-abroad.de\/blog\/wild-swimming-frankreich\/\"><img decoding=\"async\" class=\"alignleft wp-image-4338 size-full\" style=\"margin-bottom: 25px;\" src=\"https:\/\/www.people-abroad.de\/blog\/wp-content\/uploads\/2017\/06\/wild-swimming-daniel-start1.jpg\" alt=\"Wild Swimming Frankreich Outdoor Schwimmen Aktivreise\" width=\"900\" height=\"500\" srcset=\"https:\/\/www.people-abroad.de\/blog\/wp-content\/uploads\/2017\/06\/wild-swimming-daniel-start1.jpg 900w, https:\/\/www.people-abroad.de\/blog\/wp-content\/uploads\/2017\/06\/wild-swimming-daniel-start1-300x167.jpg 300w, https:\/\/www.people-abroad.de\/blog\/wp-content\/uploads\/2017\/06\/wild-swimming-daniel-start1-768x427.jpg 768w\" sizes=\"(max-width: 900px) 100vw, 900px\" \/><\/a><\/p>\n<p> In kristallklaren Fl\u00fcssen schwimmen, die sich durch beeindruckende Schluchten winden. An imposanten Wasserf\u00e4llen tauchen oder durch einsame Bergseen kraulen. Nat\u00fcrliche Gew\u00e4sser k\u00f6nnen einfach begeistern, vor allem wenn man am liebsten drau\u00dfen in der Natur ist. Unser Outdoor-Buchtipp: Wild Swimming Frankreich.<\/p>\n<\/div><a href=\"https:\/\/www.people-abroad.de\/blog\/wild-swimming-frankreich\/\">Mehr...<\/a><\/p><\/div>\n","protected":false},"excerpt":{"rendered":"","protected":false},"author":1,"featured_media":0,"parent":0,"menu_order":0,"comment_status":"closed","ping_status":"closed","template":"","meta":{"_monsterinsights_skip_tracking":false,"_monsterinsights_sitenote_active":false,"_monsterinsights_sitenote_note":"","_monsterinsights_sitenote_category":0,"footnotes":""},"class_list":["post-37314","page","type-page","status-publish","hentry"],"yoast_head":"<!-- This site is optimized with the Yoast SEO plugin v27.5 - https:\/\/yoast.com\/product\/yoast-seo-wordpress\/ -->\n<title>Kanufahren - People Abroad<\/title>\n<meta name=\"robots\" content=\"index, follow, max-snippet:-1, max-image-preview:large, max-video-preview:-1\" \/>\n<link rel=\"canonical\" href=\"https:\/\/www.people-abroad.de\/blog\/kanufahren\/\" \/>\n<meta property=\"og:locale\" content=\"de_DE\" \/>\n<meta property=\"og:type\" content=\"article\" \/>\n<meta property=\"og:title\" content=\"Kanufahren - People Abroad\" \/>\n<meta property=\"og:url\" content=\"https:\/\/www.people-abroad.de\/blog\/kanufahren\/\" \/>\n<meta property=\"og:site_name\" content=\"People Abroad\" \/>\n<meta property=\"article:publisher\" content=\"https:\/\/www.facebook.com\/menschen.international\/\" \/>\n<meta property=\"article:modified_time\" content=\"2025-09-04T20:25:14+00:00\" \/>\n<meta name=\"twitter:card\" content=\"summary_large_image\" \/>\n<meta name=\"twitter:site\" content=\"@People_Abroad\" \/>\n<meta name=\"twitter:label1\" content=\"Gesch\u00e4tzte Lesezeit\" \/>\n\t<meta name=\"twitter:data1\" content=\"1\u00a0Minute\" \/>\n<script type=\"application\/ld+json\" class=\"yoast-schema-graph\">{\"@context\":\"https:\\\/\\\/schema.org\",\"@graph\":[{\"@type\":\"WebPage\",\"@id\":\"https:\\\/\\\/www.people-abroad.de\\\/blog\\\/kanufahren\\\/\",\"url\":\"https:\\\/\\\/www.people-abroad.de\\\/blog\\\/kanufahren\\\/\",\"name\":\"Kanufahren - People Abroad\",\"isPartOf\":{\"@id\":\"https:\\\/\\\/www.people-abroad.de\\\/blog\\\/#website\"},\"datePublished\":\"2025-09-04T20:24:12+00:00\",\"dateModified\":\"2025-09-04T20:25:14+00:00\",\"breadcrumb\":{\"@id\":\"https:\\\/\\\/www.people-abroad.de\\\/blog\\\/kanufahren\\\/#breadcrumb\"},\"inLanguage\":\"de\",\"potentialAction\":[{\"@type\":\"ReadAction\",\"target\":[\"https:\\\/\\\/www.people-abroad.de\\\/blog\\\/kanufahren\\\/\"]}]},{\"@type\":\"BreadcrumbList\",\"@id\":\"https:\\\/\\\/www.people-abroad.de\\\/blog\\\/kanufahren\\\/#breadcrumb\",\"itemListElement\":[{\"@type\":\"ListItem\",\"position\":1,\"name\":\"Startseite\",\"item\":\"https:\\\/\\\/www.people-abroad.de\\\/blog\\\/\"},{\"@type\":\"ListItem\",\"position\":2,\"name\":\"Kanufahren\"}]},{\"@type\":\"WebSite\",\"@id\":\"https:\\\/\\\/www.people-abroad.de\\\/blog\\\/#website\",\"url\":\"https:\\\/\\\/www.people-abroad.de\\\/blog\\\/\",\"name\":\"People Abroad\",\"description\":\"Reiseblog\",\"publisher\":{\"@id\":\"https:\\\/\\\/www.people-abroad.de\\\/blog\\\/#\\\/schema\\\/person\\\/2a518a154d93ee6cf0b146bc327329b3\"},\"potentialAction\":[{\"@type\":\"SearchAction\",\"target\":{\"@type\":\"EntryPoint\",\"urlTemplate\":\"https:\\\/\\\/www.people-abroad.de\\\/blog\\\/?s={search_term_string}\"},\"query-input\":{\"@type\":\"PropertyValueSpecification\",\"valueRequired\":true,\"valueName\":\"search_term_string\"}}],\"inLanguage\":\"de\"},{\"@type\":[\"Person\",\"Organization\"],\"@id\":\"https:\\\/\\\/www.people-abroad.de\\\/blog\\\/#\\\/schema\\\/person\\\/2a518a154d93ee6cf0b146bc327329b3\",\"name\":\"Heiko M\u00fcller\",\"logo\":{\"@id\":\"https:\\\/\\\/www.people-abroad.de\\\/blog\\\/#\\\/schema\\\/person\\\/image\\\/\"},\"description\":\"Ich bin Reiseblogger, Content Creator und Redakteur. Auf Reisen erkunde ich gerne neue Regionen, St\u00e4dte und Orte beim Fotografieren, Wandern und Radfahren. F\u00fcr weitere Reisetipps folge mir auf Instagram. Mehr Infos zum Blog findest du hier: https:\\\/\\\/www.people-abroad.de\\\/blog\\\/pr-media\\\/. Kontakt: h.mueller@people-abroad.de\",\"sameAs\":[\"https:\\\/\\\/www.people-abroad.de\\\/blog\\\/\",\"https:\\\/\\\/www.facebook.com\\\/menschen.international\\\/\",\"https:\\\/\\\/www.instagram.com\\\/people.abroad\\\/\",\"https:\\\/\\\/www.linkedin.com\\\/in\\\/muellerheiko\\\/\",\"https:\\\/\\\/www.pinterest.de\\\/peopleabroad\\\/\",\"https:\\\/\\\/x.com\\\/People_Abroad\",\"https:\\\/\\\/www.youtube.com\\\/user\\\/MenschenInt\"]}]}<\/script>\n<!-- \/ Yoast SEO plugin. -->","yoast_head_json":{"title":"Kanufahren - People Abroad","robots":{"index":"index","follow":"follow","max-snippet":"max-snippet:-1","max-image-preview":"max-image-preview:large","max-video-preview":"max-video-preview:-1"},"canonical":"https:\/\/www.people-abroad.de\/blog\/kanufahren\/","og_locale":"de_DE","og_type":"article","og_title":"Kanufahren - People Abroad","og_url":"https:\/\/www.people-abroad.de\/blog\/kanufahren\/","og_site_name":"People Abroad","article_publisher":"https:\/\/www.facebook.com\/menschen.international\/","article_modified_time":"2025-09-04T20:25:14+00:00","twitter_card":"summary_large_image","twitter_site":"@People_Abroad","twitter_misc":{"Gesch\u00e4tzte Lesezeit":"1\u00a0Minute"},"schema":{"@context":"https:\/\/schema.org","@graph":[{"@type":"WebPage","@id":"https:\/\/www.people-abroad.de\/blog\/kanufahren\/","url":"https:\/\/www.people-abroad.de\/blog\/kanufahren\/","name":"Kanufahren - People Abroad","isPartOf":{"@id":"https:\/\/www.people-abroad.de\/blog\/#website"},"datePublished":"2025-09-04T20:24:12+00:00","dateModified":"2025-09-04T20:25:14+00:00","breadcrumb":{"@id":"https:\/\/www.people-abroad.de\/blog\/kanufahren\/#breadcrumb"},"inLanguage":"de","potentialAction":[{"@type":"ReadAction","target":["https:\/\/www.people-abroad.de\/blog\/kanufahren\/"]}]},{"@type":"BreadcrumbList","@id":"https:\/\/www.people-abroad.de\/blog\/kanufahren\/#breadcrumb","itemListElement":[{"@type":"ListItem","position":1,"name":"Startseite","item":"https:\/\/www.people-abroad.de\/blog\/"},{"@type":"ListItem","position":2,"name":"Kanufahren"}]},{"@type":"WebSite","@id":"https:\/\/www.people-abroad.de\/blog\/#website","url":"https:\/\/www.people-abroad.de\/blog\/","name":"People Abroad","description":"Reiseblog","publisher":{"@id":"https:\/\/www.people-abroad.de\/blog\/#\/schema\/person\/2a518a154d93ee6cf0b146bc327329b3"},"potentialAction":[{"@type":"SearchAction","target":{"@type":"EntryPoint","urlTemplate":"https:\/\/www.people-abroad.de\/blog\/?s={search_term_string}"},"query-input":{"@type":"PropertyValueSpecification","valueRequired":true,"valueName":"search_term_string"}}],"inLanguage":"de"},{"@type":["Person","Organization"],"@id":"https:\/\/www.people-abroad.de\/blog\/#\/schema\/person\/2a518a154d93ee6cf0b146bc327329b3","name":"Heiko M\u00fcller","logo":{"@id":"https:\/\/www.people-abroad.de\/blog\/#\/schema\/person\/image\/"},"description":"Ich bin Reiseblogger, Content Creator und Redakteur. Auf Reisen erkunde ich gerne neue Regionen, St\u00e4dte und Orte beim Fotografieren, Wandern und Radfahren. F\u00fcr weitere Reisetipps folge mir auf Instagram. Mehr Infos zum Blog findest du hier: https:\/\/www.people-abroad.de\/blog\/pr-media\/. Kontakt: h.mueller@people-abroad.de","sameAs":["https:\/\/www.people-abroad.de\/blog\/","https:\/\/www.facebook.com\/menschen.international\/","https:\/\/www.instagram.com\/people.abroad\/","https:\/\/www.linkedin.com\/in\/muellerheiko\/","https:\/\/www.pinterest.de\/peopleabroad\/","https:\/\/x.com\/People_Abroad","https:\/\/www.youtube.com\/user\/MenschenInt"]}]}},"_links":{"self":[{"href":"https:\/\/www.people-abroad.de\/blog\/wp-json\/wp\/v2\/pages\/37314","targetHints":{"allow":["GET"]}}],"collection":[{"href":"https:\/\/www.people-abroad.de\/blog\/wp-json\/wp\/v2\/pages"}],"about":[{"href":"https:\/\/www.people-abroad.de\/blog\/wp-json\/wp\/v2\/types\/page"}],"author":[{"embeddable":true,"href":"https:\/\/www.people-abroad.de\/blog\/wp-json\/wp\/v2\/users\/1"}],"replies":[{"embeddable":true,"href":"https:\/\/www.people-abroad.de\/blog\/wp-json\/wp\/v2\/comments?post=37314"}],"version-history":[{"count":2,"href":"https:\/\/www.people-abroad.de\/blog\/wp-json\/wp\/v2\/pages\/37314\/revisions"}],"predecessor-version":[{"id":37316,"href":"https:\/\/www.people-abroad.de\/blog\/wp-json\/wp\/v2\/pages\/37314\/revisions\/37316"}],"wp:attachment":[{"href":"https:\/\/www.people-abroad.de\/blog\/wp-json\/wp\/v2\/media?parent=37314"}],"curies":[{"name":"wp","href":"https:\/\/api.w.org\/{rel}","templated":true}]}}