{"id":2488,"date":"2017-02-04T09:14:56","date_gmt":"2017-02-04T08:14:56","guid":{"rendered":"http:\/\/www.people-abroad.de\/blog\/?page_id=2488"},"modified":"2023-01-17T11:31:21","modified_gmt":"2023-01-17T10:31:21","slug":"lernen-helfen","status":"publish","type":"page","link":"https:\/\/www.people-abroad.de\/blog\/lernen-helfen\/","title":{"rendered":"Work &#038; Travel"},"content":{"rendered":"<p>Das Reisen mit den Aspekten <strong>Lernen &amp; Helfen<\/strong>\u00a0zu kombinieren &#8211; h\u00f6rt sich das nicht klasse an? Alleine w\u00e4hrend einer Reise kann man ja schon unendlich viel lernen. \u00dcber Land und Leute, eine fremde Kultur und auch eine ganze Menge \u00fcber sich selbst. Diesen Lerneffekt kann man aber noch mal steigern: man kombiniert seine Reise mit einem Sprachkurs, einem Work &amp; Travel, einem Auslandspraktikum oder mit Freiwilligenarbeit.<\/p>\n<p>Die M\u00f6glichkeiten f\u00fcr <strong>Auslandsaufenthalte<\/strong> im beruflichen Kontext sind riesig. Und nicht wenige finden erst bei einem Praktikum oder bei einem Freiwilligendienst im Ausland ihre wahre Berufung und fassen z.B. den Entschluss: Ich wandere aus und werde Expat! Oder sie gr\u00fcnden ein Hilfsprojekt und unterst\u00fctzen damit die lokale Bev\u00f6lkerung. Einige bleiben dem Reisen treu und sie jobben sich weiter durch die Welt, z.B. als Expat, Volunteer auf Zeit oder als digitaler Nomade.<\/p>\n<p>F\u00fcr alle, die sich f\u00fcr das Thema <strong>Ausland, Jobben und Reisen<\/strong> interessieren, habe ich eine <a href=\"https:\/\/www.people-abroad.de\">Info-B\u00f6rse<\/a> mit <a href=\"https:\/\/www.people-abroad.de\/forum\/auslandsforum\/\">Auslandsforum<\/a> und <a href=\"https:\/\/www.people-abroad.de\/jobben\/freiwilligenarbeit-und-praktika\/\">Datenbank<\/a> f\u00fcr Projekte und Praktika gegr\u00fcndet. Info-B\u00f6rse und Reiseblog geh\u00f6ren beide zusammen. Ich freue mich, wenn du dich im Ausland engagierst. Ich war selbst mehrfach im Ausland im Einsatz, u.a. in Indien und Thailand, und ich kann das Jobben und Reisen im Ausland nur empfehlen. Probier&#8217;s mal aus!<\/p>\n<p>Hier findest du eine Sammlung an Blog-Beitr\u00e4ge:<\/p>\n<p>Artikel zu <a href=\"https:\/\/www.people-abroad.de\/blog\/work-travel\/\">Work &amp; Travel<\/a><\/p>\n<p>Artikel zu <a href=\"https:\/\/www.people-abroad.de\/blog\/freiwilligenarbeit\/\">Freiwilligenarbeit<\/a><\/p>\n<p>Artikel zu <a href=\"https:\/\/www.people-abroad.de\/blog\/auslandspraktikum\/\">Auslandspraktika<\/a><\/p>\n<p>&nbsp;<\/p>\n","protected":false},"excerpt":{"rendered":"<p>Das Reisen mit den Aspekten Lernen &amp; Helfen\u00a0zu kombinieren &#8211; h\u00f6rt sich das nicht klasse an? Alleine w\u00e4hrend einer Reise kann man ja schon unendlich viel lernen. \u00dcber Land und Leute, eine fremde Kultur und auch eine ganze Menge \u00fcber sich selbst. Diesen Lerneffekt kann man aber noch mal steigern: man kombiniert seine Reise mit [&hellip;]<\/p>\n","protected":false},"author":1,"featured_media":0,"parent":0,"menu_order":0,"comment_status":"closed","ping_status":"closed","template":"","meta":{"_monsterinsights_skip_tracking":false,"_monsterinsights_sitenote_active":false,"_monsterinsights_sitenote_note":"","_monsterinsights_sitenote_category":0,"footnotes":""},"class_list":["post-2488","page","type-page","status-publish","hentry"],"yoast_head":"<!-- This site is optimized with the Yoast SEO plugin v27.3 - https:\/\/yoast.com\/product\/yoast-seo-wordpress\/ -->\n<title>Work &amp; Travel - People Abroad<\/title>\n<meta name=\"description\" content=\"Reiseberichte \u00fcber Work &amp; Travel und Praktika im Ausland mit Reisetipps f\u00fcr die individuelle Planung zum Nachreisen.\" \/>\n<meta name=\"robots\" content=\"noindex, follow\" \/>\n<meta property=\"og:locale\" content=\"de_DE\" \/>\n<meta property=\"og:type\" content=\"article\" \/>\n<meta property=\"og:title\" content=\"Work &amp; Travel - People Abroad\" \/>\n<meta property=\"og:description\" content=\"Reiseberichte \u00fcber Work &amp; Travel und Praktika im Ausland mit Reisetipps f\u00fcr die individuelle Planung zum Nachreisen.\" \/>\n<meta property=\"og:url\" content=\"https:\/\/www.people-abroad.de\/blog\/lernen-helfen\/\" \/>\n<meta property=\"og:site_name\" content=\"People Abroad\" \/>\n<meta property=\"article:publisher\" content=\"https:\/\/www.facebook.com\/menschen.international\/\" \/>\n<meta property=\"article:modified_time\" content=\"2023-01-17T10:31:21+00:00\" \/>\n<meta name=\"twitter:card\" content=\"summary_large_image\" \/>\n<meta name=\"twitter:site\" content=\"@People_Abroad\" \/>\n<meta name=\"twitter:label1\" content=\"Gesch\u00e4tzte Lesezeit\" \/>\n\t<meta name=\"twitter:data1\" content=\"2\u00a0Minuten\" \/>\n<script type=\"application\/ld+json\" class=\"yoast-schema-graph\">{\"@context\":\"https:\\\/\\\/schema.org\",\"@graph\":[{\"@type\":\"WebPage\",\"@id\":\"https:\\\/\\\/www.people-abroad.de\\\/blog\\\/lernen-helfen\\\/\",\"url\":\"https:\\\/\\\/www.people-abroad.de\\\/blog\\\/lernen-helfen\\\/\",\"name\":\"Work & Travel - People Abroad\",\"isPartOf\":{\"@id\":\"https:\\\/\\\/www.people-abroad.de\\\/blog\\\/#website\"},\"datePublished\":\"2017-02-04T08:14:56+00:00\",\"dateModified\":\"2023-01-17T10:31:21+00:00\",\"description\":\"Reiseberichte \u00fcber Work & Travel und Praktika im Ausland mit Reisetipps f\u00fcr die individuelle Planung zum Nachreisen.\",\"breadcrumb\":{\"@id\":\"https:\\\/\\\/www.people-abroad.de\\\/blog\\\/lernen-helfen\\\/#breadcrumb\"},\"inLanguage\":\"de\",\"potentialAction\":[{\"@type\":\"ReadAction\",\"target\":[\"https:\\\/\\\/www.people-abroad.de\\\/blog\\\/lernen-helfen\\\/\"]}]},{\"@type\":\"BreadcrumbList\",\"@id\":\"https:\\\/\\\/www.people-abroad.de\\\/blog\\\/lernen-helfen\\\/#breadcrumb\",\"itemListElement\":[{\"@type\":\"ListItem\",\"position\":1,\"name\":\"Startseite\",\"item\":\"https:\\\/\\\/www.people-abroad.de\\\/blog\\\/\"},{\"@type\":\"ListItem\",\"position\":2,\"name\":\"Work &#038; Travel\"}]},{\"@type\":\"WebSite\",\"@id\":\"https:\\\/\\\/www.people-abroad.de\\\/blog\\\/#website\",\"url\":\"https:\\\/\\\/www.people-abroad.de\\\/blog\\\/\",\"name\":\"People Abroad\",\"description\":\"Reiseblog\",\"publisher\":{\"@id\":\"https:\\\/\\\/www.people-abroad.de\\\/blog\\\/#\\\/schema\\\/person\\\/2a518a154d93ee6cf0b146bc327329b3\"},\"potentialAction\":[{\"@type\":\"SearchAction\",\"target\":{\"@type\":\"EntryPoint\",\"urlTemplate\":\"https:\\\/\\\/www.people-abroad.de\\\/blog\\\/?s={search_term_string}\"},\"query-input\":{\"@type\":\"PropertyValueSpecification\",\"valueRequired\":true,\"valueName\":\"search_term_string\"}}],\"inLanguage\":\"de\"},{\"@type\":[\"Person\",\"Organization\"],\"@id\":\"https:\\\/\\\/www.people-abroad.de\\\/blog\\\/#\\\/schema\\\/person\\\/2a518a154d93ee6cf0b146bc327329b3\",\"name\":\"Heiko M\u00fcller\",\"logo\":{\"@id\":\"https:\\\/\\\/www.people-abroad.de\\\/blog\\\/#\\\/schema\\\/person\\\/image\\\/\"},\"description\":\"Ich bin Reiseblogger, Content Creator und Redakteur. Auf Reisen erkunde ich gerne neue Regionen, St\u00e4dte und Orte beim Fotografieren, Wandern und Radfahren. F\u00fcr weitere Reisetipps folge mir auf Instagram, Facebook &amp; Co. Mehr Infos zum Blog findest du hier: https:\\\/\\\/www.people-abroad.de\\\/blog\\\/pr-media\\\/. Kontakt: h.mueller@people-abroad.de\",\"sameAs\":[\"https:\\\/\\\/www.people-abroad.de\\\/blog\\\/\",\"https:\\\/\\\/www.facebook.com\\\/menschen.international\\\/\",\"https:\\\/\\\/www.instagram.com\\\/people.abroad\\\/\",\"https:\\\/\\\/www.linkedin.com\\\/in\\\/muellerheiko\\\/\",\"https:\\\/\\\/www.pinterest.de\\\/peopleabroad\\\/\",\"https:\\\/\\\/x.com\\\/People_Abroad\",\"https:\\\/\\\/www.youtube.com\\\/user\\\/MenschenInt\"]}]}<\/script>\n<!-- \/ Yoast SEO plugin. -->","yoast_head_json":{"title":"Work & Travel - People Abroad","description":"Reiseberichte \u00fcber Work & Travel und Praktika im Ausland mit Reisetipps f\u00fcr die individuelle Planung zum Nachreisen.","robots":{"index":"noindex","follow":"follow"},"og_locale":"de_DE","og_type":"article","og_title":"Work & Travel - People Abroad","og_description":"Reiseberichte \u00fcber Work & Travel und Praktika im Ausland mit Reisetipps f\u00fcr die individuelle Planung zum Nachreisen.","og_url":"https:\/\/www.people-abroad.de\/blog\/lernen-helfen\/","og_site_name":"People Abroad","article_publisher":"https:\/\/www.facebook.com\/menschen.international\/","article_modified_time":"2023-01-17T10:31:21+00:00","twitter_card":"summary_large_image","twitter_site":"@People_Abroad","twitter_misc":{"Gesch\u00e4tzte Lesezeit":"2\u00a0Minuten"},"schema":{"@context":"https:\/\/schema.org","@graph":[{"@type":"WebPage","@id":"https:\/\/www.people-abroad.de\/blog\/lernen-helfen\/","url":"https:\/\/www.people-abroad.de\/blog\/lernen-helfen\/","name":"Work & Travel - People Abroad","isPartOf":{"@id":"https:\/\/www.people-abroad.de\/blog\/#website"},"datePublished":"2017-02-04T08:14:56+00:00","dateModified":"2023-01-17T10:31:21+00:00","description":"Reiseberichte \u00fcber Work & Travel und Praktika im Ausland mit Reisetipps f\u00fcr die individuelle Planung zum Nachreisen.","breadcrumb":{"@id":"https:\/\/www.people-abroad.de\/blog\/lernen-helfen\/#breadcrumb"},"inLanguage":"de","potentialAction":[{"@type":"ReadAction","target":["https:\/\/www.people-abroad.de\/blog\/lernen-helfen\/"]}]},{"@type":"BreadcrumbList","@id":"https:\/\/www.people-abroad.de\/blog\/lernen-helfen\/#breadcrumb","itemListElement":[{"@type":"ListItem","position":1,"name":"Startseite","item":"https:\/\/www.people-abroad.de\/blog\/"},{"@type":"ListItem","position":2,"name":"Work &#038; Travel"}]},{"@type":"WebSite","@id":"https:\/\/www.people-abroad.de\/blog\/#website","url":"https:\/\/www.people-abroad.de\/blog\/","name":"People Abroad","description":"Reiseblog","publisher":{"@id":"https:\/\/www.people-abroad.de\/blog\/#\/schema\/person\/2a518a154d93ee6cf0b146bc327329b3"},"potentialAction":[{"@type":"SearchAction","target":{"@type":"EntryPoint","urlTemplate":"https:\/\/www.people-abroad.de\/blog\/?s={search_term_string}"},"query-input":{"@type":"PropertyValueSpecification","valueRequired":true,"valueName":"search_term_string"}}],"inLanguage":"de"},{"@type":["Person","Organization"],"@id":"https:\/\/www.people-abroad.de\/blog\/#\/schema\/person\/2a518a154d93ee6cf0b146bc327329b3","name":"Heiko M\u00fcller","logo":{"@id":"https:\/\/www.people-abroad.de\/blog\/#\/schema\/person\/image\/"},"description":"Ich bin Reiseblogger, Content Creator und Redakteur. Auf Reisen erkunde ich gerne neue Regionen, St\u00e4dte und Orte beim Fotografieren, Wandern und Radfahren. F\u00fcr weitere Reisetipps folge mir auf Instagram, Facebook &amp; Co. Mehr Infos zum Blog findest du hier: https:\/\/www.people-abroad.de\/blog\/pr-media\/. Kontakt: h.mueller@people-abroad.de","sameAs":["https:\/\/www.people-abroad.de\/blog\/","https:\/\/www.facebook.com\/menschen.international\/","https:\/\/www.instagram.com\/people.abroad\/","https:\/\/www.linkedin.com\/in\/muellerheiko\/","https:\/\/www.pinterest.de\/peopleabroad\/","https:\/\/x.com\/People_Abroad","https:\/\/www.youtube.com\/user\/MenschenInt"]}]}},"_links":{"self":[{"href":"https:\/\/www.people-abroad.de\/blog\/wp-json\/wp\/v2\/pages\/2488","targetHints":{"allow":["GET"]}}],"collection":[{"href":"https:\/\/www.people-abroad.de\/blog\/wp-json\/wp\/v2\/pages"}],"about":[{"href":"https:\/\/www.people-abroad.de\/blog\/wp-json\/wp\/v2\/types\/page"}],"author":[{"embeddable":true,"href":"https:\/\/www.people-abroad.de\/blog\/wp-json\/wp\/v2\/users\/1"}],"replies":[{"embeddable":true,"href":"https:\/\/www.people-abroad.de\/blog\/wp-json\/wp\/v2\/comments?post=2488"}],"version-history":[{"count":3,"href":"https:\/\/www.people-abroad.de\/blog\/wp-json\/wp\/v2\/pages\/2488\/revisions"}],"predecessor-version":[{"id":29143,"href":"https:\/\/www.people-abroad.de\/blog\/wp-json\/wp\/v2\/pages\/2488\/revisions\/29143"}],"wp:attachment":[{"href":"https:\/\/www.people-abroad.de\/blog\/wp-json\/wp\/v2\/media?parent=2488"}],"curies":[{"name":"wp","href":"https:\/\/api.w.org\/{rel}","templated":true}]}}