{"id":2473,"date":"2017-02-03T18:14:15","date_gmt":"2017-02-03T17:14:15","guid":{"rendered":"http:\/\/www.people-abroad.de\/blog\/?page_id=2473"},"modified":"2023-01-17T11:32:47","modified_gmt":"2023-01-17T10:32:47","slug":"reiseblogger","status":"publish","type":"page","link":"https:\/\/www.people-abroad.de\/blog\/reiseblogger\/","title":{"rendered":"Reiseautoren"},"content":{"rendered":"<div class=\"lcp_catlist\" id=\"lcp_instance_0\"><p><h2><a href=\"https:\/\/www.people-abroad.de\/blog\/10-jahre-people-abroad-reiseblog\/\">10 Jahre People Abroad: Mein R\u00fcckblick als Reiseblogger<\/a><\/h2><div class=\"lcp_excerpt\"><p><a href=\"https:\/\/www.people-abroad.de\/blog\/10-jahre-people-abroad-reiseblog\/\"><img decoding=\"async\" class=\"alignnone wp-image-35620 size-full\" src=\"https:\/\/www.people-abroad.de\/blog\/wp-content\/uploads\/2025\/01\/people-abroad-reiseblog-travelblog-19.jpg\" alt=\"People Abroad Reiseblog Content Creator Travelblog Wandern Radfahren Outdoor\" width=\"1000\" height=\"666\" srcset=\"https:\/\/www.people-abroad.de\/blog\/wp-content\/uploads\/2025\/01\/people-abroad-reiseblog-travelblog-19.jpg 1000w, https:\/\/www.people-abroad.de\/blog\/wp-content\/uploads\/2025\/01\/people-abroad-reiseblog-travelblog-19-300x200.jpg 300w, https:\/\/www.people-abroad.de\/blog\/wp-content\/uploads\/2025\/01\/people-abroad-reiseblog-travelblog-19-768x511.jpg 768w\" sizes=\"(max-width: 1000px) 100vw, 1000px\" \/><\/a><\/p>\n<p> Zum 10-j\u00e4hrigen Jubil\u00e4um von People Abroad gibt es einen R\u00fcckblick und meine Erfahrungen als Reiseblogger. Ein pers\u00f6nliches Zwischenfazit \u00fcber 10 Bloggerjahre.<\/p>\n<\/div><a href=\"https:\/\/www.people-abroad.de\/blog\/10-jahre-people-abroad-reiseblog\/\">Mehr...<\/a><\/p><p><h2><a href=\"https:\/\/www.people-abroad.de\/blog\/colorado-usa-tipps\/\">Colorado: 10 Tipps f\u00fcr den Besuch im US-Bundesstaat<\/a><\/h2><div class=\"lcp_excerpt\"><p><a href=\"https:\/\/www.people-abroad.de\/blog\/colorado-usa-tipps\/\"><img decoding=\"async\" class=\"alignnone wp-image-33147 size-large\" src=\"https:\/\/www.people-abroad.de\/blog\/wp-content\/uploads\/2024\/04\/colorado-bundesstaat-usa-tipps-7-1024x683.jpeg\" alt=\"Colorado USA Tipps Reise Natur Landschaft\" width=\"1024\" height=\"683\" srcset=\"https:\/\/www.people-abroad.de\/blog\/wp-content\/uploads\/2024\/04\/colorado-bundesstaat-usa-tipps-7-1024x683.jpeg 1024w, https:\/\/www.people-abroad.de\/blog\/wp-content\/uploads\/2024\/04\/colorado-bundesstaat-usa-tipps-7-300x200.jpeg 300w, https:\/\/www.people-abroad.de\/blog\/wp-content\/uploads\/2024\/04\/colorado-bundesstaat-usa-tipps-7-768x512.jpeg 768w, https:\/\/www.people-abroad.de\/blog\/wp-content\/uploads\/2024\/04\/colorado-bundesstaat-usa-tipps-7.jpeg 1200w\" sizes=\"(max-width: 1024px) 100vw, 1024px\" \/><\/a><\/p>\n<p>Colorado gilt als Outdoor-Paradies unter den US-Bundesstaaten. Gastautor Michael Wigge ist dorthin ausgewandert und hat seine 10 Tipps f\u00fcr Colorado zusammengefasst.<\/p>\n<\/div><a href=\"https:\/\/www.people-abroad.de\/blog\/colorado-usa-tipps\/\">Mehr...<\/a><\/p><p><h2><a href=\"https:\/\/www.people-abroad.de\/blog\/ortsunabhaengig-arbeiten\/\">Ortsunabh\u00e4ngig arbeiten als digitaler Nomade<\/a><\/h2><div class=\"lcp_excerpt\"><p><a href=\"https:\/\/www.people-abroad.de\/blog\/ortsunabhaengig-arbeiten\/\"><img decoding=\"async\" class=\"alignleft wp-image-16803 size-full\" style=\"margin-bottom: 25px;\" src=\"https:\/\/www.people-abroad.de\/blog\/wp-content\/uploads\/2020\/05\/daniel-schoeberl-reiseblogger-rucksacktraeger.com-1.jpg\" alt=\"Digitale Nomaden ortsunabh\u00e4ngig arbeiten Daniel Sch\u00f6berl Reiseblogger\" width=\"1000\" height=\"666\" srcset=\"https:\/\/www.people-abroad.de\/blog\/wp-content\/uploads\/2020\/05\/daniel-schoeberl-reiseblogger-rucksacktraeger.com-1.jpg 1000w, https:\/\/www.people-abroad.de\/blog\/wp-content\/uploads\/2020\/05\/daniel-schoeberl-reiseblogger-rucksacktraeger.com-1-300x200.jpg 300w, https:\/\/www.people-abroad.de\/blog\/wp-content\/uploads\/2020\/05\/daniel-schoeberl-reiseblogger-rucksacktraeger.com-1-768x511.jpg 768w, https:\/\/www.people-abroad.de\/blog\/wp-content\/uploads\/2020\/05\/daniel-schoeberl-reiseblogger-rucksacktraeger.com-1-400x266.jpg 400w\" sizes=\"(max-width: 1000px) 100vw, 1000px\" \/><\/a><\/p>\n<p>Ortsunabh\u00e4ngig Arbeiten als digitaler Nomade ist f\u00fcr viele ein Traum. Daniel vom Reiseblog &#8222;Rucksacktr\u00e4ger&#8220; hat vier Jahre als digitaler Nomade gelebt und berichtet dar\u00fcber.<\/p>\n<\/div><a href=\"https:\/\/www.people-abroad.de\/blog\/ortsunabhaengig-arbeiten\/\">Mehr...<\/a><\/p><p><h2><a href=\"https:\/\/www.people-abroad.de\/blog\/pushbikegirl-tourenrad\/\">Pushbikegirl: Radreisen mit dem Tourenrad<\/a><\/h2><div class=\"lcp_excerpt\"><p><a href=\"https:\/\/www.people-abroad.de\/blog\/pushbikegirl-tourenrad\/\"><img decoding=\"async\" class=\"alignnone wp-image-16752 size-full\" src=\"https:\/\/www.people-abroad.de\/blog\/wp-content\/uploads\/2020\/05\/heike-pirngruber-tourenrad-bikepacking-6.jpg\" alt=\"Pushbikegirl Heike Pirngruber Tourenrad Radreise Weltreise Rad Bikepacking\" width=\"800\" height=\"600\" srcset=\"https:\/\/www.people-abroad.de\/blog\/wp-content\/uploads\/2020\/05\/heike-pirngruber-tourenrad-bikepacking-6.jpg 800w, https:\/\/www.people-abroad.de\/blog\/wp-content\/uploads\/2020\/05\/heike-pirngruber-tourenrad-bikepacking-6-300x225.jpg 300w, https:\/\/www.people-abroad.de\/blog\/wp-content\/uploads\/2020\/05\/heike-pirngruber-tourenrad-bikepacking-6-768x576.jpg 768w, https:\/\/www.people-abroad.de\/blog\/wp-content\/uploads\/2020\/05\/heike-pirngruber-tourenrad-bikepacking-6-400x300.jpg 400w\" sizes=\"(max-width: 800px) 100vw, 800px\" \/><\/a><\/p>\n<p>Heike betreibt mit &#8222;Pushbikegirl&#8220; einen der bekanntesten deutschsprachigen Radblogs. \u00dcber ihre Erlebnisse mit dem Tourenrad fernab der Heimat berichtet die Fotografin im Interview.<\/p>\n<\/div><a href=\"https:\/\/www.people-abroad.de\/blog\/pushbikegirl-tourenrad\/\">Mehr...<\/a><\/p><p><h2><a href=\"https:\/\/www.people-abroad.de\/blog\/reisebuecher-tipps\/\">10 Reiseb\u00fccher bei Reiselust &#038; Fernweh<\/a><\/h2><div class=\"lcp_excerpt\"><p><a href=\"https:\/\/www.people-abroad.de\/blog\/reisebuecher-tipps\/\"><img decoding=\"async\" class=\"alignleft wp-image-16602 size-full\" style=\"margin-bottom: 25px;\" src=\"https:\/\/www.people-abroad.de\/blog\/wp-content\/uploads\/2020\/04\/reisebuecher-tipps.jpg\" alt=\"Reiseb\u00fccher Reisef\u00fchrer Reiseliteratur B\u00fccher Reisen Tipps \" width=\"1000\" height=\"667\" srcset=\"https:\/\/www.people-abroad.de\/blog\/wp-content\/uploads\/2020\/04\/reisebuecher-tipps.jpg 1000w, https:\/\/www.people-abroad.de\/blog\/wp-content\/uploads\/2020\/04\/reisebuecher-tipps-300x200.jpg 300w, https:\/\/www.people-abroad.de\/blog\/wp-content\/uploads\/2020\/04\/reisebuecher-tipps-768x512.jpg 768w, https:\/\/www.people-abroad.de\/blog\/wp-content\/uploads\/2020\/04\/reisebuecher-tipps-400x267.jpg 400w\" sizes=\"(max-width: 1000px) 100vw, 1000px\" \/><\/a><\/p>\n<p>Gute Reiseb\u00fccher sind neben dem Reisen selbst die vielleicht beste Medizin gegen Fernweh. Hier findest du 10 B\u00fccher, die f\u00fcr das Reisen im Kopf perfekt geeignet sind.<\/p>\n<\/div><a href=\"https:\/\/www.people-abroad.de\/blog\/reisebuecher-tipps\/\">Mehr...<\/a><\/p><p><h2><a href=\"https:\/\/www.people-abroad.de\/blog\/reiseblogger-tipps\/\">10 Reiseblogger f\u00fcr deine Reiseplanung<\/a><\/h2><div class=\"lcp_excerpt\"><p><a href=\"https:\/\/www.people-abroad.de\/blog\/reiseblogger-tipps\/\"><img decoding=\"async\" class=\"alignleft wp-image-9177 size-full\" style=\"margin-bottom: 25px;\" src=\"https:\/\/www.people-abroad.de\/blog\/wp-content\/uploads\/2018\/09\/daniel-schoeberl-rucksacktraeger.jpg\" alt=\"Daniel Schoeberl Rucksacktraeger.com Reiseblogger Outdoor Blog Digitaler Nomade\" width=\"900\" height=\"571\" srcset=\"https:\/\/www.people-abroad.de\/blog\/wp-content\/uploads\/2018\/09\/daniel-schoeberl-rucksacktraeger.jpg 900w, https:\/\/www.people-abroad.de\/blog\/wp-content\/uploads\/2018\/09\/daniel-schoeberl-rucksacktraeger-300x190.jpg 300w, https:\/\/www.people-abroad.de\/blog\/wp-content\/uploads\/2018\/09\/daniel-schoeberl-rucksacktraeger-768x487.jpg 768w, https:\/\/www.people-abroad.de\/blog\/wp-content\/uploads\/2018\/09\/daniel-schoeberl-rucksacktraeger-400x254.jpg 400w\" sizes=\"(max-width: 900px) 100vw, 900px\" \/><\/a><\/p>\n<p>Wer gerne auf Reisen ist, der hat in der Regel noch eine weitere Leidenschaft: Reiseblogs lesen! Hier findest du 10 Reiseblogger, die du kennen solltest. Spezialisten zum Thema Fernweh. \u00a0<\/p>\n<\/div><a href=\"https:\/\/www.people-abroad.de\/blog\/reiseblogger-tipps\/\">Mehr...<\/a><\/p><p><h2><a href=\"https:\/\/www.people-abroad.de\/blog\/norwegen-reiseblog-bruderleichtfuss\/\">Timo Peters vom Norwegen-Blog Fjordwelten.de<\/a><\/h2><div class=\"lcp_excerpt\"><p><a href=\"https:\/\/www.people-abroad.de\/blog\/norwegen-reiseblog-bruderleichtfuss\/\"><img decoding=\"async\" class=\"alignleft wp-image-7444 size-full\" style=\"margin-bottom: 25px;\" src=\"https:\/\/www.people-abroad.de\/blog\/wp-content\/uploads\/2018\/03\/reiseblogger-norwegen-6.jpg\" alt=\"Timo Peters Norwegen-Blog Fjordwelten.de Burderleichtfuss.com\" width=\"900\" height=\"675\" srcset=\"https:\/\/www.people-abroad.de\/blog\/wp-content\/uploads\/2018\/03\/reiseblogger-norwegen-6.jpg 900w, https:\/\/www.people-abroad.de\/blog\/wp-content\/uploads\/2018\/03\/reiseblogger-norwegen-6-300x225.jpg 300w, https:\/\/www.people-abroad.de\/blog\/wp-content\/uploads\/2018\/03\/reiseblogger-norwegen-6-768x576.jpg 768w, https:\/\/www.people-abroad.de\/blog\/wp-content\/uploads\/2018\/03\/reiseblogger-norwegen-6-400x300.jpg 400w\" sizes=\"(max-width: 900px) 100vw, 900px\" \/><\/a><\/p>\n<p>Ausschau halten nach dem n\u00e4chsten Outdoor-Abenteuer. Timo Peters ist f\u00fcr so ziemlich alles zu haben, was mit Reisen, frischer Luft und sportlichem Einsatz zu tun hat. Je abenteuerlicher, desto besser. Hier plaudert er ausgiebig \u00fcber seinen Norwegen-Blog Fjordwelten.de, wie man \u00fcber&#8217;s Meer trampen kann und was es mit der Fjordchallenge auf sich hat.<\/p>\n<\/div><a href=\"https:\/\/www.people-abroad.de\/blog\/norwegen-reiseblog-bruderleichtfuss\/\">Mehr...<\/a><\/p><p><h2><a href=\"https:\/\/www.people-abroad.de\/blog\/blogger-influencer-rhein-neckar\/\">Blogger &#038; Influencer in der Rhein-Neckar-Region<\/a><\/h2><div class=\"lcp_excerpt\"><p><a href=\"https:\/\/www.people-abroad.de\/blog\/blogger-influencer-rhein-neckar\/\"><img decoding=\"async\" class=\"wp-image-9025 size-full alignnone\" style=\"margin-bottom: 25px;\" src=\"https:\/\/www.people-abroad.de\/blog\/wp-content\/uploads\/2018\/09\/blogger-influencer-rhein-neckar-region.jpg\" alt=\"Blogger Influencer in der Region Rhein Neckar Mannheim Heidelberg Ludwigshafen\" width=\"900\" height=\"600\" srcset=\"https:\/\/www.people-abroad.de\/blog\/wp-content\/uploads\/2018\/09\/blogger-influencer-rhein-neckar-region.jpg 900w, https:\/\/www.people-abroad.de\/blog\/wp-content\/uploads\/2018\/09\/blogger-influencer-rhein-neckar-region-300x200.jpg 300w, https:\/\/www.people-abroad.de\/blog\/wp-content\/uploads\/2018\/09\/blogger-influencer-rhein-neckar-region-768x512.jpg 768w, https:\/\/www.people-abroad.de\/blog\/wp-content\/uploads\/2018\/09\/blogger-influencer-rhein-neckar-region-400x267.jpg 400w, https:\/\/www.people-abroad.de\/blog\/wp-content\/uploads\/2018\/09\/blogger-influencer-rhein-neckar-region-272x182.jpg 272w\" sizes=\"(max-width: 900px) 100vw, 900px\" \/><\/a>Blogger &amp; Influencer sind immer auf der Suche nach guten Fotomotiven, neuen Blog-Themen und nach stabilem Netz. Hier findest du Blogger &amp; Influencer in der Region Rhein-Neckar.<\/p>\n<\/div><a href=\"https:\/\/www.people-abroad.de\/blog\/blogger-influencer-rhein-neckar\/\">Mehr...<\/a><\/p><p><h2><a href=\"https:\/\/www.people-abroad.de\/blog\/top-10-reiseblogger\/\">10 Reiseblogger f\u00fcr deine Reise-Inspiration<\/a><\/h2><div class=\"lcp_excerpt\"><p><a href=\"https:\/\/www.people-abroad.de\/blog\/top-10-reiseblogger\/\"><img decoding=\"async\" class=\"alignleft wp-image-6871 size-full\" style=\"margin-bottom: 25px;\" src=\"https:\/\/www.people-abroad.de\/blog\/wp-content\/uploads\/2018\/01\/top-10-reiseblogger.jpg\" alt=\"Die Top 10 Reiseblogger\" width=\"900\" height=\"675\" srcset=\"https:\/\/www.people-abroad.de\/blog\/wp-content\/uploads\/2018\/01\/top-10-reiseblogger.jpg 900w, https:\/\/www.people-abroad.de\/blog\/wp-content\/uploads\/2018\/01\/top-10-reiseblogger-300x225.jpg 300w, https:\/\/www.people-abroad.de\/blog\/wp-content\/uploads\/2018\/01\/top-10-reiseblogger-768x576.jpg 768w, https:\/\/www.people-abroad.de\/blog\/wp-content\/uploads\/2018\/01\/top-10-reiseblogger-400x300.jpg 400w\" sizes=\"(max-width: 900px) 100vw, 900px\" \/><\/a><\/p>\n<p>Wer f\u00fcr sein Leben gerne reist, der liest meist mit Begeisterung auch Reiseblogs. Sie helfen bei der Reiseplanung, bieten viele tolle Tipps und inspirieren bei der Suche nach dem n\u00e4chsten Reiseziel. Und sie machen einfach Lust auf&#8217;s Reisen, weil sie das Fernweh wecken. Hier sind 10 Reiseblogger &#8211; meine Favoriten in Sachen Reisen und Fernweh.<\/p>\n<\/div><a href=\"https:\/\/www.people-abroad.de\/blog\/top-10-reiseblogger\/\">Mehr...<\/a><\/p><p><h2><a href=\"https:\/\/www.people-abroad.de\/blog\/weitwanderwege-norwegen-simon-patur\/\">Die Weitwanderwege des Nordens im Blick<\/a><\/h2><div class=\"lcp_excerpt\"><p><a href=\"https:\/\/www.people-abroad.de\/blog\/weitwanderwege-norwegen-simon-patur\/\"><img decoding=\"async\" class=\"alignleft wp-image-6407 size-full\" style=\"margin-bottom: 25px;\" src=\"https:\/\/www.people-abroad.de\/blog\/wp-content\/uploads\/2017\/12\/simon-michalowicz-weitwanderwege-3.jpg\" alt=\"Simon Michalowicz Simon pa tur\" width=\"900\" height=\"596\" srcset=\"https:\/\/www.people-abroad.de\/blog\/wp-content\/uploads\/2017\/12\/simon-michalowicz-weitwanderwege-3.jpg 900w, https:\/\/www.people-abroad.de\/blog\/wp-content\/uploads\/2017\/12\/simon-michalowicz-weitwanderwege-3-300x199.jpg 300w, https:\/\/www.people-abroad.de\/blog\/wp-content\/uploads\/2017\/12\/simon-michalowicz-weitwanderwege-3-768x509.jpg 768w, https:\/\/www.people-abroad.de\/blog\/wp-content\/uploads\/2017\/12\/simon-michalowicz-weitwanderwege-3-400x265.jpg 400w\" sizes=\"(max-width: 900px) 100vw, 900px\" \/><\/a><\/p>\n<p>Simon Michalowicz ist am liebsten drau\u00dfen mit seinen Wanderschuhen unterwegs. Besonders die Fern- und Weitwanderwege faszinieren ihn. Sein bisher gr\u00f6\u00dftes Abenteuer war die Durchquerung von Norwegen der L\u00e4nge nach. Insgesamt 140 Tage war er zu Fu\u00df bis zum Nordkap unterwegs. Hier berichtet er \u00fcber seine Leidenschaft Fernwandern.<\/p>\n<\/div><a href=\"https:\/\/www.people-abroad.de\/blog\/weitwanderwege-norwegen-simon-patur\/\">Mehr...<\/a><\/p><\/div><ul class='lcp_paginator'><li class='lcp_currentpage'>1<\/li><li><a href='https:\/\/www.people-abroad.de\/blog\/wp-json\/wp\/v2\/pages\/2473?lcp_page0=2#lcp_instance_0' title='2'>2<\/a><\/li><li><a href='https:\/\/www.people-abroad.de\/blog\/wp-json\/wp\/v2\/pages\/2473?lcp_page0=3#lcp_instance_0' title='3'>3<\/a><\/li><li><a href='https:\/\/www.people-abroad.de\/blog\/wp-json\/wp\/v2\/pages\/2473?lcp_page0=2#lcp_instance_0' title='2' class='lcp_nextlink'>\u00c4ltere Beitr\u00e4ge &gt;&gt;<\/a><\/li><\/ul>\n","protected":false},"excerpt":{"rendered":"","protected":false},"author":1,"featured_media":0,"parent":0,"menu_order":0,"comment_status":"closed","ping_status":"closed","template":"","meta":{"_monsterinsights_skip_tracking":false,"_monsterinsights_sitenote_active":false,"_monsterinsights_sitenote_note":"","_monsterinsights_sitenote_category":0,"footnotes":""},"class_list":["post-2473","page","type-page","status-publish","hentry"],"yoast_head":"<!-- This site is optimized with the Yoast SEO plugin v27.5 - https:\/\/yoast.com\/product\/yoast-seo-wordpress\/ -->\n<title>Reiseautoren - People Abroad<\/title>\n<meta name=\"description\" content=\"Reiseberichte von Reisebloggern, Reiseautoren und Abenteurern mit Reisetipps f\u00fcr die individuelle Planung zum Nachreisen.\" \/>\n<meta name=\"robots\" content=\"noindex, follow\" \/>\n<meta property=\"og:locale\" content=\"de_DE\" \/>\n<meta property=\"og:type\" content=\"article\" \/>\n<meta property=\"og:title\" content=\"Reiseautoren - People Abroad\" \/>\n<meta property=\"og:description\" content=\"Reiseberichte von Reisebloggern, Reiseautoren und Abenteurern mit Reisetipps f\u00fcr die individuelle Planung zum Nachreisen.\" \/>\n<meta property=\"og:url\" content=\"https:\/\/www.people-abroad.de\/blog\/reiseblogger\/\" \/>\n<meta property=\"og:site_name\" content=\"People Abroad\" \/>\n<meta property=\"article:publisher\" content=\"https:\/\/www.facebook.com\/menschen.international\/\" \/>\n<meta property=\"article:modified_time\" content=\"2023-01-17T10:32:47+00:00\" \/>\n<meta name=\"twitter:card\" content=\"summary_large_image\" \/>\n<meta name=\"twitter:site\" content=\"@People_Abroad\" \/>\n<meta name=\"twitter:label1\" content=\"Gesch\u00e4tzte Lesezeit\" \/>\n\t<meta name=\"twitter:data1\" content=\"1\u00a0Minute\" \/>\n<script type=\"application\/ld+json\" class=\"yoast-schema-graph\">{\"@context\":\"https:\\\/\\\/schema.org\",\"@graph\":[{\"@type\":\"WebPage\",\"@id\":\"https:\\\/\\\/www.people-abroad.de\\\/blog\\\/reiseblogger\\\/\",\"url\":\"https:\\\/\\\/www.people-abroad.de\\\/blog\\\/reiseblogger\\\/\",\"name\":\"Reiseautoren - People Abroad\",\"isPartOf\":{\"@id\":\"https:\\\/\\\/www.people-abroad.de\\\/blog\\\/#website\"},\"datePublished\":\"2017-02-03T17:14:15+00:00\",\"dateModified\":\"2023-01-17T10:32:47+00:00\",\"description\":\"Reiseberichte von Reisebloggern, Reiseautoren und Abenteurern mit Reisetipps f\u00fcr die individuelle Planung zum Nachreisen.\",\"breadcrumb\":{\"@id\":\"https:\\\/\\\/www.people-abroad.de\\\/blog\\\/reiseblogger\\\/#breadcrumb\"},\"inLanguage\":\"de\",\"potentialAction\":[{\"@type\":\"ReadAction\",\"target\":[\"https:\\\/\\\/www.people-abroad.de\\\/blog\\\/reiseblogger\\\/\"]}]},{\"@type\":\"BreadcrumbList\",\"@id\":\"https:\\\/\\\/www.people-abroad.de\\\/blog\\\/reiseblogger\\\/#breadcrumb\",\"itemListElement\":[{\"@type\":\"ListItem\",\"position\":1,\"name\":\"Startseite\",\"item\":\"https:\\\/\\\/www.people-abroad.de\\\/blog\\\/\"},{\"@type\":\"ListItem\",\"position\":2,\"name\":\"Reiseautoren\"}]},{\"@type\":\"WebSite\",\"@id\":\"https:\\\/\\\/www.people-abroad.de\\\/blog\\\/#website\",\"url\":\"https:\\\/\\\/www.people-abroad.de\\\/blog\\\/\",\"name\":\"People Abroad\",\"description\":\"Reiseblog\",\"publisher\":{\"@id\":\"https:\\\/\\\/www.people-abroad.de\\\/blog\\\/#\\\/schema\\\/person\\\/2a518a154d93ee6cf0b146bc327329b3\"},\"potentialAction\":[{\"@type\":\"SearchAction\",\"target\":{\"@type\":\"EntryPoint\",\"urlTemplate\":\"https:\\\/\\\/www.people-abroad.de\\\/blog\\\/?s={search_term_string}\"},\"query-input\":{\"@type\":\"PropertyValueSpecification\",\"valueRequired\":true,\"valueName\":\"search_term_string\"}}],\"inLanguage\":\"de\"},{\"@type\":[\"Person\",\"Organization\"],\"@id\":\"https:\\\/\\\/www.people-abroad.de\\\/blog\\\/#\\\/schema\\\/person\\\/2a518a154d93ee6cf0b146bc327329b3\",\"name\":\"Heiko M\u00fcller\",\"logo\":{\"@id\":\"https:\\\/\\\/www.people-abroad.de\\\/blog\\\/#\\\/schema\\\/person\\\/image\\\/\"},\"description\":\"Ich bin Reiseblogger, Content Creator und Redakteur. Auf Reisen erkunde ich gerne neue Regionen, St\u00e4dte und Orte beim Fotografieren, Wandern und Radfahren. F\u00fcr weitere Reisetipps folge mir auf Instagram. Mehr Infos zum Blog findest du hier: https:\\\/\\\/www.people-abroad.de\\\/blog\\\/pr-media\\\/. Kontakt: h.mueller@people-abroad.de\",\"sameAs\":[\"https:\\\/\\\/www.people-abroad.de\\\/blog\\\/\",\"https:\\\/\\\/www.facebook.com\\\/menschen.international\\\/\",\"https:\\\/\\\/www.instagram.com\\\/people.abroad\\\/\",\"https:\\\/\\\/www.linkedin.com\\\/in\\\/muellerheiko\\\/\",\"https:\\\/\\\/www.pinterest.de\\\/peopleabroad\\\/\",\"https:\\\/\\\/x.com\\\/People_Abroad\",\"https:\\\/\\\/www.youtube.com\\\/user\\\/MenschenInt\"]}]}<\/script>\n<!-- \/ Yoast SEO plugin. -->","yoast_head_json":{"title":"Reiseautoren - People Abroad","description":"Reiseberichte von Reisebloggern, Reiseautoren und Abenteurern mit Reisetipps f\u00fcr die individuelle Planung zum Nachreisen.","robots":{"index":"noindex","follow":"follow"},"og_locale":"de_DE","og_type":"article","og_title":"Reiseautoren - People Abroad","og_description":"Reiseberichte von Reisebloggern, Reiseautoren und Abenteurern mit Reisetipps f\u00fcr die individuelle Planung zum Nachreisen.","og_url":"https:\/\/www.people-abroad.de\/blog\/reiseblogger\/","og_site_name":"People Abroad","article_publisher":"https:\/\/www.facebook.com\/menschen.international\/","article_modified_time":"2023-01-17T10:32:47+00:00","twitter_card":"summary_large_image","twitter_site":"@People_Abroad","twitter_misc":{"Gesch\u00e4tzte Lesezeit":"1\u00a0Minute"},"schema":{"@context":"https:\/\/schema.org","@graph":[{"@type":"WebPage","@id":"https:\/\/www.people-abroad.de\/blog\/reiseblogger\/","url":"https:\/\/www.people-abroad.de\/blog\/reiseblogger\/","name":"Reiseautoren - People Abroad","isPartOf":{"@id":"https:\/\/www.people-abroad.de\/blog\/#website"},"datePublished":"2017-02-03T17:14:15+00:00","dateModified":"2023-01-17T10:32:47+00:00","description":"Reiseberichte von Reisebloggern, Reiseautoren und Abenteurern mit Reisetipps f\u00fcr die individuelle Planung zum Nachreisen.","breadcrumb":{"@id":"https:\/\/www.people-abroad.de\/blog\/reiseblogger\/#breadcrumb"},"inLanguage":"de","potentialAction":[{"@type":"ReadAction","target":["https:\/\/www.people-abroad.de\/blog\/reiseblogger\/"]}]},{"@type":"BreadcrumbList","@id":"https:\/\/www.people-abroad.de\/blog\/reiseblogger\/#breadcrumb","itemListElement":[{"@type":"ListItem","position":1,"name":"Startseite","item":"https:\/\/www.people-abroad.de\/blog\/"},{"@type":"ListItem","position":2,"name":"Reiseautoren"}]},{"@type":"WebSite","@id":"https:\/\/www.people-abroad.de\/blog\/#website","url":"https:\/\/www.people-abroad.de\/blog\/","name":"People Abroad","description":"Reiseblog","publisher":{"@id":"https:\/\/www.people-abroad.de\/blog\/#\/schema\/person\/2a518a154d93ee6cf0b146bc327329b3"},"potentialAction":[{"@type":"SearchAction","target":{"@type":"EntryPoint","urlTemplate":"https:\/\/www.people-abroad.de\/blog\/?s={search_term_string}"},"query-input":{"@type":"PropertyValueSpecification","valueRequired":true,"valueName":"search_term_string"}}],"inLanguage":"de"},{"@type":["Person","Organization"],"@id":"https:\/\/www.people-abroad.de\/blog\/#\/schema\/person\/2a518a154d93ee6cf0b146bc327329b3","name":"Heiko M\u00fcller","logo":{"@id":"https:\/\/www.people-abroad.de\/blog\/#\/schema\/person\/image\/"},"description":"Ich bin Reiseblogger, Content Creator und Redakteur. Auf Reisen erkunde ich gerne neue Regionen, St\u00e4dte und Orte beim Fotografieren, Wandern und Radfahren. F\u00fcr weitere Reisetipps folge mir auf Instagram. Mehr Infos zum Blog findest du hier: https:\/\/www.people-abroad.de\/blog\/pr-media\/. Kontakt: h.mueller@people-abroad.de","sameAs":["https:\/\/www.people-abroad.de\/blog\/","https:\/\/www.facebook.com\/menschen.international\/","https:\/\/www.instagram.com\/people.abroad\/","https:\/\/www.linkedin.com\/in\/muellerheiko\/","https:\/\/www.pinterest.de\/peopleabroad\/","https:\/\/x.com\/People_Abroad","https:\/\/www.youtube.com\/user\/MenschenInt"]}]}},"_links":{"self":[{"href":"https:\/\/www.people-abroad.de\/blog\/wp-json\/wp\/v2\/pages\/2473","targetHints":{"allow":["GET"]}}],"collection":[{"href":"https:\/\/www.people-abroad.de\/blog\/wp-json\/wp\/v2\/pages"}],"about":[{"href":"https:\/\/www.people-abroad.de\/blog\/wp-json\/wp\/v2\/types\/page"}],"author":[{"embeddable":true,"href":"https:\/\/www.people-abroad.de\/blog\/wp-json\/wp\/v2\/users\/1"}],"replies":[{"embeddable":true,"href":"https:\/\/www.people-abroad.de\/blog\/wp-json\/wp\/v2\/comments?post=2473"}],"version-history":[{"count":5,"href":"https:\/\/www.people-abroad.de\/blog\/wp-json\/wp\/v2\/pages\/2473\/revisions"}],"predecessor-version":[{"id":14691,"href":"https:\/\/www.people-abroad.de\/blog\/wp-json\/wp\/v2\/pages\/2473\/revisions\/14691"}],"wp:attachment":[{"href":"https:\/\/www.people-abroad.de\/blog\/wp-json\/wp\/v2\/media?parent=2473"}],"curies":[{"name":"wp","href":"https:\/\/api.w.org\/{rel}","templated":true}]}}