{"id":2368,"date":"2017-01-23T16:16:44","date_gmt":"2017-01-23T15:16:44","guid":{"rendered":"http:\/\/www.people-abroad.de\/blog\/?page_id=2368"},"modified":"2023-01-17T10:34:28","modified_gmt":"2023-01-17T09:34:28","slug":"amerika","status":"publish","type":"page","link":"https:\/\/www.people-abroad.de\/blog\/amerika\/","title":{"rendered":"Amerika"},"content":{"rendered":"<div class=\"lcp_catlist\" id=\"lcp_instance_0\"><p><h2><a href=\"https:\/\/www.people-abroad.de\/blog\/alaska-usa-tipps\/\">Alaska: Fjorde, Gletscher und die Inside Passage<\/a><\/h2><div class=\"lcp_excerpt\"><p><a href=\"https:\/\/www.people-abroad.de\/blog\/alaska-usa-tipps\/\"><img decoding=\"async\" class=\"alignnone wp-image-35407 size-large\" src=\"https:\/\/www.people-abroad.de\/blog\/wp-content\/uploads\/2024\/11\/alaska-usa-nordamerika-tipps-1024x683.jpeg\" alt=\"Alaska USA Nordamerika Tipps \" width=\"1024\" height=\"683\" srcset=\"https:\/\/www.people-abroad.de\/blog\/wp-content\/uploads\/2024\/11\/alaska-usa-nordamerika-tipps-1024x683.jpeg 1024w, https:\/\/www.people-abroad.de\/blog\/wp-content\/uploads\/2024\/11\/alaska-usa-nordamerika-tipps-300x200.jpeg 300w, https:\/\/www.people-abroad.de\/blog\/wp-content\/uploads\/2024\/11\/alaska-usa-nordamerika-tipps-768x512.jpeg 768w, https:\/\/www.people-abroad.de\/blog\/wp-content\/uploads\/2024\/11\/alaska-usa-nordamerika-tipps.jpeg 1200w\" sizes=\"(max-width: 1024px) 100vw, 1024px\" \/><\/a><\/p>\n<p>Alaska ist der gr\u00f6\u00dfte und am d\u00fcnnsten besiedelte Bundesstaat der USA, er lohnt sich wegen seiner Berge, W\u00e4lder, Fjorde und Gletscher. Tipps f\u00fcr die Alaska-Reise. <\/p>\n<\/div><a href=\"https:\/\/www.people-abroad.de\/blog\/alaska-usa-tipps\/\">Mehr...<\/a><\/p><p><h2><a href=\"https:\/\/www.people-abroad.de\/blog\/saint-lucia-karibik\/\">Romantische Antilleninsel Saint Lucia in der Karibik<\/a><\/h2><div class=\"lcp_excerpt\"><p><a href=\"https:\/\/www.people-abroad.de\/blog\/saint-lucia-karibik\/\"><img decoding=\"async\" class=\"alignnone wp-image-36394 size-large\" src=\"https:\/\/www.people-abroad.de\/blog\/wp-content\/uploads\/2025\/04\/saint-lucia-27-1024x683.jpeg\" alt=\"Saint Lucia Karibik Antillen Tipps\" width=\"1024\" height=\"683\" srcset=\"https:\/\/www.people-abroad.de\/blog\/wp-content\/uploads\/2025\/04\/saint-lucia-27-1024x683.jpeg 1024w, https:\/\/www.people-abroad.de\/blog\/wp-content\/uploads\/2025\/04\/saint-lucia-27-300x200.jpeg 300w, https:\/\/www.people-abroad.de\/blog\/wp-content\/uploads\/2025\/04\/saint-lucia-27-768x512.jpeg 768w, https:\/\/www.people-abroad.de\/blog\/wp-content\/uploads\/2025\/04\/saint-lucia-27.jpeg 1200w\" sizes=\"(max-width: 1024px) 100vw, 1024px\" \/><\/a><\/p>\n<p> Die Antilleninsel Saint Lucia ist gepr\u00e4gt von traumhaften Str\u00e4nden, zwei Vulkanen und lebendigen Orten. Eindr\u00fccke von einer Reise nach Saint Lucia im Atlantischen Ozean.<\/p>\n<\/div><a href=\"https:\/\/www.people-abroad.de\/blog\/saint-lucia-karibik\/\">Mehr...<\/a><\/p><p><h2><a href=\"https:\/\/www.people-abroad.de\/blog\/vancouver-island-kanada\/\">Vancouver Island: Kanadas wilden Westen erkunden<\/a><\/h2><div class=\"lcp_excerpt\"><p><a href=\"https:\/\/www.people-abroad.de\/blog\/vancouver-island-kanada\/\"><img decoding=\"async\" class=\"alignnone wp-image-34293 size-large\" src=\"https:\/\/www.people-abroad.de\/blog\/wp-content\/uploads\/2024\/07\/vancouver-island-kanada-reisetipps-1024x683.jpeg\" alt=\"Vancouver Island British Columbia Kanada\" width=\"1024\" height=\"683\" srcset=\"https:\/\/www.people-abroad.de\/blog\/wp-content\/uploads\/2024\/07\/vancouver-island-kanada-reisetipps-1024x683.jpeg 1024w, https:\/\/www.people-abroad.de\/blog\/wp-content\/uploads\/2024\/07\/vancouver-island-kanada-reisetipps-300x200.jpeg 300w, https:\/\/www.people-abroad.de\/blog\/wp-content\/uploads\/2024\/07\/vancouver-island-kanada-reisetipps-768x512.jpeg 768w, https:\/\/www.people-abroad.de\/blog\/wp-content\/uploads\/2024\/07\/vancouver-island-kanada-reisetipps.jpeg 1280w\" sizes=\"(max-width: 1024px) 100vw, 1024px\" \/><\/a><\/p>\n<p>W\u00e4lder, Berge, Fl\u00fcsse und Fjorde: Vancouver Island bietet eine vielf\u00e4ltige Natur und echtes Kanada-Feeling. 10 Tipps f\u00fcr die Pazifikinsel im S\u00fcdwesten der Provinz British Columbia.<\/p>\n<\/div><a href=\"https:\/\/www.people-abroad.de\/blog\/vancouver-island-kanada\/\">Mehr...<\/a><\/p><p><h2><a href=\"https:\/\/www.people-abroad.de\/blog\/philadelphia-staedtereise-tipps\/\">Philadelphia: Die untersch\u00e4tzte Metropole an der Ostk\u00fcste<\/a><\/h2><div class=\"lcp_excerpt\"><p><a href=\"https:\/\/www.people-abroad.de\/blog\/philadelphia-staedtereise-tipps\/\"><img decoding=\"async\" class=\"alignnone wp-image-33219 size-large\" src=\"https:\/\/www.people-abroad.de\/blog\/wp-content\/uploads\/2024\/04\/philadelphia-staedtereise-usa-tipps-1024x683.jpeg\" alt=\"Philadelphia St\u00e4dtereise Ostk\u00fcste USA Tipps\" width=\"1024\" height=\"683\" srcset=\"https:\/\/www.people-abroad.de\/blog\/wp-content\/uploads\/2024\/04\/philadelphia-staedtereise-usa-tipps-1024x683.jpeg 1024w, https:\/\/www.people-abroad.de\/blog\/wp-content\/uploads\/2024\/04\/philadelphia-staedtereise-usa-tipps-300x200.jpeg 300w, https:\/\/www.people-abroad.de\/blog\/wp-content\/uploads\/2024\/04\/philadelphia-staedtereise-usa-tipps-768x512.jpeg 768w, https:\/\/www.people-abroad.de\/blog\/wp-content\/uploads\/2024\/04\/philadelphia-staedtereise-usa-tipps.jpeg 1200w\" sizes=\"(max-width: 1024px) 100vw, 1024px\" \/><\/a><\/p>\n<p> Philadelphia im US-Bundesstaat Pennsylvania geh\u00f6rt zu den gr\u00f6\u00dften St\u00e4dten der USA. Co-Autorin Uwa hat sie besucht und schreibt \u00fcber ihre Eindr\u00fccke von der St\u00e4dtereise.<\/p>\n<\/div><a href=\"https:\/\/www.people-abroad.de\/blog\/philadelphia-staedtereise-tipps\/\">Mehr...<\/a><\/p><p><h2><a href=\"https:\/\/www.people-abroad.de\/blog\/colorado-usa-tipps\/\">Colorado: 10 Tipps f\u00fcr den Besuch im US-Bundesstaat<\/a><\/h2><div class=\"lcp_excerpt\"><p><a href=\"https:\/\/www.people-abroad.de\/blog\/colorado-usa-tipps\/\"><img decoding=\"async\" class=\"alignnone wp-image-33147 size-large\" src=\"https:\/\/www.people-abroad.de\/blog\/wp-content\/uploads\/2024\/04\/colorado-bundesstaat-usa-tipps-7-1024x683.jpeg\" alt=\"Colorado USA Tipps Reise Natur Landschaft\" width=\"1024\" height=\"683\" srcset=\"https:\/\/www.people-abroad.de\/blog\/wp-content\/uploads\/2024\/04\/colorado-bundesstaat-usa-tipps-7-1024x683.jpeg 1024w, https:\/\/www.people-abroad.de\/blog\/wp-content\/uploads\/2024\/04\/colorado-bundesstaat-usa-tipps-7-300x200.jpeg 300w, https:\/\/www.people-abroad.de\/blog\/wp-content\/uploads\/2024\/04\/colorado-bundesstaat-usa-tipps-7-768x512.jpeg 768w, https:\/\/www.people-abroad.de\/blog\/wp-content\/uploads\/2024\/04\/colorado-bundesstaat-usa-tipps-7.jpeg 1200w\" sizes=\"(max-width: 1024px) 100vw, 1024px\" \/><\/a><\/p>\n<p>Colorado gilt als Outdoor-Paradies unter den US-Bundesstaaten. Gastautor Michael Wigge ist dorthin ausgewandert und hat seine 10 Tipps f\u00fcr Colorado zusammengefasst.<\/p>\n<\/div><a href=\"https:\/\/www.people-abroad.de\/blog\/colorado-usa-tipps\/\">Mehr...<\/a><\/p><p><h2><a href=\"https:\/\/www.people-abroad.de\/blog\/outdoor-highlights-brasilien\/\">Die besten Outdoor-Highlights in Brasilien<\/a><\/h2><div class=\"lcp_excerpt\"><p><a href=\"https:\/\/www.people-abroad.de\/blog\/outdoor-highlights-brasilien\/\"><img decoding=\"async\" class=\"wp-image-15293 size-full alignleft\" style=\"margin-bottom: 25px;\" src=\"https:\/\/www.people-abroad.de\/blog\/wp-content\/uploads\/2020\/01\/outdoor-highlights-brasilien-chapada-diamantina-1.jpg\" alt=\"Outdoor-Highlights Brasilien Aktivreise Roadtrip\" width=\"984\" height=\"703\" srcset=\"https:\/\/www.people-abroad.de\/blog\/wp-content\/uploads\/2020\/01\/outdoor-highlights-brasilien-chapada-diamantina-1.jpg 984w, https:\/\/www.people-abroad.de\/blog\/wp-content\/uploads\/2020\/01\/outdoor-highlights-brasilien-chapada-diamantina-1-300x214.jpg 300w, https:\/\/www.people-abroad.de\/blog\/wp-content\/uploads\/2020\/01\/outdoor-highlights-brasilien-chapada-diamantina-1-768x549.jpg 768w, https:\/\/www.people-abroad.de\/blog\/wp-content\/uploads\/2020\/01\/outdoor-highlights-brasilien-chapada-diamantina-1-400x286.jpg 400w\" sizes=\"(max-width: 984px) 100vw, 984px\" \/><\/a><\/p>\n<p> Brasilien ist viel mehr als nur Strandurlaub: Die beliebtesten Spots zu verschiedenen Outdoor-Highlights f\u00fcr deine Reise nach Brasilien findest du hier zusammengefasst.<\/p>\n<\/div><a href=\"https:\/\/www.people-abroad.de\/blog\/outdoor-highlights-brasilien\/\">Mehr...<\/a><\/p><p><h2><a href=\"https:\/\/www.people-abroad.de\/blog\/atacama-wueste-chile\/\">Die Atacama W\u00fcste &#8211; mein Chile Highlight<\/a><\/h2><div class=\"lcp_excerpt\"><p><a href=\"https:\/\/www.people-abroad.de\/blog\/atacama-wueste-chile\/\"><img decoding=\"async\" class=\"alignleft wp-image-12342 size-full\" style=\"margin-bottom: 25px;\" src=\"https:\/\/www.people-abroad.de\/blog\/wp-content\/uploads\/2019\/05\/atacama-6.jpg\" alt=\"Atacama W\u00fcste Chile Rundreise S\u00fcdamerika\" width=\"1000\" height=\"659\" srcset=\"https:\/\/www.people-abroad.de\/blog\/wp-content\/uploads\/2019\/05\/atacama-6.jpg 1000w, https:\/\/www.people-abroad.de\/blog\/wp-content\/uploads\/2019\/05\/atacama-6-300x198.jpg 300w, https:\/\/www.people-abroad.de\/blog\/wp-content\/uploads\/2019\/05\/atacama-6-768x506.jpg 768w, https:\/\/www.people-abroad.de\/blog\/wp-content\/uploads\/2019\/05\/atacama-6-400x264.jpg 400w\" sizes=\"(max-width: 1000px) 100vw, 1000px\" \/><\/a><\/p>\n<p>Die Atacama W\u00fcste ist ein faszinierendes Naturschauspiel. F\u00fcr Co-Autor Philipp, der mehrere Monate in Chile verbrachte, war es sein pers\u00f6nliches Highlight auf seinem S\u00fcdamerika-Trip.<\/p>\n<\/div><a href=\"https:\/\/www.people-abroad.de\/blog\/atacama-wueste-chile\/\">Mehr...<\/a><\/p><p><h2><a href=\"https:\/\/www.people-abroad.de\/blog\/nachhaltig-reisen-ecuador\/\">Nachhaltig Reisen nach Yunguilla in Ecuador<\/a><\/h2><div class=\"lcp_excerpt\"><p><a href=\"https:\/\/www.people-abroad.de\/blog\/nachhaltig-reisen-ecuador\/\"><img decoding=\"async\" class=\"alignleft wp-image-10751 size-full\" style=\"margin-bottom: 25px;\" src=\"https:\/\/www.people-abroad.de\/blog\/wp-content\/uploads\/2019\/02\/nachhaltig-reisen-suedamerika.jpg\" alt=\"Nachhaltig Reisen nach Yunguilla in Ecuador - S\u00fcdamerika\" width=\"900\" height=\"598\" srcset=\"https:\/\/www.people-abroad.de\/blog\/wp-content\/uploads\/2019\/02\/nachhaltig-reisen-suedamerika.jpg 900w, https:\/\/www.people-abroad.de\/blog\/wp-content\/uploads\/2019\/02\/nachhaltig-reisen-suedamerika-300x199.jpg 300w, https:\/\/www.people-abroad.de\/blog\/wp-content\/uploads\/2019\/02\/nachhaltig-reisen-suedamerika-768x510.jpg 768w, https:\/\/www.people-abroad.de\/blog\/wp-content\/uploads\/2019\/02\/nachhaltig-reisen-suedamerika-400x266.jpg 400w, https:\/\/www.people-abroad.de\/blog\/wp-content\/uploads\/2019\/02\/nachhaltig-reisen-suedamerika-272x182.jpg 272w\" sizes=\"(max-width: 900px) 100vw, 900px\" \/><\/a><\/p>\n<p style=\"text-align: left;\">Nachhaltig Reisen liegt im Trend und bietet tolle M\u00f6glichkeiten, L\u00e4nder und Regionen m\u00f6glichst authentisch kennenzulernen. Gastautorin Kaya berichtet \u00fcber ein Projekt in Ecuador.<\/p>\n<\/div><a href=\"https:\/\/www.people-abroad.de\/blog\/nachhaltig-reisen-ecuador\/\">Mehr...<\/a><\/p><p><h2><a href=\"https:\/\/www.people-abroad.de\/blog\/aktivreise-suedamerika\/\">Mit einer Rundreise S\u00fcdamerika entdecken<\/a><\/h2><div class=\"lcp_excerpt\"><p><a href=\"https:\/\/www.people-abroad.de\/blog\/aktivreise-suedamerika\/\"><img decoding=\"async\" class=\"alignnone wp-image-9285 size-full\" src=\"https:\/\/www.people-abroad.de\/blog\/wp-content\/uploads\/2018\/09\/reiten-ecuador.jpg\" alt=\"S\u00fcdamerika Urlaub Aktivreise \" width=\"900\" height=\"600\" srcset=\"https:\/\/www.people-abroad.de\/blog\/wp-content\/uploads\/2018\/09\/reiten-ecuador.jpg 900w, https:\/\/www.people-abroad.de\/blog\/wp-content\/uploads\/2018\/09\/reiten-ecuador-300x200.jpg 300w, https:\/\/www.people-abroad.de\/blog\/wp-content\/uploads\/2018\/09\/reiten-ecuador-768x512.jpg 768w, https:\/\/www.people-abroad.de\/blog\/wp-content\/uploads\/2018\/09\/reiten-ecuador-400x267.jpg 400w, https:\/\/www.people-abroad.de\/blog\/wp-content\/uploads\/2018\/09\/reiten-ecuador-272x182.jpg 272w\" sizes=\"(max-width: 900px) 100vw, 900px\" \/><\/a><\/p>\n<p> Du willst nach S\u00fcdamerika und startest gerade mit deiner Reiseplanung? Hier findest du Infos \u00fcber einen nachhaltigen Reiseanbieter f\u00fcr eine Rundreise S\u00fcdamerika.<\/p>\n<\/div><a href=\"https:\/\/www.people-abroad.de\/blog\/aktivreise-suedamerika\/\">Mehr...<\/a><\/p><p><h2><a href=\"https:\/\/www.people-abroad.de\/blog\/mexiko-yucatan-tipps\/\">10 Highlights und Tipps f\u00fcr Yucatan<\/a><\/h2><div class=\"lcp_excerpt\"><p><a href=\"https:\/\/www.people-abroad.de\/blog\/mexiko-yucatan-tipps\/\"><img decoding=\"async\" class=\"alignleft wp-image-7761 size-full\" style=\"margin-bottom: 25px;\" src=\"https:\/\/www.people-abroad.de\/blog\/wp-content\/uploads\/2018\/05\/yucatan-chitchen-itza.jpg\" alt=\"Yucatan Mexiko Maya Tempel Urlaub Tipps\" width=\"900\" height=\"675\" srcset=\"https:\/\/www.people-abroad.de\/blog\/wp-content\/uploads\/2018\/05\/yucatan-chitchen-itza.jpg 900w, https:\/\/www.people-abroad.de\/blog\/wp-content\/uploads\/2018\/05\/yucatan-chitchen-itza-300x225.jpg 300w, https:\/\/www.people-abroad.de\/blog\/wp-content\/uploads\/2018\/05\/yucatan-chitchen-itza-768x576.jpg 768w, https:\/\/www.people-abroad.de\/blog\/wp-content\/uploads\/2018\/05\/yucatan-chitchen-itza-400x300.jpg 400w\" sizes=\"(max-width: 900px) 100vw, 900px\" \/><\/a><\/p>\n<p>Beeindruckende Maya-St\u00e4tten im Sonnenuntergang bestaunen. Eine von vielen M\u00f6glichkeiten, die sich Reisenden bei einem Besuch in Yucatan bieten. Hier sind 10 Tipps f\u00fcr die Region.<\/p>\n<\/div><a href=\"https:\/\/www.people-abroad.de\/blog\/mexiko-yucatan-tipps\/\">Mehr...<\/a><\/p><\/div><ul class='lcp_paginator'><li class='lcp_currentpage'>1<\/li><li><a href='https:\/\/www.people-abroad.de\/blog\/wp-json\/wp\/v2\/pages\/2368?lcp_page0=2#lcp_instance_0' title='2'>2<\/a><\/li><li><a href='https:\/\/www.people-abroad.de\/blog\/wp-json\/wp\/v2\/pages\/2368?lcp_page0=2#lcp_instance_0' title='2' class='lcp_nextlink'>\u00c4ltere Beitr\u00e4ge &gt;&gt;<\/a><\/li><\/ul>\n","protected":false},"excerpt":{"rendered":"","protected":false},"author":1,"featured_media":0,"parent":0,"menu_order":0,"comment_status":"closed","ping_status":"closed","template":"","meta":{"_monsterinsights_skip_tracking":false,"_monsterinsights_sitenote_active":false,"_monsterinsights_sitenote_note":"","_monsterinsights_sitenote_category":0,"footnotes":""},"class_list":["post-2368","page","type-page","status-publish","hentry"],"yoast_head":"<!-- This site is optimized with the Yoast SEO plugin v27.5 - https:\/\/yoast.com\/product\/yoast-seo-wordpress\/ -->\n<title>Amerika - People Abroad<\/title>\n<meta name=\"description\" content=\"Reiseberichte f\u00fcr die Region Nord-, Mittel- und S\u00fcdamerika mit Reisetipps f\u00fcr die individuelle Planung zum Nachreisen.\" \/>\n<meta name=\"robots\" content=\"noindex, follow\" \/>\n<meta property=\"og:locale\" content=\"de_DE\" \/>\n<meta property=\"og:type\" content=\"article\" \/>\n<meta property=\"og:title\" content=\"Amerika - People Abroad\" \/>\n<meta property=\"og:description\" content=\"Reiseberichte f\u00fcr die Region Nord-, Mittel- und S\u00fcdamerika mit Reisetipps f\u00fcr die individuelle Planung zum Nachreisen.\" \/>\n<meta property=\"og:url\" content=\"https:\/\/www.people-abroad.de\/blog\/amerika\/\" \/>\n<meta property=\"og:site_name\" content=\"People Abroad\" \/>\n<meta property=\"article:publisher\" content=\"https:\/\/www.facebook.com\/menschen.international\/\" \/>\n<meta property=\"article:modified_time\" content=\"2023-01-17T09:34:28+00:00\" \/>\n<meta name=\"twitter:card\" content=\"summary_large_image\" \/>\n<meta name=\"twitter:site\" content=\"@People_Abroad\" \/>\n<meta name=\"twitter:label1\" content=\"Gesch\u00e4tzte Lesezeit\" \/>\n\t<meta name=\"twitter:data1\" content=\"1\u00a0Minute\" \/>\n<script type=\"application\/ld+json\" class=\"yoast-schema-graph\">{\"@context\":\"https:\\\/\\\/schema.org\",\"@graph\":[{\"@type\":\"WebPage\",\"@id\":\"https:\\\/\\\/www.people-abroad.de\\\/blog\\\/amerika\\\/\",\"url\":\"https:\\\/\\\/www.people-abroad.de\\\/blog\\\/amerika\\\/\",\"name\":\"Amerika - People Abroad\",\"isPartOf\":{\"@id\":\"https:\\\/\\\/www.people-abroad.de\\\/blog\\\/#website\"},\"datePublished\":\"2017-01-23T15:16:44+00:00\",\"dateModified\":\"2023-01-17T09:34:28+00:00\",\"description\":\"Reiseberichte f\u00fcr die Region Nord-, Mittel- und S\u00fcdamerika mit Reisetipps f\u00fcr die individuelle Planung zum Nachreisen.\",\"breadcrumb\":{\"@id\":\"https:\\\/\\\/www.people-abroad.de\\\/blog\\\/amerika\\\/#breadcrumb\"},\"inLanguage\":\"de\",\"potentialAction\":[{\"@type\":\"ReadAction\",\"target\":[\"https:\\\/\\\/www.people-abroad.de\\\/blog\\\/amerika\\\/\"]}]},{\"@type\":\"BreadcrumbList\",\"@id\":\"https:\\\/\\\/www.people-abroad.de\\\/blog\\\/amerika\\\/#breadcrumb\",\"itemListElement\":[{\"@type\":\"ListItem\",\"position\":1,\"name\":\"Startseite\",\"item\":\"https:\\\/\\\/www.people-abroad.de\\\/blog\\\/\"},{\"@type\":\"ListItem\",\"position\":2,\"name\":\"Amerika\"}]},{\"@type\":\"WebSite\",\"@id\":\"https:\\\/\\\/www.people-abroad.de\\\/blog\\\/#website\",\"url\":\"https:\\\/\\\/www.people-abroad.de\\\/blog\\\/\",\"name\":\"People Abroad\",\"description\":\"Reiseblog\",\"publisher\":{\"@id\":\"https:\\\/\\\/www.people-abroad.de\\\/blog\\\/#\\\/schema\\\/person\\\/2a518a154d93ee6cf0b146bc327329b3\"},\"potentialAction\":[{\"@type\":\"SearchAction\",\"target\":{\"@type\":\"EntryPoint\",\"urlTemplate\":\"https:\\\/\\\/www.people-abroad.de\\\/blog\\\/?s={search_term_string}\"},\"query-input\":{\"@type\":\"PropertyValueSpecification\",\"valueRequired\":true,\"valueName\":\"search_term_string\"}}],\"inLanguage\":\"de\"},{\"@type\":[\"Person\",\"Organization\"],\"@id\":\"https:\\\/\\\/www.people-abroad.de\\\/blog\\\/#\\\/schema\\\/person\\\/2a518a154d93ee6cf0b146bc327329b3\",\"name\":\"Heiko M\u00fcller\",\"logo\":{\"@id\":\"https:\\\/\\\/www.people-abroad.de\\\/blog\\\/#\\\/schema\\\/person\\\/image\\\/\"},\"description\":\"Ich bin Reiseblogger, Content Creator und Redakteur. Auf Reisen erkunde ich gerne neue Regionen, St\u00e4dte und Orte beim Fotografieren, Wandern und Radfahren. F\u00fcr weitere Reisetipps folge mir auf Instagram. Mehr Infos zum Blog findest du hier: https:\\\/\\\/www.people-abroad.de\\\/blog\\\/pr-media\\\/. Kontakt: h.mueller@people-abroad.de\",\"sameAs\":[\"https:\\\/\\\/www.people-abroad.de\\\/blog\\\/\",\"https:\\\/\\\/www.facebook.com\\\/menschen.international\\\/\",\"https:\\\/\\\/www.instagram.com\\\/people.abroad\\\/\",\"https:\\\/\\\/www.linkedin.com\\\/in\\\/muellerheiko\\\/\",\"https:\\\/\\\/www.pinterest.de\\\/peopleabroad\\\/\",\"https:\\\/\\\/x.com\\\/People_Abroad\",\"https:\\\/\\\/www.youtube.com\\\/user\\\/MenschenInt\"]}]}<\/script>\n<!-- \/ Yoast SEO plugin. -->","yoast_head_json":{"title":"Amerika - People Abroad","description":"Reiseberichte f\u00fcr die Region Nord-, Mittel- und S\u00fcdamerika mit Reisetipps f\u00fcr die individuelle Planung zum Nachreisen.","robots":{"index":"noindex","follow":"follow"},"og_locale":"de_DE","og_type":"article","og_title":"Amerika - People Abroad","og_description":"Reiseberichte f\u00fcr die Region Nord-, Mittel- und S\u00fcdamerika mit Reisetipps f\u00fcr die individuelle Planung zum Nachreisen.","og_url":"https:\/\/www.people-abroad.de\/blog\/amerika\/","og_site_name":"People Abroad","article_publisher":"https:\/\/www.facebook.com\/menschen.international\/","article_modified_time":"2023-01-17T09:34:28+00:00","twitter_card":"summary_large_image","twitter_site":"@People_Abroad","twitter_misc":{"Gesch\u00e4tzte Lesezeit":"1\u00a0Minute"},"schema":{"@context":"https:\/\/schema.org","@graph":[{"@type":"WebPage","@id":"https:\/\/www.people-abroad.de\/blog\/amerika\/","url":"https:\/\/www.people-abroad.de\/blog\/amerika\/","name":"Amerika - People Abroad","isPartOf":{"@id":"https:\/\/www.people-abroad.de\/blog\/#website"},"datePublished":"2017-01-23T15:16:44+00:00","dateModified":"2023-01-17T09:34:28+00:00","description":"Reiseberichte f\u00fcr die Region Nord-, Mittel- und S\u00fcdamerika mit Reisetipps f\u00fcr die individuelle Planung zum Nachreisen.","breadcrumb":{"@id":"https:\/\/www.people-abroad.de\/blog\/amerika\/#breadcrumb"},"inLanguage":"de","potentialAction":[{"@type":"ReadAction","target":["https:\/\/www.people-abroad.de\/blog\/amerika\/"]}]},{"@type":"BreadcrumbList","@id":"https:\/\/www.people-abroad.de\/blog\/amerika\/#breadcrumb","itemListElement":[{"@type":"ListItem","position":1,"name":"Startseite","item":"https:\/\/www.people-abroad.de\/blog\/"},{"@type":"ListItem","position":2,"name":"Amerika"}]},{"@type":"WebSite","@id":"https:\/\/www.people-abroad.de\/blog\/#website","url":"https:\/\/www.people-abroad.de\/blog\/","name":"People Abroad","description":"Reiseblog","publisher":{"@id":"https:\/\/www.people-abroad.de\/blog\/#\/schema\/person\/2a518a154d93ee6cf0b146bc327329b3"},"potentialAction":[{"@type":"SearchAction","target":{"@type":"EntryPoint","urlTemplate":"https:\/\/www.people-abroad.de\/blog\/?s={search_term_string}"},"query-input":{"@type":"PropertyValueSpecification","valueRequired":true,"valueName":"search_term_string"}}],"inLanguage":"de"},{"@type":["Person","Organization"],"@id":"https:\/\/www.people-abroad.de\/blog\/#\/schema\/person\/2a518a154d93ee6cf0b146bc327329b3","name":"Heiko M\u00fcller","logo":{"@id":"https:\/\/www.people-abroad.de\/blog\/#\/schema\/person\/image\/"},"description":"Ich bin Reiseblogger, Content Creator und Redakteur. Auf Reisen erkunde ich gerne neue Regionen, St\u00e4dte und Orte beim Fotografieren, Wandern und Radfahren. F\u00fcr weitere Reisetipps folge mir auf Instagram. Mehr Infos zum Blog findest du hier: https:\/\/www.people-abroad.de\/blog\/pr-media\/. Kontakt: h.mueller@people-abroad.de","sameAs":["https:\/\/www.people-abroad.de\/blog\/","https:\/\/www.facebook.com\/menschen.international\/","https:\/\/www.instagram.com\/people.abroad\/","https:\/\/www.linkedin.com\/in\/muellerheiko\/","https:\/\/www.pinterest.de\/peopleabroad\/","https:\/\/x.com\/People_Abroad","https:\/\/www.youtube.com\/user\/MenschenInt"]}]}},"_links":{"self":[{"href":"https:\/\/www.people-abroad.de\/blog\/wp-json\/wp\/v2\/pages\/2368","targetHints":{"allow":["GET"]}}],"collection":[{"href":"https:\/\/www.people-abroad.de\/blog\/wp-json\/wp\/v2\/pages"}],"about":[{"href":"https:\/\/www.people-abroad.de\/blog\/wp-json\/wp\/v2\/types\/page"}],"author":[{"embeddable":true,"href":"https:\/\/www.people-abroad.de\/blog\/wp-json\/wp\/v2\/users\/1"}],"replies":[{"embeddable":true,"href":"https:\/\/www.people-abroad.de\/blog\/wp-json\/wp\/v2\/comments?post=2368"}],"version-history":[{"count":2,"href":"https:\/\/www.people-abroad.de\/blog\/wp-json\/wp\/v2\/pages\/2368\/revisions"}],"predecessor-version":[{"id":14546,"href":"https:\/\/www.people-abroad.de\/blog\/wp-json\/wp\/v2\/pages\/2368\/revisions\/14546"}],"wp:attachment":[{"href":"https:\/\/www.people-abroad.de\/blog\/wp-json\/wp\/v2\/media?parent=2368"}],"curies":[{"name":"wp","href":"https:\/\/api.w.org\/{rel}","templated":true}]}}