{"id":2077,"date":"2016-11-29T22:20:58","date_gmt":"2016-11-29T21:20:58","guid":{"rendered":"http:\/\/www.people-abroad.de\/blog\/?page_id=2077"},"modified":"2023-01-17T11:12:31","modified_gmt":"2023-01-17T10:12:31","slug":"laender","status":"publish","type":"page","link":"https:\/\/www.people-abroad.de\/blog\/laender\/","title":{"rendered":"L\u00e4nder &#038; Regionen"},"content":{"rendered":"<p>Mich hat das <strong>Fernweh<\/strong> gepackt. Ich wei\u00df nicht mehr genau, wann das passiert ist. Jedenfalls treibt mich dieses Fernweh an und ich starte immer wieder zu neuen Reise-Abenteuern. Als <strong>Backpacker<\/strong>, mit Kamera, Laptop und Smartphone ausger\u00fcstet und bereit f\u00fcr neue Abenteuer.<\/p>\n<p>Neugierig darauf, neue L\u00e4nder, Orte und Menschen kennenzulernen. Oder <strong>L\u00e4nder und Orte<\/strong> zu besuchen, die ich schon einmal bereist habe, damit ich sie wieder auf\u2019s Neue entdecken kann. Um dahin zur\u00fcckzukehren, wo ich schon mal war und wo ich mich wohl gef\u00fchlt habe. Damit ich Leute wiedersehen kann, mit denen ich mich angefreundet habe und mit denen mich etwas verbindet.<\/p>\n<p>Oder einfach nur aus dem schlichten Grund, damit ich endlich wieder zu dieser gro\u00dfen Familie aus <strong>Weltenbummlern<\/strong>, Globetrottern, Backpackern und Reise-Hungrigen geh\u00f6re, die weltweit unterwegs ist. Immer offen f\u00fcr neue Kulturen und fremde Einfl\u00fcsse, und immer bereit etwas neues auf unseren Reisen zu lernen.<\/p>\n<p>Hier findest du Blog-Beitr\u00e4ge mit Reisetipps, jeweils nach Kontinenten sortiert:<\/p>\n<p><a href=\"https:\/\/www.people-abroad.de\/blog\/europa\/\">Reisetipps Europa<\/a><\/p>\n<p><a href=\"https:\/\/www.people-abroad.de\/blog\/amerika\/\">Reisetipps Nord-, Mittel- und S\u00fcdamerika<\/a><\/p>\n<p><a href=\"https:\/\/www.people-abroad.de\/blog\/afrika-naher-osten\">Reisetipps Afrika\/Naher Osten<\/a><\/p>\n<p><a href=\"https:\/\/www.people-abroad.de\/blog\/asien\/\">Reisetipps Asien<\/a><\/p>\n<p><a href=\"https:\/\/www.people-abroad.de\/blog\/australien-ozeanien\/\">Reisetipps Australien\/Ozeanien<\/a><\/p>\n<p>&nbsp;<\/p>\n","protected":false},"excerpt":{"rendered":"<p>Mich hat das Fernweh gepackt. Ich wei\u00df nicht mehr genau, wann das passiert ist. Jedenfalls treibt mich dieses Fernweh an und ich starte immer wieder zu neuen Reise-Abenteuern. Als Backpacker, mit Kamera, Laptop und Smartphone ausger\u00fcstet und bereit f\u00fcr neue Abenteuer. Neugierig darauf, neue L\u00e4nder, Orte und Menschen kennenzulernen. Oder L\u00e4nder und Orte zu besuchen, [&hellip;]<\/p>\n","protected":false},"author":1,"featured_media":0,"parent":0,"menu_order":0,"comment_status":"closed","ping_status":"closed","template":"","meta":{"_monsterinsights_skip_tracking":false,"_monsterinsights_sitenote_active":false,"_monsterinsights_sitenote_note":"","_monsterinsights_sitenote_category":0,"footnotes":""},"class_list":["post-2077","page","type-page","status-publish","hentry"],"yoast_head":"<!-- This site is optimized with the Yoast SEO plugin v27.5 - https:\/\/yoast.com\/product\/yoast-seo-wordpress\/ -->\n<title>L\u00e4nder &amp; Regionen - People Abroad<\/title>\n<meta name=\"description\" content=\"Reiseberichte f\u00fcr Deutschland, Europa und die Welt mit Reisetipps f\u00fcr die individuelle Planung zum Nachreisen.\" \/>\n<meta name=\"robots\" content=\"noindex, follow\" \/>\n<meta property=\"og:locale\" content=\"de_DE\" \/>\n<meta property=\"og:type\" content=\"article\" \/>\n<meta property=\"og:title\" content=\"L\u00e4nder &amp; Regionen - People Abroad\" \/>\n<meta property=\"og:description\" content=\"Reiseberichte f\u00fcr Deutschland, Europa und die Welt mit Reisetipps f\u00fcr die individuelle Planung zum Nachreisen.\" \/>\n<meta property=\"og:url\" content=\"https:\/\/www.people-abroad.de\/blog\/laender\/\" \/>\n<meta property=\"og:site_name\" content=\"People Abroad\" \/>\n<meta property=\"article:publisher\" content=\"https:\/\/www.facebook.com\/menschen.international\/\" \/>\n<meta property=\"article:modified_time\" content=\"2023-01-17T10:12:31+00:00\" \/>\n<meta name=\"twitter:card\" content=\"summary_large_image\" \/>\n<meta name=\"twitter:site\" content=\"@People_Abroad\" \/>\n<meta name=\"twitter:label1\" content=\"Gesch\u00e4tzte Lesezeit\" \/>\n\t<meta name=\"twitter:data1\" content=\"1\u00a0Minute\" \/>\n<script type=\"application\/ld+json\" class=\"yoast-schema-graph\">{\"@context\":\"https:\\\/\\\/schema.org\",\"@graph\":[{\"@type\":\"WebPage\",\"@id\":\"https:\\\/\\\/www.people-abroad.de\\\/blog\\\/laender\\\/\",\"url\":\"https:\\\/\\\/www.people-abroad.de\\\/blog\\\/laender\\\/\",\"name\":\"L\u00e4nder & Regionen - People Abroad\",\"isPartOf\":{\"@id\":\"https:\\\/\\\/www.people-abroad.de\\\/blog\\\/#website\"},\"datePublished\":\"2016-11-29T21:20:58+00:00\",\"dateModified\":\"2023-01-17T10:12:31+00:00\",\"description\":\"Reiseberichte f\u00fcr Deutschland, Europa und die Welt mit Reisetipps f\u00fcr die individuelle Planung zum Nachreisen.\",\"breadcrumb\":{\"@id\":\"https:\\\/\\\/www.people-abroad.de\\\/blog\\\/laender\\\/#breadcrumb\"},\"inLanguage\":\"de\",\"potentialAction\":[{\"@type\":\"ReadAction\",\"target\":[\"https:\\\/\\\/www.people-abroad.de\\\/blog\\\/laender\\\/\"]}]},{\"@type\":\"BreadcrumbList\",\"@id\":\"https:\\\/\\\/www.people-abroad.de\\\/blog\\\/laender\\\/#breadcrumb\",\"itemListElement\":[{\"@type\":\"ListItem\",\"position\":1,\"name\":\"Startseite\",\"item\":\"https:\\\/\\\/www.people-abroad.de\\\/blog\\\/\"},{\"@type\":\"ListItem\",\"position\":2,\"name\":\"L\u00e4nder &#038; Regionen\"}]},{\"@type\":\"WebSite\",\"@id\":\"https:\\\/\\\/www.people-abroad.de\\\/blog\\\/#website\",\"url\":\"https:\\\/\\\/www.people-abroad.de\\\/blog\\\/\",\"name\":\"People Abroad\",\"description\":\"Reiseblog\",\"publisher\":{\"@id\":\"https:\\\/\\\/www.people-abroad.de\\\/blog\\\/#\\\/schema\\\/person\\\/2a518a154d93ee6cf0b146bc327329b3\"},\"potentialAction\":[{\"@type\":\"SearchAction\",\"target\":{\"@type\":\"EntryPoint\",\"urlTemplate\":\"https:\\\/\\\/www.people-abroad.de\\\/blog\\\/?s={search_term_string}\"},\"query-input\":{\"@type\":\"PropertyValueSpecification\",\"valueRequired\":true,\"valueName\":\"search_term_string\"}}],\"inLanguage\":\"de\"},{\"@type\":[\"Person\",\"Organization\"],\"@id\":\"https:\\\/\\\/www.people-abroad.de\\\/blog\\\/#\\\/schema\\\/person\\\/2a518a154d93ee6cf0b146bc327329b3\",\"name\":\"Heiko M\u00fcller\",\"logo\":{\"@id\":\"https:\\\/\\\/www.people-abroad.de\\\/blog\\\/#\\\/schema\\\/person\\\/image\\\/\"},\"description\":\"Ich bin Reiseblogger, Content Creator und Redakteur. Auf Reisen erkunde ich gerne neue Regionen, St\u00e4dte und Orte beim Fotografieren, Wandern und Radfahren. F\u00fcr weitere Reisetipps folge mir auf Instagram. Mehr Infos zum Blog findest du hier: https:\\\/\\\/www.people-abroad.de\\\/blog\\\/pr-media\\\/. Kontakt: h.mueller@people-abroad.de\",\"sameAs\":[\"https:\\\/\\\/www.people-abroad.de\\\/blog\\\/\",\"https:\\\/\\\/www.facebook.com\\\/menschen.international\\\/\",\"https:\\\/\\\/www.instagram.com\\\/people.abroad\\\/\",\"https:\\\/\\\/www.linkedin.com\\\/in\\\/muellerheiko\\\/\",\"https:\\\/\\\/www.pinterest.de\\\/peopleabroad\\\/\",\"https:\\\/\\\/x.com\\\/People_Abroad\",\"https:\\\/\\\/www.youtube.com\\\/user\\\/MenschenInt\"]}]}<\/script>\n<!-- \/ Yoast SEO plugin. -->","yoast_head_json":{"title":"L\u00e4nder & Regionen - People Abroad","description":"Reiseberichte f\u00fcr Deutschland, Europa und die Welt mit Reisetipps f\u00fcr die individuelle Planung zum Nachreisen.","robots":{"index":"noindex","follow":"follow"},"og_locale":"de_DE","og_type":"article","og_title":"L\u00e4nder & Regionen - People Abroad","og_description":"Reiseberichte f\u00fcr Deutschland, Europa und die Welt mit Reisetipps f\u00fcr die individuelle Planung zum Nachreisen.","og_url":"https:\/\/www.people-abroad.de\/blog\/laender\/","og_site_name":"People Abroad","article_publisher":"https:\/\/www.facebook.com\/menschen.international\/","article_modified_time":"2023-01-17T10:12:31+00:00","twitter_card":"summary_large_image","twitter_site":"@People_Abroad","twitter_misc":{"Gesch\u00e4tzte Lesezeit":"1\u00a0Minute"},"schema":{"@context":"https:\/\/schema.org","@graph":[{"@type":"WebPage","@id":"https:\/\/www.people-abroad.de\/blog\/laender\/","url":"https:\/\/www.people-abroad.de\/blog\/laender\/","name":"L\u00e4nder & Regionen - People Abroad","isPartOf":{"@id":"https:\/\/www.people-abroad.de\/blog\/#website"},"datePublished":"2016-11-29T21:20:58+00:00","dateModified":"2023-01-17T10:12:31+00:00","description":"Reiseberichte f\u00fcr Deutschland, Europa und die Welt mit Reisetipps f\u00fcr die individuelle Planung zum Nachreisen.","breadcrumb":{"@id":"https:\/\/www.people-abroad.de\/blog\/laender\/#breadcrumb"},"inLanguage":"de","potentialAction":[{"@type":"ReadAction","target":["https:\/\/www.people-abroad.de\/blog\/laender\/"]}]},{"@type":"BreadcrumbList","@id":"https:\/\/www.people-abroad.de\/blog\/laender\/#breadcrumb","itemListElement":[{"@type":"ListItem","position":1,"name":"Startseite","item":"https:\/\/www.people-abroad.de\/blog\/"},{"@type":"ListItem","position":2,"name":"L\u00e4nder &#038; Regionen"}]},{"@type":"WebSite","@id":"https:\/\/www.people-abroad.de\/blog\/#website","url":"https:\/\/www.people-abroad.de\/blog\/","name":"People Abroad","description":"Reiseblog","publisher":{"@id":"https:\/\/www.people-abroad.de\/blog\/#\/schema\/person\/2a518a154d93ee6cf0b146bc327329b3"},"potentialAction":[{"@type":"SearchAction","target":{"@type":"EntryPoint","urlTemplate":"https:\/\/www.people-abroad.de\/blog\/?s={search_term_string}"},"query-input":{"@type":"PropertyValueSpecification","valueRequired":true,"valueName":"search_term_string"}}],"inLanguage":"de"},{"@type":["Person","Organization"],"@id":"https:\/\/www.people-abroad.de\/blog\/#\/schema\/person\/2a518a154d93ee6cf0b146bc327329b3","name":"Heiko M\u00fcller","logo":{"@id":"https:\/\/www.people-abroad.de\/blog\/#\/schema\/person\/image\/"},"description":"Ich bin Reiseblogger, Content Creator und Redakteur. Auf Reisen erkunde ich gerne neue Regionen, St\u00e4dte und Orte beim Fotografieren, Wandern und Radfahren. F\u00fcr weitere Reisetipps folge mir auf Instagram. Mehr Infos zum Blog findest du hier: https:\/\/www.people-abroad.de\/blog\/pr-media\/. Kontakt: h.mueller@people-abroad.de","sameAs":["https:\/\/www.people-abroad.de\/blog\/","https:\/\/www.facebook.com\/menschen.international\/","https:\/\/www.instagram.com\/people.abroad\/","https:\/\/www.linkedin.com\/in\/muellerheiko\/","https:\/\/www.pinterest.de\/peopleabroad\/","https:\/\/x.com\/People_Abroad","https:\/\/www.youtube.com\/user\/MenschenInt"]}]}},"_links":{"self":[{"href":"https:\/\/www.people-abroad.de\/blog\/wp-json\/wp\/v2\/pages\/2077","targetHints":{"allow":["GET"]}}],"collection":[{"href":"https:\/\/www.people-abroad.de\/blog\/wp-json\/wp\/v2\/pages"}],"about":[{"href":"https:\/\/www.people-abroad.de\/blog\/wp-json\/wp\/v2\/types\/page"}],"author":[{"embeddable":true,"href":"https:\/\/www.people-abroad.de\/blog\/wp-json\/wp\/v2\/users\/1"}],"replies":[{"embeddable":true,"href":"https:\/\/www.people-abroad.de\/blog\/wp-json\/wp\/v2\/comments?post=2077"}],"version-history":[{"count":3,"href":"https:\/\/www.people-abroad.de\/blog\/wp-json\/wp\/v2\/pages\/2077\/revisions"}],"predecessor-version":[{"id":18842,"href":"https:\/\/www.people-abroad.de\/blog\/wp-json\/wp\/v2\/pages\/2077\/revisions\/18842"}],"wp:attachment":[{"href":"https:\/\/www.people-abroad.de\/blog\/wp-json\/wp\/v2\/media?parent=2077"}],"curies":[{"name":"wp","href":"https:\/\/api.w.org\/{rel}","templated":true}]}}