{"id":11499,"date":"2019-03-28T22:39:19","date_gmt":"2019-03-28T21:39:19","guid":{"rendered":"https:\/\/www.people-abroad.de\/blog\/?page_id=11499"},"modified":"2023-01-17T11:25:24","modified_gmt":"2023-01-17T10:25:24","slug":"roadtrips","status":"publish","type":"page","link":"https:\/\/www.people-abroad.de\/blog\/roadtrips\/","title":{"rendered":"Roadtrips"},"content":{"rendered":"<div class=\"lcp_catlist\" id=\"lcp_instance_0\"><p><h2><a href=\"https:\/\/www.people-abroad.de\/blog\/alaska-usa-tipps\/\">Alaska: Fjorde, Gletscher und die Inside Passage<\/a><\/h2><div class=\"lcp_excerpt\"><p><a href=\"https:\/\/www.people-abroad.de\/blog\/alaska-usa-tipps\/\"><img decoding=\"async\" class=\"alignnone wp-image-35407 size-large\" src=\"https:\/\/www.people-abroad.de\/blog\/wp-content\/uploads\/2024\/11\/alaska-usa-nordamerika-tipps-1024x683.jpeg\" alt=\"Alaska USA Nordamerika Tipps \" width=\"1024\" height=\"683\" srcset=\"https:\/\/www.people-abroad.de\/blog\/wp-content\/uploads\/2024\/11\/alaska-usa-nordamerika-tipps-1024x683.jpeg 1024w, https:\/\/www.people-abroad.de\/blog\/wp-content\/uploads\/2024\/11\/alaska-usa-nordamerika-tipps-300x200.jpeg 300w, https:\/\/www.people-abroad.de\/blog\/wp-content\/uploads\/2024\/11\/alaska-usa-nordamerika-tipps-768x512.jpeg 768w, https:\/\/www.people-abroad.de\/blog\/wp-content\/uploads\/2024\/11\/alaska-usa-nordamerika-tipps.jpeg 1200w\" sizes=\"(max-width: 1024px) 100vw, 1024px\" \/><\/a><\/p>\n<p>Alaska ist der gr\u00f6\u00dfte und am d\u00fcnnsten besiedelte Bundesstaat der USA, er lohnt sich wegen seiner Berge, W\u00e4lder, Fjorde und Gletscher. Tipps f\u00fcr die Alaska-Reise. <\/p>\n<\/div><a href=\"https:\/\/www.people-abroad.de\/blog\/alaska-usa-tipps\/\">Mehr...<\/a><\/p><p><h2><a href=\"https:\/\/www.people-abroad.de\/blog\/emilia-romagna\/\">Emilia-Romagna: 5 St\u00e4dte zwischen Poebene und Adria<\/a><\/h2><div class=\"lcp_excerpt\"><p><a href=\"https:\/\/www.people-abroad.de\/blog\/emilia-romagna\/\"><img decoding=\"async\" class=\"alignnone wp-image-37036 size-large\" src=\"https:\/\/www.people-abroad.de\/blog\/wp-content\/uploads\/2025\/07\/emilia-romagna-tipps-1024x684.jpeg\" alt=\"Emilia-Romagna St\u00e4dte Orte Sehensw\u00fcrdigkeiten Tipps\" width=\"1024\" height=\"684\" srcset=\"https:\/\/www.people-abroad.de\/blog\/wp-content\/uploads\/2025\/07\/emilia-romagna-tipps-1024x684.jpeg 1024w, https:\/\/www.people-abroad.de\/blog\/wp-content\/uploads\/2025\/07\/emilia-romagna-tipps-300x200.jpeg 300w, https:\/\/www.people-abroad.de\/blog\/wp-content\/uploads\/2025\/07\/emilia-romagna-tipps-768x513.jpeg 768w, https:\/\/www.people-abroad.de\/blog\/wp-content\/uploads\/2025\/07\/emilia-romagna-tipps.jpeg 1200w\" sizes=\"(max-width: 1024px) 100vw, 1024px\" \/><\/a><\/p>\n<p>Die Emilia-Romagna Region im Norden Italiens erstreckt sich von den Apenninen bis zum Fluss Po. Tipps f\u00fcr f\u00fcnf sch\u00f6ne St\u00e4dte in der Region, die sich f\u00fcr einen Besuch lohnen.<\/p>\n<\/div><a href=\"https:\/\/www.people-abroad.de\/blog\/emilia-romagna\/\">Mehr...<\/a><\/p><p><h2><a href=\"https:\/\/www.people-abroad.de\/blog\/westkueste-finnland\/\">Westk\u00fcste Finnland: Natur und Kultur entdecken<\/a><\/h2><div class=\"lcp_excerpt\"><p><a href=\"https:\/\/www.people-abroad.de\/blog\/westkueste-finnland\/\"><img decoding=\"async\" class=\"alignnone wp-image-36186 size-large\" src=\"https:\/\/www.people-abroad.de\/blog\/wp-content\/uploads\/2025\/02\/finnland-westkueste-62-1024x682.jpeg\" alt=\"Westk\u00fcste Finnland Roadtrip Rundreise Tipps Highlights\" width=\"1024\" height=\"682\" srcset=\"https:\/\/www.people-abroad.de\/blog\/wp-content\/uploads\/2025\/02\/finnland-westkueste-62-1024x682.jpeg 1024w, https:\/\/www.people-abroad.de\/blog\/wp-content\/uploads\/2025\/02\/finnland-westkueste-62-300x200.jpeg 300w, https:\/\/www.people-abroad.de\/blog\/wp-content\/uploads\/2025\/02\/finnland-westkueste-62-768x511.jpeg 768w, https:\/\/www.people-abroad.de\/blog\/wp-content\/uploads\/2025\/02\/finnland-westkueste-62.jpeg 1200w\" sizes=\"(max-width: 1024px) 100vw, 1024px\" \/><\/a><\/p>\n<p> Die Westk\u00fcste in Finnland bietet sch\u00f6ne K\u00fcstenabschnitte, vielseitige Naturerlebnisse und Orte mit Industriekultur. Tipps f\u00fcr einen Roadtrip an der Westk\u00fcste Finnlands.<\/p>\n<\/div><a href=\"https:\/\/www.people-abroad.de\/blog\/westkueste-finnland\/\">Mehr...<\/a><\/p><p><h2><a href=\"https:\/\/www.people-abroad.de\/blog\/finnlines-faehrreise-finnland\/\">Finnlines: F\u00e4hrreise \u00fcber die Ostsee nach Finnland<\/a><\/h2><div class=\"lcp_excerpt\"><p><a href=\"https:\/\/www.people-abroad.de\/blog\/finnlines-faehrreise-finnland\/\"><img decoding=\"async\" class=\"alignnone wp-image-36040 size-large\" src=\"https:\/\/www.people-abroad.de\/blog\/wp-content\/uploads\/2025\/02\/finnlines-faehre-ostsee-travemuende-helsinki-43-1024x684.jpeg\" alt=\"Finnlines F\u00e4hre Ostsee Finnland Travem\u00fcnde Helsinki\" width=\"1024\" height=\"684\" srcset=\"https:\/\/www.people-abroad.de\/blog\/wp-content\/uploads\/2025\/02\/finnlines-faehre-ostsee-travemuende-helsinki-43-1024x684.jpeg 1024w, https:\/\/www.people-abroad.de\/blog\/wp-content\/uploads\/2025\/02\/finnlines-faehre-ostsee-travemuende-helsinki-43-300x200.jpeg 300w, https:\/\/www.people-abroad.de\/blog\/wp-content\/uploads\/2025\/02\/finnlines-faehre-ostsee-travemuende-helsinki-43-768x513.jpeg 768w, https:\/\/www.people-abroad.de\/blog\/wp-content\/uploads\/2025\/02\/finnlines-faehre-ostsee-travemuende-helsinki-43.jpeg 1200w\" sizes=\"(max-width: 1024px) 100vw, 1024px\" \/><\/a><\/p>\n<p> Mit der Finnlines F\u00e4hre kommt man bequem von Deutschland \u00fcber die Ostsee nach Finnland. Meine F\u00e4hrreise mit der Finnlady von L\u00fcbeck-Travem\u00fcnde nach Helsinki.<\/p>\n<\/div><a href=\"https:\/\/www.people-abroad.de\/blog\/finnlines-faehrreise-finnland\/\">Mehr...<\/a><\/p><p><h2><a href=\"https:\/\/www.people-abroad.de\/blog\/bretagne-roadtrip-tipps\/\">Bretagne Roadtrip: 15 Highlights und Tipps f\u00fcr die Rundreise<\/a><\/h2><div class=\"lcp_excerpt\"><p><a href=\"https:\/\/www.people-abroad.de\/blog\/bretagne-roadtrip-tipps\/\"><img decoding=\"async\" class=\"alignnone wp-image-34601 size-large\" src=\"https:\/\/www.people-abroad.de\/blog\/wp-content\/uploads\/2024\/08\/bretagne-roadtrip-tipps-1024x683.jpeg\" alt=\"Bretagne Roadtrip Rundreise Tipps Frankreich\" width=\"1024\" height=\"683\" srcset=\"https:\/\/www.people-abroad.de\/blog\/wp-content\/uploads\/2024\/08\/bretagne-roadtrip-tipps-1024x683.jpeg 1024w, https:\/\/www.people-abroad.de\/blog\/wp-content\/uploads\/2024\/08\/bretagne-roadtrip-tipps-300x200.jpeg 300w, https:\/\/www.people-abroad.de\/blog\/wp-content\/uploads\/2024\/08\/bretagne-roadtrip-tipps-768x512.jpeg 768w, https:\/\/www.people-abroad.de\/blog\/wp-content\/uploads\/2024\/08\/bretagne-roadtrip-tipps.jpeg 1200w\" sizes=\"(max-width: 1024px) 100vw, 1024px\" \/><\/a><\/p>\n<p>Die Bretagne im Nordwesten Frankreichs ist die gr\u00f6\u00dfte Halbinsel des Landes. Highlights und Tipps f\u00fcr einen Roadtrip an den Atlantik und zu den sch\u00f6nsten Orten in der Bretagne.<\/p>\n<\/div><a href=\"https:\/\/www.people-abroad.de\/blog\/bretagne-roadtrip-tipps\/\">Mehr...<\/a><\/p><p><h2><a href=\"https:\/\/www.people-abroad.de\/blog\/norwegen-roadtrip-winter-tipps\/\">Norwegen Roadtrip: Zwei Wochen im hohen Norden<\/a><\/h2><div class=\"lcp_excerpt\"><p><a href=\"https:\/\/www.people-abroad.de\/blog\/norwegen-roadtrip-winter-tipps\/\"><img decoding=\"async\" class=\"alignnone wp-image-33094 size-large\" src=\"https:\/\/www.people-abroad.de\/blog\/wp-content\/uploads\/2024\/03\/norwegen-roadtrip-winter-tipps-1-1024x678.jpeg\" alt=\"Norwegen Roadtrip Winter Tipps Rundreise\" width=\"1024\" height=\"678\" srcset=\"https:\/\/www.people-abroad.de\/blog\/wp-content\/uploads\/2024\/03\/norwegen-roadtrip-winter-tipps-1-1024x678.jpeg 1024w, https:\/\/www.people-abroad.de\/blog\/wp-content\/uploads\/2024\/03\/norwegen-roadtrip-winter-tipps-1-300x199.jpeg 300w, https:\/\/www.people-abroad.de\/blog\/wp-content\/uploads\/2024\/03\/norwegen-roadtrip-winter-tipps-1-768x509.jpeg 768w, https:\/\/www.people-abroad.de\/blog\/wp-content\/uploads\/2024\/03\/norwegen-roadtrip-winter-tipps-1.jpeg 1200w\" sizes=\"(max-width: 1024px) 100vw, 1024px\" \/><\/a><\/p>\n<p>Die Landschaft Norwegens kann man prima auf einem Roadtrip erkunden. Sebastian war im Winter f\u00fcr zwei Wochen im Norden Norwegens unterwegs und hat seine Tipps zusammengefasst.<\/p>\n<\/div><a href=\"https:\/\/www.people-abroad.de\/blog\/norwegen-roadtrip-winter-tipps\/\">Mehr...<\/a><\/p><p><h2><a href=\"https:\/\/www.people-abroad.de\/blog\/elsass-fachwerkstaedte\/\">3 traumhafte Fachwerkst\u00e4dte im Elsass erkunden<\/a><\/h2><div class=\"lcp_excerpt\"><p><a href=\"https:\/\/www.people-abroad.de\/blog\/elsass-fachwerkstaedte\/\"><img decoding=\"async\" class=\"alignnone wp-image-32298 size-large\" src=\"https:\/\/www.people-abroad.de\/blog\/wp-content\/uploads\/2023\/11\/eguisheim-ribeauville-riquewihr-elsass-staedte-1-1024x682.jpeg\" alt=\"Elsass Fachwerkst\u00e4dte Eguisheim Ribeauvill\u00e9 Riquewihr\" width=\"1024\" height=\"682\" srcset=\"https:\/\/www.people-abroad.de\/blog\/wp-content\/uploads\/2023\/11\/eguisheim-ribeauville-riquewihr-elsass-staedte-1-1024x682.jpeg 1024w, https:\/\/www.people-abroad.de\/blog\/wp-content\/uploads\/2023\/11\/eguisheim-ribeauville-riquewihr-elsass-staedte-1-300x200.jpeg 300w, https:\/\/www.people-abroad.de\/blog\/wp-content\/uploads\/2023\/11\/eguisheim-ribeauville-riquewihr-elsass-staedte-1-768x511.jpeg 768w, https:\/\/www.people-abroad.de\/blog\/wp-content\/uploads\/2023\/11\/eguisheim-ribeauville-riquewihr-elsass-staedte-1.jpeg 1200w\" sizes=\"(max-width: 1024px) 100vw, 1024px\" \/><\/a><\/p>\n<p>Das Elsass ist bekannt f\u00fcr seine sch\u00f6nen Fachwerkst\u00e4dte. Besonders Eguisheim, Ribeauvill\u00e9 und Riquewihr lohnen sich. Tipps f\u00fcr drei malerische Fachwerk-Perlen im Elsass.<\/p>\n<\/div><a href=\"https:\/\/www.people-abroad.de\/blog\/elsass-fachwerkstaedte\/\">Mehr...<\/a><\/p><p><h2><a href=\"https:\/\/www.people-abroad.de\/blog\/marokko-sehenswuerdigkeiten\/\">Marokko Sehensw\u00fcrdigkeiten: 10 Tipps f\u00fcr die Afrika-Reise<\/a><\/h2><div class=\"lcp_excerpt\"><p><a href=\"https:\/\/www.people-abroad.de\/blog\/marokko-sehenswuerdigkeiten\/\"><img decoding=\"async\" class=\"alignnone wp-image-31301 size-large\" src=\"https:\/\/www.people-abroad.de\/blog\/wp-content\/uploads\/2023\/07\/marokko-sehenswuerdigkeiten-voloubilis-1-1024x683.jpeg\" alt=\"Marokko Sehensw\u00fcrdigkeiten Tipps \" width=\"1024\" height=\"683\" srcset=\"https:\/\/www.people-abroad.de\/blog\/wp-content\/uploads\/2023\/07\/marokko-sehenswuerdigkeiten-voloubilis-1-1024x683.jpeg 1024w, https:\/\/www.people-abroad.de\/blog\/wp-content\/uploads\/2023\/07\/marokko-sehenswuerdigkeiten-voloubilis-1-300x200.jpeg 300w, https:\/\/www.people-abroad.de\/blog\/wp-content\/uploads\/2023\/07\/marokko-sehenswuerdigkeiten-voloubilis-1-768x512.jpeg 768w, https:\/\/www.people-abroad.de\/blog\/wp-content\/uploads\/2023\/07\/marokko-sehenswuerdigkeiten-voloubilis-1.jpeg 1200w\" sizes=\"(max-width: 1024px) 100vw, 1024px\" \/><\/a><\/p>\n<p> Marokko gilt als Tor zu Afrika und lockt mit orientalischen St\u00e4dten, ausgedehnten Str\u00e4nden und faszinierenden W\u00fcsten. Tipps zu den Marokko Sehensw\u00fcrdigkeiten.<\/p>\n<\/div><a href=\"https:\/\/www.people-abroad.de\/blog\/marokko-sehenswuerdigkeiten\/\">Mehr...<\/a><\/p><p><h2><a href=\"https:\/\/www.people-abroad.de\/blog\/occitanie-aude-suedfrankreich\/\">Occitanie und Aude in S\u00fcdfrankreich entdecken<\/a><\/h2><div class=\"lcp_excerpt\"><p><a href=\"https:\/\/www.people-abroad.de\/blog\/occitanie-aude-suedfrankreich\/\"><img decoding=\"async\" class=\"alignnone wp-image-31411 size-large\" src=\"https:\/\/www.people-abroad.de\/blog\/wp-content\/uploads\/2023\/07\/occitanie-aude-suedfrankreich-sehenswuerdigkeiten-1024x682.jpeg\" alt=\"Occitanie Aude S\u00fcdfrankreich Katharer Cathare Tipps \" width=\"1024\" height=\"682\" srcset=\"https:\/\/www.people-abroad.de\/blog\/wp-content\/uploads\/2023\/07\/occitanie-aude-suedfrankreich-sehenswuerdigkeiten-1024x682.jpeg 1024w, https:\/\/www.people-abroad.de\/blog\/wp-content\/uploads\/2023\/07\/occitanie-aude-suedfrankreich-sehenswuerdigkeiten-300x200.jpeg 300w, https:\/\/www.people-abroad.de\/blog\/wp-content\/uploads\/2023\/07\/occitanie-aude-suedfrankreich-sehenswuerdigkeiten-768x511.jpeg 768w, https:\/\/www.people-abroad.de\/blog\/wp-content\/uploads\/2023\/07\/occitanie-aude-suedfrankreich-sehenswuerdigkeiten.jpeg 1200w\" sizes=\"(max-width: 1024px) 100vw, 1024px\" \/><\/a><\/p>\n<p> M\u00e4chtige Burgen, historische Festungen und idyllische Orte locken ins &#8222;Land der Katharer&#8220;. Tipps f\u00fcr das D\u00e9partement Aude in der Region Occitanie (Okzitanien) in S\u00fcdfrankreich.<\/p>\n<\/div><a href=\"https:\/\/www.people-abroad.de\/blog\/occitanie-aude-suedfrankreich\/\">Mehr...<\/a><\/p><p><h2><a href=\"https:\/\/www.people-abroad.de\/blog\/toskana-schoenste-orte-rundreise\/\">Toskana: Die 10 sch\u00f6nsten Orte f\u00fcr die Rundreise<\/a><\/h2><div class=\"lcp_excerpt\"><p><a href=\"https:\/\/www.people-abroad.de\/blog\/toskana-schoenste-orte-rundreise\/\"><img decoding=\"async\" class=\"alignnone wp-image-31174 size-large\" src=\"https:\/\/www.people-abroad.de\/blog\/wp-content\/uploads\/2023\/06\/toskana-schoenste-orte-agriturismo-baccoleno-14-1024x683.jpeg\" alt=\"Toskana sch\u00f6nste St\u00e4dte Orte Rundreise Roadtrip Tipps\" width=\"1024\" height=\"683\" srcset=\"https:\/\/www.people-abroad.de\/blog\/wp-content\/uploads\/2023\/06\/toskana-schoenste-orte-agriturismo-baccoleno-14-1024x683.jpeg 1024w, https:\/\/www.people-abroad.de\/blog\/wp-content\/uploads\/2023\/06\/toskana-schoenste-orte-agriturismo-baccoleno-14-300x200.jpeg 300w, https:\/\/www.people-abroad.de\/blog\/wp-content\/uploads\/2023\/06\/toskana-schoenste-orte-agriturismo-baccoleno-14-768x512.jpeg 768w, https:\/\/www.people-abroad.de\/blog\/wp-content\/uploads\/2023\/06\/toskana-schoenste-orte-agriturismo-baccoleno-14.jpeg 1200w\" sizes=\"(max-width: 1024px) 100vw, 1024px\" \/><\/a><\/p>\n<p>Die Toskana gilt als eine der scho\u0308nsten Regionen Italiens und verzaubert Reisende mit ihren malerischen St\u00e4dten seit jeher. Co-Autorin Corinna verra\u0308t die sch\u00f6nsten Orte.<\/p>\n<\/div><a href=\"https:\/\/www.people-abroad.de\/blog\/toskana-schoenste-orte-rundreise\/\">Mehr...<\/a><\/p><\/div><ul class='lcp_paginator'><li class='lcp_currentpage'>1<\/li><li><a href='https:\/\/www.people-abroad.de\/blog\/wp-json\/wp\/v2\/pages\/11499?lcp_page0=2#lcp_instance_0' title='2'>2<\/a><\/li><li><a href='https:\/\/www.people-abroad.de\/blog\/wp-json\/wp\/v2\/pages\/11499?lcp_page0=3#lcp_instance_0' title='3'>3<\/a><\/li><li><a href='https:\/\/www.people-abroad.de\/blog\/wp-json\/wp\/v2\/pages\/11499?lcp_page0=4#lcp_instance_0' title='4'>4<\/a><\/li><li><a href='https:\/\/www.people-abroad.de\/blog\/wp-json\/wp\/v2\/pages\/11499?lcp_page0=2#lcp_instance_0' title='2' class='lcp_nextlink'>\u00c4ltere Beitr\u00e4ge &gt;&gt;<\/a><\/li><\/ul>\n","protected":false},"excerpt":{"rendered":"","protected":false},"author":1,"featured_media":0,"parent":0,"menu_order":0,"comment_status":"closed","ping_status":"closed","template":"","meta":{"_monsterinsights_skip_tracking":false,"_monsterinsights_sitenote_active":false,"_monsterinsights_sitenote_note":"","_monsterinsights_sitenote_category":0,"footnotes":""},"class_list":["post-11499","page","type-page","status-publish","hentry"],"yoast_head":"<!-- This site is optimized with the Yoast SEO plugin v27.5 - https:\/\/yoast.com\/product\/yoast-seo-wordpress\/ -->\n<title>Roadtrips - People Abroad<\/title>\n<meta name=\"description\" content=\"Reiseberichte mit dem Schwerpunkt Roadtrips und Rundreisen mit Reisetipps f\u00fcr die individuelle Planung zum Nachreisen.\" \/>\n<meta name=\"robots\" content=\"noindex, follow\" \/>\n<meta property=\"og:locale\" content=\"de_DE\" \/>\n<meta property=\"og:type\" content=\"article\" \/>\n<meta property=\"og:title\" content=\"Roadtrips - People Abroad\" \/>\n<meta property=\"og:description\" content=\"Reiseberichte mit dem Schwerpunkt Roadtrips und Rundreisen mit Reisetipps f\u00fcr die individuelle Planung zum Nachreisen.\" \/>\n<meta property=\"og:url\" content=\"https:\/\/www.people-abroad.de\/blog\/roadtrips\/\" \/>\n<meta property=\"og:site_name\" content=\"People Abroad\" \/>\n<meta property=\"article:publisher\" content=\"https:\/\/www.facebook.com\/menschen.international\/\" \/>\n<meta property=\"article:modified_time\" content=\"2023-01-17T10:25:24+00:00\" \/>\n<meta name=\"twitter:card\" content=\"summary_large_image\" \/>\n<meta name=\"twitter:site\" content=\"@People_Abroad\" \/>\n<meta name=\"twitter:label1\" content=\"Gesch\u00e4tzte Lesezeit\" \/>\n\t<meta name=\"twitter:data1\" content=\"1\u00a0Minute\" \/>\n<script type=\"application\/ld+json\" class=\"yoast-schema-graph\">{\"@context\":\"https:\\\/\\\/schema.org\",\"@graph\":[{\"@type\":\"WebPage\",\"@id\":\"https:\\\/\\\/www.people-abroad.de\\\/blog\\\/roadtrips\\\/\",\"url\":\"https:\\\/\\\/www.people-abroad.de\\\/blog\\\/roadtrips\\\/\",\"name\":\"Roadtrips - People Abroad\",\"isPartOf\":{\"@id\":\"https:\\\/\\\/www.people-abroad.de\\\/blog\\\/#website\"},\"datePublished\":\"2019-03-28T21:39:19+00:00\",\"dateModified\":\"2023-01-17T10:25:24+00:00\",\"description\":\"Reiseberichte mit dem Schwerpunkt Roadtrips und Rundreisen mit Reisetipps f\u00fcr die individuelle Planung zum Nachreisen.\",\"breadcrumb\":{\"@id\":\"https:\\\/\\\/www.people-abroad.de\\\/blog\\\/roadtrips\\\/#breadcrumb\"},\"inLanguage\":\"de\",\"potentialAction\":[{\"@type\":\"ReadAction\",\"target\":[\"https:\\\/\\\/www.people-abroad.de\\\/blog\\\/roadtrips\\\/\"]}]},{\"@type\":\"BreadcrumbList\",\"@id\":\"https:\\\/\\\/www.people-abroad.de\\\/blog\\\/roadtrips\\\/#breadcrumb\",\"itemListElement\":[{\"@type\":\"ListItem\",\"position\":1,\"name\":\"Startseite\",\"item\":\"https:\\\/\\\/www.people-abroad.de\\\/blog\\\/\"},{\"@type\":\"ListItem\",\"position\":2,\"name\":\"Roadtrips\"}]},{\"@type\":\"WebSite\",\"@id\":\"https:\\\/\\\/www.people-abroad.de\\\/blog\\\/#website\",\"url\":\"https:\\\/\\\/www.people-abroad.de\\\/blog\\\/\",\"name\":\"People Abroad\",\"description\":\"Reiseblog\",\"publisher\":{\"@id\":\"https:\\\/\\\/www.people-abroad.de\\\/blog\\\/#\\\/schema\\\/person\\\/2a518a154d93ee6cf0b146bc327329b3\"},\"potentialAction\":[{\"@type\":\"SearchAction\",\"target\":{\"@type\":\"EntryPoint\",\"urlTemplate\":\"https:\\\/\\\/www.people-abroad.de\\\/blog\\\/?s={search_term_string}\"},\"query-input\":{\"@type\":\"PropertyValueSpecification\",\"valueRequired\":true,\"valueName\":\"search_term_string\"}}],\"inLanguage\":\"de\"},{\"@type\":[\"Person\",\"Organization\"],\"@id\":\"https:\\\/\\\/www.people-abroad.de\\\/blog\\\/#\\\/schema\\\/person\\\/2a518a154d93ee6cf0b146bc327329b3\",\"name\":\"Heiko M\u00fcller\",\"logo\":{\"@id\":\"https:\\\/\\\/www.people-abroad.de\\\/blog\\\/#\\\/schema\\\/person\\\/image\\\/\"},\"description\":\"Ich bin Reiseblogger, Content Creator und Redakteur. Auf Reisen erkunde ich gerne neue Regionen, St\u00e4dte und Orte beim Fotografieren, Wandern und Radfahren. F\u00fcr weitere Reisetipps folge mir auf Instagram. Mehr Infos zum Blog findest du hier: https:\\\/\\\/www.people-abroad.de\\\/blog\\\/pr-media\\\/. Kontakt: h.mueller@people-abroad.de\",\"sameAs\":[\"https:\\\/\\\/www.people-abroad.de\\\/blog\\\/\",\"https:\\\/\\\/www.facebook.com\\\/menschen.international\\\/\",\"https:\\\/\\\/www.instagram.com\\\/people.abroad\\\/\",\"https:\\\/\\\/www.linkedin.com\\\/in\\\/muellerheiko\\\/\",\"https:\\\/\\\/www.pinterest.de\\\/peopleabroad\\\/\",\"https:\\\/\\\/x.com\\\/People_Abroad\",\"https:\\\/\\\/www.youtube.com\\\/user\\\/MenschenInt\"]}]}<\/script>\n<!-- \/ Yoast SEO plugin. -->","yoast_head_json":{"title":"Roadtrips - People Abroad","description":"Reiseberichte mit dem Schwerpunkt Roadtrips und Rundreisen mit Reisetipps f\u00fcr die individuelle Planung zum Nachreisen.","robots":{"index":"noindex","follow":"follow"},"og_locale":"de_DE","og_type":"article","og_title":"Roadtrips - People Abroad","og_description":"Reiseberichte mit dem Schwerpunkt Roadtrips und Rundreisen mit Reisetipps f\u00fcr die individuelle Planung zum Nachreisen.","og_url":"https:\/\/www.people-abroad.de\/blog\/roadtrips\/","og_site_name":"People Abroad","article_publisher":"https:\/\/www.facebook.com\/menschen.international\/","article_modified_time":"2023-01-17T10:25:24+00:00","twitter_card":"summary_large_image","twitter_site":"@People_Abroad","twitter_misc":{"Gesch\u00e4tzte Lesezeit":"1\u00a0Minute"},"schema":{"@context":"https:\/\/schema.org","@graph":[{"@type":"WebPage","@id":"https:\/\/www.people-abroad.de\/blog\/roadtrips\/","url":"https:\/\/www.people-abroad.de\/blog\/roadtrips\/","name":"Roadtrips - People Abroad","isPartOf":{"@id":"https:\/\/www.people-abroad.de\/blog\/#website"},"datePublished":"2019-03-28T21:39:19+00:00","dateModified":"2023-01-17T10:25:24+00:00","description":"Reiseberichte mit dem Schwerpunkt Roadtrips und Rundreisen mit Reisetipps f\u00fcr die individuelle Planung zum Nachreisen.","breadcrumb":{"@id":"https:\/\/www.people-abroad.de\/blog\/roadtrips\/#breadcrumb"},"inLanguage":"de","potentialAction":[{"@type":"ReadAction","target":["https:\/\/www.people-abroad.de\/blog\/roadtrips\/"]}]},{"@type":"BreadcrumbList","@id":"https:\/\/www.people-abroad.de\/blog\/roadtrips\/#breadcrumb","itemListElement":[{"@type":"ListItem","position":1,"name":"Startseite","item":"https:\/\/www.people-abroad.de\/blog\/"},{"@type":"ListItem","position":2,"name":"Roadtrips"}]},{"@type":"WebSite","@id":"https:\/\/www.people-abroad.de\/blog\/#website","url":"https:\/\/www.people-abroad.de\/blog\/","name":"People Abroad","description":"Reiseblog","publisher":{"@id":"https:\/\/www.people-abroad.de\/blog\/#\/schema\/person\/2a518a154d93ee6cf0b146bc327329b3"},"potentialAction":[{"@type":"SearchAction","target":{"@type":"EntryPoint","urlTemplate":"https:\/\/www.people-abroad.de\/blog\/?s={search_term_string}"},"query-input":{"@type":"PropertyValueSpecification","valueRequired":true,"valueName":"search_term_string"}}],"inLanguage":"de"},{"@type":["Person","Organization"],"@id":"https:\/\/www.people-abroad.de\/blog\/#\/schema\/person\/2a518a154d93ee6cf0b146bc327329b3","name":"Heiko M\u00fcller","logo":{"@id":"https:\/\/www.people-abroad.de\/blog\/#\/schema\/person\/image\/"},"description":"Ich bin Reiseblogger, Content Creator und Redakteur. Auf Reisen erkunde ich gerne neue Regionen, St\u00e4dte und Orte beim Fotografieren, Wandern und Radfahren. F\u00fcr weitere Reisetipps folge mir auf Instagram. Mehr Infos zum Blog findest du hier: https:\/\/www.people-abroad.de\/blog\/pr-media\/. Kontakt: h.mueller@people-abroad.de","sameAs":["https:\/\/www.people-abroad.de\/blog\/","https:\/\/www.facebook.com\/menschen.international\/","https:\/\/www.instagram.com\/people.abroad\/","https:\/\/www.linkedin.com\/in\/muellerheiko\/","https:\/\/www.pinterest.de\/peopleabroad\/","https:\/\/x.com\/People_Abroad","https:\/\/www.youtube.com\/user\/MenschenInt"]}]}},"_links":{"self":[{"href":"https:\/\/www.people-abroad.de\/blog\/wp-json\/wp\/v2\/pages\/11499","targetHints":{"allow":["GET"]}}],"collection":[{"href":"https:\/\/www.people-abroad.de\/blog\/wp-json\/wp\/v2\/pages"}],"about":[{"href":"https:\/\/www.people-abroad.de\/blog\/wp-json\/wp\/v2\/types\/page"}],"author":[{"embeddable":true,"href":"https:\/\/www.people-abroad.de\/blog\/wp-json\/wp\/v2\/users\/1"}],"replies":[{"embeddable":true,"href":"https:\/\/www.people-abroad.de\/blog\/wp-json\/wp\/v2\/comments?post=11499"}],"version-history":[{"count":3,"href":"https:\/\/www.people-abroad.de\/blog\/wp-json\/wp\/v2\/pages\/11499\/revisions"}],"predecessor-version":[{"id":14562,"href":"https:\/\/www.people-abroad.de\/blog\/wp-json\/wp\/v2\/pages\/11499\/revisions\/14562"}],"wp:attachment":[{"href":"https:\/\/www.people-abroad.de\/blog\/wp-json\/wp\/v2\/media?parent=11499"}],"curies":[{"name":"wp","href":"https:\/\/api.w.org\/{rel}","templated":true}]}}