{"id":11491,"date":"2019-03-28T21:48:22","date_gmt":"2019-03-28T20:48:22","guid":{"rendered":"https:\/\/www.people-abroad.de\/blog\/?page_id=11491"},"modified":"2023-01-17T10:43:38","modified_gmt":"2023-01-17T09:43:38","slug":"ausruestung","status":"publish","type":"page","link":"https:\/\/www.people-abroad.de\/blog\/ausruestung\/","title":{"rendered":"Ausr\u00fcstung"},"content":{"rendered":"<div class=\"lcp_catlist\" id=\"lcp_instance_0\"><p><h2><a href=\"https:\/\/www.people-abroad.de\/blog\/vaude-neyland-wanderjacke\/\">Vaude Neyland 2,5-Lagen Wander- und Regenjacke<\/a><\/h2><div class=\"lcp_excerpt\"><p><a href=\"https:\/\/www.people-abroad.de\/blog\/vaude-neyland-wanderjacke\/\"><img decoding=\"async\" class=\"alignnone wp-image-38327 size-large\" src=\"https:\/\/www.people-abroad.de\/blog\/wp-content\/uploads\/2026\/04\/vaude-neyland-wanderjacke-1024x682.jpeg\" alt=\"Vaude Neyland Wanderjacke Regenjacke\" width=\"1024\" height=\"682\" srcset=\"https:\/\/www.people-abroad.de\/blog\/wp-content\/uploads\/2026\/04\/vaude-neyland-wanderjacke-1024x682.jpeg 1024w, https:\/\/www.people-abroad.de\/blog\/wp-content\/uploads\/2026\/04\/vaude-neyland-wanderjacke-300x200.jpeg 300w, https:\/\/www.people-abroad.de\/blog\/wp-content\/uploads\/2026\/04\/vaude-neyland-wanderjacke-768x511.jpeg 768w, https:\/\/www.people-abroad.de\/blog\/wp-content\/uploads\/2026\/04\/vaude-neyland-wanderjacke.jpeg 1200w\" sizes=\"(max-width: 1024px) 100vw, 1024px\" \/><\/a><\/p>\n<p> Wasserdicht, winddicht und atmungsaktiv sind die meisten Wanderjacken. Doch wie bew\u00e4hren sie sich beim Einsatz? Die Vaude Neyland Wanderjacke im Praxistest.<\/p>\n<\/div><a href=\"https:\/\/www.people-abroad.de\/blog\/vaude-neyland-wanderjacke\/\">Mehr...<\/a><\/p><p><h2><a href=\"https:\/\/www.people-abroad.de\/blog\/gregory-baltoro-rucksack\/\">Gregory Baltoro 75 Rucksack f\u00fcr Reise und Outdoor<\/a><\/h2><div class=\"lcp_excerpt\"><p><a href=\"https:\/\/www.people-abroad.de\/blog\/gregory-baltoro-rucksack\/\"><img decoding=\"async\" class=\"alignnone wp-image-37805 size-large\" src=\"https:\/\/www.people-abroad.de\/blog\/wp-content\/uploads\/2025\/11\/gregory-baltoro-rucksack-1024x682.jpeg\" alt=\"Gregory Baltoro 75 Liter Rucksack Reise Outdoor Trekking\" width=\"1024\" height=\"682\" srcset=\"https:\/\/www.people-abroad.de\/blog\/wp-content\/uploads\/2025\/11\/gregory-baltoro-rucksack-1024x682.jpeg 1024w, https:\/\/www.people-abroad.de\/blog\/wp-content\/uploads\/2025\/11\/gregory-baltoro-rucksack-300x200.jpeg 300w, https:\/\/www.people-abroad.de\/blog\/wp-content\/uploads\/2025\/11\/gregory-baltoro-rucksack-768x511.jpeg 768w, https:\/\/www.people-abroad.de\/blog\/wp-content\/uploads\/2025\/11\/gregory-baltoro-rucksack.jpeg 1200w\" sizes=\"(max-width: 1024px) 100vw, 1024px\" \/><\/a><\/p>\n<p> Der Gregory Baltoro 75 ist ein Rucksack f\u00fcr Reise- &amp; Outdoor-Abenteuer. Hier stelle ich den Rucksack des Outdoor-Herstellers Gregory genauer vor.<\/p>\n<\/div><a href=\"https:\/\/www.people-abroad.de\/blog\/gregory-baltoro-rucksack\/\">Mehr...<\/a><\/p><p><h2><a href=\"https:\/\/www.people-abroad.de\/blog\/salewa-alp-trainer\/\">Salewa Alp Trainer 2 f\u00fcr Wandern und Trekking<\/a><\/h2><div class=\"lcp_excerpt\"><p><a href=\"https:\/\/www.people-abroad.de\/blog\/salewa-alp-trainer\/\"><img decoding=\"async\" class=\"alignnone wp-image-37230 size-large\" src=\"https:\/\/www.people-abroad.de\/blog\/wp-content\/uploads\/2025\/08\/salewa-alp-trainer-wanderschuh-1024x682.jpeg\" alt=\"Salewa Alp Trainer 2 Wanderschuhe Trekkingschuhe\" width=\"1024\" height=\"682\" srcset=\"https:\/\/www.people-abroad.de\/blog\/wp-content\/uploads\/2025\/08\/salewa-alp-trainer-wanderschuh-1024x682.jpeg 1024w, https:\/\/www.people-abroad.de\/blog\/wp-content\/uploads\/2025\/08\/salewa-alp-trainer-wanderschuh-300x200.jpeg 300w, https:\/\/www.people-abroad.de\/blog\/wp-content\/uploads\/2025\/08\/salewa-alp-trainer-wanderschuh-768x511.jpeg 768w, https:\/\/www.people-abroad.de\/blog\/wp-content\/uploads\/2025\/08\/salewa-alp-trainer-wanderschuh.jpeg 1200w\" sizes=\"(max-width: 1024px) 100vw, 1024px\" \/><\/a><\/p>\n<p> Der Salewa Alp Trainer 2 ist f\u00fcr Wander- und Trekkingtouren konzipiert. Hier stelle ich den Wander-Allrounder der Bergsportmarke Salewa aus S\u00fcdtirol genauer vor.<\/p>\n<\/div><a href=\"https:\/\/www.people-abroad.de\/blog\/salewa-alp-trainer\/\">Mehr...<\/a><\/p><p><h2><a href=\"https:\/\/www.people-abroad.de\/blog\/travelbags-reisetaschen-rucksaecke\/\">Reisetaschen und Outdoor-Rucks\u00e4cke von Travelbags<\/a><\/h2><div class=\"lcp_excerpt\"><p><a href=\"https:\/\/www.people-abroad.de\/blog\/travelbags-reisetaschen-rucksaecke\/\"><img decoding=\"async\" class=\"alignnone wp-image-36981 size-large\" src=\"https:\/\/www.people-abroad.de\/blog\/wp-content\/uploads\/2025\/07\/travelbags-reisetaschen-1024x682.jpeg\" alt=\"Travelbags Reisetaschen Rucks\u00e4cke Ausr\u00fcstung Reisegep\u00e4ck\" width=\"1024\" height=\"682\" srcset=\"https:\/\/www.people-abroad.de\/blog\/wp-content\/uploads\/2025\/07\/travelbags-reisetaschen-1024x682.jpeg 1024w, https:\/\/www.people-abroad.de\/blog\/wp-content\/uploads\/2025\/07\/travelbags-reisetaschen-300x200.jpeg 300w, https:\/\/www.people-abroad.de\/blog\/wp-content\/uploads\/2025\/07\/travelbags-reisetaschen-768x511.jpeg 768w, https:\/\/www.people-abroad.de\/blog\/wp-content\/uploads\/2025\/07\/travelbags-reisetaschen.jpeg 1200w\" sizes=\"(max-width: 1024px) 100vw, 1024px\" \/><\/a><\/p>\n<p> Travelbags bietet Reisegep\u00e4ck von namhaften Herstellern, die f\u00fcr Qualit\u00e4t und Langlebigkeit stehen. Tipps f\u00fcr den Online-Anbieter Travelbags f\u00fcr Reisegep\u00e4ck.<\/p>\n<\/div><a href=\"https:\/\/www.people-abroad.de\/blog\/travelbags-reisetaschen-rucksaecke\/\">Mehr...<\/a><\/p><p><h2><a href=\"https:\/\/www.people-abroad.de\/blog\/weitwandern-wandern-ohne-gepaeck\/\">Weitwandern und Wandern ohne Gep\u00e4ck &#8211; Basics &#038; Tipps<\/a><\/h2><div class=\"lcp_excerpt\"><p><a href=\"https:\/\/www.people-abroad.de\/blog\/weitwandern-wandern-ohne-gepaeck\/\"><img decoding=\"async\" class=\"alignnone wp-image-29174 size-full\" src=\"https:\/\/www.people-abroad.de\/blog\/wp-content\/uploads\/2022\/12\/weitwandern-fernwanderweg-wandern-ohne-gepaeck-1.jpeg\" alt=\"Weitwanderung Fernwanderweg Weitwandern Wandern ohne Gep\u00e4ck\" width=\"1024\" height=\"682\" srcset=\"https:\/\/www.people-abroad.de\/blog\/wp-content\/uploads\/2022\/12\/weitwandern-fernwanderweg-wandern-ohne-gepaeck-1.jpeg 1024w, https:\/\/www.people-abroad.de\/blog\/wp-content\/uploads\/2022\/12\/weitwandern-fernwanderweg-wandern-ohne-gepaeck-1-300x200.jpeg 300w, https:\/\/www.people-abroad.de\/blog\/wp-content\/uploads\/2022\/12\/weitwandern-fernwanderweg-wandern-ohne-gepaeck-1-768x512.jpeg 768w\" sizes=\"(max-width: 1024px) 100vw, 1024px\" \/><\/a><\/p>\n<p> Weitwanderungen und Fernwanderwege sind beliebt und f\u00fcr Wander-Fans ein echtes Abenteuer. Infos &amp; Tipps f\u00fcr die Planung der ersten Weitwanderung &#8211; f\u00fcr Einsteiger und Newbies.<\/p>\n<\/div><a href=\"https:\/\/www.people-abroad.de\/blog\/weitwandern-wandern-ohne-gepaeck\/\">Mehr...<\/a><\/p><p><h2><a href=\"https:\/\/www.people-abroad.de\/blog\/reisen-mit-allergien-klarify-app\/\">Reisen mit Allergien: N\u00fctzliche Tipps und die Klarify-App<\/a><\/h2><div class=\"lcp_excerpt\"><p><a href=\"https:\/\/www.people-abroad.de\/blog\/reisen-mit-allergien-klarify-app\/\"><img decoding=\"async\" class=\"alignnone wp-image-26830 size-large\" src=\"https:\/\/www.people-abroad.de\/blog\/wp-content\/uploads\/2022\/05\/reisen-mit-allergien-klarify-app-1-1024x683.jpg\" alt=\"Reisen mit Allergien Allergiker Urlaub Alk Klarify App\" width=\"1024\" height=\"683\" srcset=\"https:\/\/www.people-abroad.de\/blog\/wp-content\/uploads\/2022\/05\/reisen-mit-allergien-klarify-app-1-1024x683.jpg 1024w, https:\/\/www.people-abroad.de\/blog\/wp-content\/uploads\/2022\/05\/reisen-mit-allergien-klarify-app-1-300x200.jpg 300w, https:\/\/www.people-abroad.de\/blog\/wp-content\/uploads\/2022\/05\/reisen-mit-allergien-klarify-app-1-768x512.jpg 768w, https:\/\/www.people-abroad.de\/blog\/wp-content\/uploads\/2022\/05\/reisen-mit-allergien-klarify-app-1-400x267.jpg 400w, https:\/\/www.people-abroad.de\/blog\/wp-content\/uploads\/2022\/05\/reisen-mit-allergien-klarify-app-1.jpg 1200w\" sizes=\"(max-width: 1024px) 100vw, 1024px\" \/><\/a><\/p>\n<p> Allergische Reaktionen k\u00f6nnen die Urlaubsfreude einschr\u00e4nken und das Reisen beschwerlich machen. Infos &amp; Tipps f\u00fcr Reisen mit Allergien und mit der Klarify-App.<\/p>\n<\/div><a href=\"https:\/\/www.people-abroad.de\/blog\/reisen-mit-allergien-klarify-app\/\">Mehr...<\/a><\/p><p><h2><a href=\"https:\/\/www.people-abroad.de\/blog\/source-outdoor-hipster-ultra-5l\/\">Source Outdoor: Hipster Ultra 5L im Test<\/a><\/h2><div class=\"lcp_excerpt\"><p><a href=\"https:\/\/www.people-abroad.de\/blog\/source-outdoor-hipster-ultra-5l\/\"><img decoding=\"async\" class=\"alignnone wp-image-22967 size-full\" src=\"https:\/\/www.people-abroad.de\/blog\/wp-content\/uploads\/2021\/07\/source-outdoor-hipster-ultra-1.jpg\" alt=\"Source Outdoor Trinksystem Hipster Ultra 5L\" width=\"1000\" height=\"666\" srcset=\"https:\/\/www.people-abroad.de\/blog\/wp-content\/uploads\/2021\/07\/source-outdoor-hipster-ultra-1.jpg 1000w, https:\/\/www.people-abroad.de\/blog\/wp-content\/uploads\/2021\/07\/source-outdoor-hipster-ultra-1-300x200.jpg 300w, https:\/\/www.people-abroad.de\/blog\/wp-content\/uploads\/2021\/07\/source-outdoor-hipster-ultra-1-768x511.jpg 768w, https:\/\/www.people-abroad.de\/blog\/wp-content\/uploads\/2021\/07\/source-outdoor-hipster-ultra-1-400x266.jpg 400w\" sizes=\"(max-width: 1000px) 100vw, 1000px\" \/><\/a><\/p>\n<p> Der Source Outdoor Hipster Ultra 5L ist f\u00fcrs Mountainbiken konzipiert. Hier stelle ich dir den Trinkg\u00fcrtel des bekannten Outdoor-Herstellers genauer vor.<\/p>\n<\/div><a href=\"https:\/\/www.people-abroad.de\/blog\/source-outdoor-hipster-ultra-5l\/\">Mehr...<\/a><\/p><p><h2><a href=\"https:\/\/www.people-abroad.de\/blog\/obelink-camping-zelt-dachzelt\/\">Obelink: Zelt oder Dachzelt &#8211; Infos &#038; Tipps<\/a><\/h2><div class=\"lcp_excerpt\"><p lang=\"de-DE\"><a href=\"https:\/\/www.people-abroad.de\/blog\/obelink-camping-zelt-dachzelt\/\"><img decoding=\"async\" class=\"alignleft wp-image-18895 size-full\" style=\"margin-bottom: 25px;\" src=\"https:\/\/www.people-abroad.de\/blog\/wp-content\/uploads\/2020\/10\/obelink-camping-zelt-cachzelt-2.jpg\" alt=\"Obelink Zelt Caming Shop Outdoor Shop Dachzelt\" width=\"1000\" height=\"667\" srcset=\"https:\/\/www.people-abroad.de\/blog\/wp-content\/uploads\/2020\/10\/obelink-camping-zelt-cachzelt-2.jpg 1000w, https:\/\/www.people-abroad.de\/blog\/wp-content\/uploads\/2020\/10\/obelink-camping-zelt-cachzelt-2-300x200.jpg 300w, https:\/\/www.people-abroad.de\/blog\/wp-content\/uploads\/2020\/10\/obelink-camping-zelt-cachzelt-2-768x512.jpg 768w, https:\/\/www.people-abroad.de\/blog\/wp-content\/uploads\/2020\/10\/obelink-camping-zelt-cachzelt-2-400x267.jpg 400w\" sizes=\"(max-width: 1000px) 100vw, 1000px\" \/><\/a><\/p>\n<p lang=\"de-DE\"> Dachzelte erfreuen sich bei Camping-Fans zunehmender Beliebtheit. Zum Thema Zelt vs. Dachzelt hat &#8222;Obelink&#8220; die jeweiligen Vor- und Nachteile \u00fcbersichtlich zusammengefasst.<\/p>\n<\/div><a href=\"https:\/\/www.people-abroad.de\/blog\/obelink-camping-zelt-dachzelt\/\">Mehr...<\/a><\/p><p><h2><a href=\"https:\/\/www.people-abroad.de\/blog\/source-outdoor-summit-mountainbike-rucksack\/\">Source Outdoor Summit 15L MTB-Rucksack<\/a><\/h2><div class=\"lcp_excerpt\"><p><a href=\"https:\/\/www.people-abroad.de\/blog\/source-outdoor-summit-mountainbike-rucksack\/\"><img decoding=\"async\" class=\"alignleft wp-image-18342 size-full\" style=\"margin-bottom: 25px;\" src=\"https:\/\/www.people-abroad.de\/blog\/wp-content\/uploads\/2020\/09\/source-outdoor-summit-mountainbike-mtb-rucksack.jpg\" alt=\"Source Outdoor Summit MTB Mountainbike Rucksack\" width=\"1000\" height=\"667\" srcset=\"https:\/\/www.people-abroad.de\/blog\/wp-content\/uploads\/2020\/09\/source-outdoor-summit-mountainbike-mtb-rucksack.jpg 1000w, https:\/\/www.people-abroad.de\/blog\/wp-content\/uploads\/2020\/09\/source-outdoor-summit-mountainbike-mtb-rucksack-300x200.jpg 300w, https:\/\/www.people-abroad.de\/blog\/wp-content\/uploads\/2020\/09\/source-outdoor-summit-mountainbike-mtb-rucksack-768x512.jpg 768w, https:\/\/www.people-abroad.de\/blog\/wp-content\/uploads\/2020\/09\/source-outdoor-summit-mountainbike-mtb-rucksack-400x267.jpg 400w\" sizes=\"(max-width: 1000px) 100vw, 1000px\" \/><\/a><\/p>\n<p> Der Source Outdoor Summit MTB-Rucksack ist als Begleiter f\u00fcrs Mountainbiken gedacht. Hier stelle ich dir den 15L-Rucksack des bekannten Outdoor-Herstellers vor.<\/p>\n<\/div><a href=\"https:\/\/www.people-abroad.de\/blog\/source-outdoor-summit-mountainbike-rucksack\/\">Mehr...<\/a><\/p><p><h2><a href=\"https:\/\/www.people-abroad.de\/blog\/craft-adopt-rain-jacket-fuseknit\/\">Craft Sports: Adopt Rain Jacket &#038; Fuseknit<\/a><\/h2><div class=\"lcp_excerpt\"><p><a href=\"https:\/\/www.people-abroad.de\/blog\/craft-adopt-rain-jacket-fuseknit\/\"><img decoding=\"async\" class=\"alignleft wp-image-17009 size-full\" style=\"margin-bottom: 25px;\" src=\"https:\/\/www.people-abroad.de\/blog\/wp-content\/uploads\/2020\/06\/craft-adopt-rain-jacket-regenjacke-6.jpg\" alt=\"Craft Sports Adopt Rain Jacket Fuseknit\" width=\"1000\" height=\"666\" srcset=\"https:\/\/www.people-abroad.de\/blog\/wp-content\/uploads\/2020\/06\/craft-adopt-rain-jacket-regenjacke-6.jpg 1000w, https:\/\/www.people-abroad.de\/blog\/wp-content\/uploads\/2020\/06\/craft-adopt-rain-jacket-regenjacke-6-300x200.jpg 300w, https:\/\/www.people-abroad.de\/blog\/wp-content\/uploads\/2020\/06\/craft-adopt-rain-jacket-regenjacke-6-768x511.jpg 768w, https:\/\/www.people-abroad.de\/blog\/wp-content\/uploads\/2020\/06\/craft-adopt-rain-jacket-regenjacke-6-400x266.jpg 400w\" sizes=\"(max-width: 1000px) 100vw, 1000px\" \/><\/a><\/p>\n<p> Regendichte Bike-Jacken m\u00fcssen leicht, bequem und multifunktionell sein. Hier stelle ich dir die Adopt Rain Jacket der schwedischen Outdoor-Marke Craft Sports vor.<\/p>\n<\/div><a href=\"https:\/\/www.people-abroad.de\/blog\/craft-adopt-rain-jacket-fuseknit\/\">Mehr...<\/a><\/p><\/div><ul class='lcp_paginator'><li class='lcp_currentpage'>1<\/li><li><a href='https:\/\/www.people-abroad.de\/blog\/wp-json\/wp\/v2\/pages\/11491?lcp_page0=2#lcp_instance_0' title='2'>2<\/a><\/li><li><a href='https:\/\/www.people-abroad.de\/blog\/wp-json\/wp\/v2\/pages\/11491?lcp_page0=3#lcp_instance_0' title='3'>3<\/a><\/li><li><a href='https:\/\/www.people-abroad.de\/blog\/wp-json\/wp\/v2\/pages\/11491?lcp_page0=2#lcp_instance_0' title='2' class='lcp_nextlink'>\u00c4ltere Beitr\u00e4ge &gt;&gt;<\/a><\/li><\/ul>\n","protected":false},"excerpt":{"rendered":"","protected":false},"author":1,"featured_media":0,"parent":0,"menu_order":0,"comment_status":"closed","ping_status":"closed","template":"","meta":{"_monsterinsights_skip_tracking":false,"_monsterinsights_sitenote_active":false,"_monsterinsights_sitenote_note":"","_monsterinsights_sitenote_category":0,"footnotes":""},"class_list":["post-11491","page","type-page","status-publish","hentry"],"yoast_head":"<!-- This site is optimized with the Yoast SEO plugin v27.5 - https:\/\/yoast.com\/product\/yoast-seo-wordpress\/ -->\n<title>Ausr\u00fcstung - People Abroad<\/title>\n<meta name=\"description\" content=\"Tipps f\u00fcr die Reiseausr\u00fcstung mit n\u00fctzlichen Infos und Testberichten f\u00fcr die individuelle Planung und Ausstattung.\" \/>\n<meta name=\"robots\" content=\"noindex, follow\" \/>\n<meta property=\"og:locale\" content=\"de_DE\" \/>\n<meta property=\"og:type\" content=\"article\" \/>\n<meta property=\"og:title\" content=\"Ausr\u00fcstung - People Abroad\" \/>\n<meta property=\"og:description\" content=\"Tipps f\u00fcr die Reiseausr\u00fcstung mit n\u00fctzlichen Infos und Testberichten f\u00fcr die individuelle Planung und Ausstattung.\" \/>\n<meta property=\"og:url\" content=\"https:\/\/www.people-abroad.de\/blog\/ausruestung\/\" \/>\n<meta property=\"og:site_name\" content=\"People Abroad\" \/>\n<meta property=\"article:publisher\" content=\"https:\/\/www.facebook.com\/menschen.international\/\" \/>\n<meta property=\"article:modified_time\" content=\"2023-01-17T09:43:38+00:00\" \/>\n<meta name=\"twitter:card\" content=\"summary_large_image\" \/>\n<meta name=\"twitter:site\" content=\"@People_Abroad\" \/>\n<meta name=\"twitter:label1\" content=\"Gesch\u00e4tzte Lesezeit\" \/>\n\t<meta name=\"twitter:data1\" content=\"1\u00a0Minute\" \/>\n<script type=\"application\/ld+json\" class=\"yoast-schema-graph\">{\"@context\":\"https:\\\/\\\/schema.org\",\"@graph\":[{\"@type\":\"WebPage\",\"@id\":\"https:\\\/\\\/www.people-abroad.de\\\/blog\\\/ausruestung\\\/\",\"url\":\"https:\\\/\\\/www.people-abroad.de\\\/blog\\\/ausruestung\\\/\",\"name\":\"Ausr\u00fcstung - People Abroad\",\"isPartOf\":{\"@id\":\"https:\\\/\\\/www.people-abroad.de\\\/blog\\\/#website\"},\"datePublished\":\"2019-03-28T20:48:22+00:00\",\"dateModified\":\"2023-01-17T09:43:38+00:00\",\"description\":\"Tipps f\u00fcr die Reiseausr\u00fcstung mit n\u00fctzlichen Infos und Testberichten f\u00fcr die individuelle Planung und Ausstattung.\",\"breadcrumb\":{\"@id\":\"https:\\\/\\\/www.people-abroad.de\\\/blog\\\/ausruestung\\\/#breadcrumb\"},\"inLanguage\":\"de\",\"potentialAction\":[{\"@type\":\"ReadAction\",\"target\":[\"https:\\\/\\\/www.people-abroad.de\\\/blog\\\/ausruestung\\\/\"]}]},{\"@type\":\"BreadcrumbList\",\"@id\":\"https:\\\/\\\/www.people-abroad.de\\\/blog\\\/ausruestung\\\/#breadcrumb\",\"itemListElement\":[{\"@type\":\"ListItem\",\"position\":1,\"name\":\"Startseite\",\"item\":\"https:\\\/\\\/www.people-abroad.de\\\/blog\\\/\"},{\"@type\":\"ListItem\",\"position\":2,\"name\":\"Ausr\u00fcstung\"}]},{\"@type\":\"WebSite\",\"@id\":\"https:\\\/\\\/www.people-abroad.de\\\/blog\\\/#website\",\"url\":\"https:\\\/\\\/www.people-abroad.de\\\/blog\\\/\",\"name\":\"People Abroad\",\"description\":\"Reiseblog\",\"publisher\":{\"@id\":\"https:\\\/\\\/www.people-abroad.de\\\/blog\\\/#\\\/schema\\\/person\\\/2a518a154d93ee6cf0b146bc327329b3\"},\"potentialAction\":[{\"@type\":\"SearchAction\",\"target\":{\"@type\":\"EntryPoint\",\"urlTemplate\":\"https:\\\/\\\/www.people-abroad.de\\\/blog\\\/?s={search_term_string}\"},\"query-input\":{\"@type\":\"PropertyValueSpecification\",\"valueRequired\":true,\"valueName\":\"search_term_string\"}}],\"inLanguage\":\"de\"},{\"@type\":[\"Person\",\"Organization\"],\"@id\":\"https:\\\/\\\/www.people-abroad.de\\\/blog\\\/#\\\/schema\\\/person\\\/2a518a154d93ee6cf0b146bc327329b3\",\"name\":\"Heiko M\u00fcller\",\"logo\":{\"@id\":\"https:\\\/\\\/www.people-abroad.de\\\/blog\\\/#\\\/schema\\\/person\\\/image\\\/\"},\"description\":\"Ich bin Reiseblogger, Content Creator und Redakteur. Auf Reisen erkunde ich gerne neue Regionen, St\u00e4dte und Orte beim Fotografieren, Wandern und Radfahren. F\u00fcr weitere Reisetipps folge mir auf Instagram. Mehr Infos zum Blog findest du hier: https:\\\/\\\/www.people-abroad.de\\\/blog\\\/pr-media\\\/. Kontakt: h.mueller@people-abroad.de\",\"sameAs\":[\"https:\\\/\\\/www.people-abroad.de\\\/blog\\\/\",\"https:\\\/\\\/www.facebook.com\\\/menschen.international\\\/\",\"https:\\\/\\\/www.instagram.com\\\/people.abroad\\\/\",\"https:\\\/\\\/www.linkedin.com\\\/in\\\/muellerheiko\\\/\",\"https:\\\/\\\/www.pinterest.de\\\/peopleabroad\\\/\",\"https:\\\/\\\/x.com\\\/People_Abroad\",\"https:\\\/\\\/www.youtube.com\\\/user\\\/MenschenInt\"]}]}<\/script>\n<!-- \/ Yoast SEO plugin. -->","yoast_head_json":{"title":"Ausr\u00fcstung - People Abroad","description":"Tipps f\u00fcr die Reiseausr\u00fcstung mit n\u00fctzlichen Infos und Testberichten f\u00fcr die individuelle Planung und Ausstattung.","robots":{"index":"noindex","follow":"follow"},"og_locale":"de_DE","og_type":"article","og_title":"Ausr\u00fcstung - People Abroad","og_description":"Tipps f\u00fcr die Reiseausr\u00fcstung mit n\u00fctzlichen Infos und Testberichten f\u00fcr die individuelle Planung und Ausstattung.","og_url":"https:\/\/www.people-abroad.de\/blog\/ausruestung\/","og_site_name":"People Abroad","article_publisher":"https:\/\/www.facebook.com\/menschen.international\/","article_modified_time":"2023-01-17T09:43:38+00:00","twitter_card":"summary_large_image","twitter_site":"@People_Abroad","twitter_misc":{"Gesch\u00e4tzte Lesezeit":"1\u00a0Minute"},"schema":{"@context":"https:\/\/schema.org","@graph":[{"@type":"WebPage","@id":"https:\/\/www.people-abroad.de\/blog\/ausruestung\/","url":"https:\/\/www.people-abroad.de\/blog\/ausruestung\/","name":"Ausr\u00fcstung - People Abroad","isPartOf":{"@id":"https:\/\/www.people-abroad.de\/blog\/#website"},"datePublished":"2019-03-28T20:48:22+00:00","dateModified":"2023-01-17T09:43:38+00:00","description":"Tipps f\u00fcr die Reiseausr\u00fcstung mit n\u00fctzlichen Infos und Testberichten f\u00fcr die individuelle Planung und Ausstattung.","breadcrumb":{"@id":"https:\/\/www.people-abroad.de\/blog\/ausruestung\/#breadcrumb"},"inLanguage":"de","potentialAction":[{"@type":"ReadAction","target":["https:\/\/www.people-abroad.de\/blog\/ausruestung\/"]}]},{"@type":"BreadcrumbList","@id":"https:\/\/www.people-abroad.de\/blog\/ausruestung\/#breadcrumb","itemListElement":[{"@type":"ListItem","position":1,"name":"Startseite","item":"https:\/\/www.people-abroad.de\/blog\/"},{"@type":"ListItem","position":2,"name":"Ausr\u00fcstung"}]},{"@type":"WebSite","@id":"https:\/\/www.people-abroad.de\/blog\/#website","url":"https:\/\/www.people-abroad.de\/blog\/","name":"People Abroad","description":"Reiseblog","publisher":{"@id":"https:\/\/www.people-abroad.de\/blog\/#\/schema\/person\/2a518a154d93ee6cf0b146bc327329b3"},"potentialAction":[{"@type":"SearchAction","target":{"@type":"EntryPoint","urlTemplate":"https:\/\/www.people-abroad.de\/blog\/?s={search_term_string}"},"query-input":{"@type":"PropertyValueSpecification","valueRequired":true,"valueName":"search_term_string"}}],"inLanguage":"de"},{"@type":["Person","Organization"],"@id":"https:\/\/www.people-abroad.de\/blog\/#\/schema\/person\/2a518a154d93ee6cf0b146bc327329b3","name":"Heiko M\u00fcller","logo":{"@id":"https:\/\/www.people-abroad.de\/blog\/#\/schema\/person\/image\/"},"description":"Ich bin Reiseblogger, Content Creator und Redakteur. Auf Reisen erkunde ich gerne neue Regionen, St\u00e4dte und Orte beim Fotografieren, Wandern und Radfahren. F\u00fcr weitere Reisetipps folge mir auf Instagram. Mehr Infos zum Blog findest du hier: https:\/\/www.people-abroad.de\/blog\/pr-media\/. Kontakt: h.mueller@people-abroad.de","sameAs":["https:\/\/www.people-abroad.de\/blog\/","https:\/\/www.facebook.com\/menschen.international\/","https:\/\/www.instagram.com\/people.abroad\/","https:\/\/www.linkedin.com\/in\/muellerheiko\/","https:\/\/www.pinterest.de\/peopleabroad\/","https:\/\/x.com\/People_Abroad","https:\/\/www.youtube.com\/user\/MenschenInt"]}]}},"_links":{"self":[{"href":"https:\/\/www.people-abroad.de\/blog\/wp-json\/wp\/v2\/pages\/11491","targetHints":{"allow":["GET"]}}],"collection":[{"href":"https:\/\/www.people-abroad.de\/blog\/wp-json\/wp\/v2\/pages"}],"about":[{"href":"https:\/\/www.people-abroad.de\/blog\/wp-json\/wp\/v2\/types\/page"}],"author":[{"embeddable":true,"href":"https:\/\/www.people-abroad.de\/blog\/wp-json\/wp\/v2\/users\/1"}],"replies":[{"embeddable":true,"href":"https:\/\/www.people-abroad.de\/blog\/wp-json\/wp\/v2\/comments?post=11491"}],"version-history":[{"count":3,"href":"https:\/\/www.people-abroad.de\/blog\/wp-json\/wp\/v2\/pages\/11491\/revisions"}],"predecessor-version":[{"id":14549,"href":"https:\/\/www.people-abroad.de\/blog\/wp-json\/wp\/v2\/pages\/11491\/revisions\/14549"}],"wp:attachment":[{"href":"https:\/\/www.people-abroad.de\/blog\/wp-json\/wp\/v2\/media?parent=11491"}],"curies":[{"name":"wp","href":"https:\/\/api.w.org\/{rel}","templated":true}]}}