{"id":1147,"date":"2017-04-18T21:56:28","date_gmt":"2017-04-18T19:56:28","guid":{"rendered":"http:\/\/www.people-abroad.de\/blog\/?page_id=1147"},"modified":"2026-01-29T21:29:27","modified_gmt":"2026-01-29T20:29:27","slug":"heiko-mueller-journalist-redakteur-reiseblogger","status":"publish","type":"page","link":"https:\/\/www.people-abroad.de\/blog\/heiko-mueller-journalist-redakteur-reiseblogger\/","title":{"rendered":"Heiko M\u00fcller &#8211; Reiseblogger &#038; Content Creator"},"content":{"rendered":"<p><img decoding=\"async\" class=\"alignnone wp-image-6138 size-medium\" src=\"https:\/\/www.people-abroad.de\/blog\/wp-content\/uploads\/2017\/11\/heiko-mueller-journalist-reiseblogger-people-abroad-300x161.jpg\" alt=\"Heiko M\u00fcller Reiseblogger Content Creator Journalist Redakteur Blogger People Abroad\" width=\"300\" height=\"161\" srcset=\"https:\/\/www.people-abroad.de\/blog\/wp-content\/uploads\/2017\/11\/heiko-mueller-journalist-reiseblogger-people-abroad-300x161.jpg 300w, https:\/\/www.people-abroad.de\/blog\/wp-content\/uploads\/2017\/11\/heiko-mueller-journalist-reiseblogger-people-abroad-768x413.jpg 768w, https:\/\/www.people-abroad.de\/blog\/wp-content\/uploads\/2017\/11\/heiko-mueller-journalist-reiseblogger-people-abroad-400x215.jpg 400w, https:\/\/www.people-abroad.de\/blog\/wp-content\/uploads\/2017\/11\/heiko-mueller-journalist-reiseblogger-people-abroad.jpg 800w\" sizes=\"(max-width: 300px) 100vw, 300px\" \/><\/p>\n<p><strong>T\u00e4tigkeit:<\/strong> Reiseblogger, Content Creator und Redakteur in Mannheim<br \/>\n<strong>Schwerpunkte:<\/strong> Content Creation, Corporate Blogging, Online- &amp; Social-Media-Marketing<br \/>\n<strong>Themen:<\/strong> Reisen, Tourismus, Wandern, Radfahren, Outdoor, Nachhaltigkeit<br \/>\n<strong>Lesetipp:<\/strong> <a href=\"https:\/\/www.people-abroad.de\/blog\/10-jahre-people-abroad-reiseblog\/\">10 Jahre People Abroad &#8211; ein R\u00fcckblick mit pers\u00f6nlichem Fazit<\/a><\/p>\n<p><strong>Details zu meiner Arbeit<br \/>\n<\/strong>&#8211; Freelancer, Freiberufler, Projektarbeiten, Kooperationen<br \/>\n&#8211; Beitr\u00e4ge f\u00fcr Magazine, Print-\/Online-Medien, Websites, Blogs<br \/>\n&#8211; Content Creation, Content Management, Social Media Management<br \/>\n&#8211; Reisen und Recherchen in 60+ L\u00e4ndern auf sechs Kontinenten<br \/>\n&#8211; Wohnort Mannheim, aufgewachsen in Carlsberg (Pfalz)<br \/>\n&#8211; Erstberuf Ergotherapeut mit Erfahrung in Auslandsprojekten<br \/>\n&#8211; Gr\u00fcnder von People Abroad: <a href=\"https:\/\/www.people-abroad.de\">Auslandsportal<\/a>\u00a0| <a href=\"https:\/\/www.people-abroad.de\/blog\">Reiseblog<br \/>\n<\/a><a href=\"https:\/\/www.people-abroad.de\/blog\"><br \/>\n<\/a><strong>Vernetzung &amp; Zusammenarbeit<\/strong><br \/>\n&#8211; kontaktieren gerne per E-Mail an h.mueller @ people-abroad.de<br \/>\n&#8211; vernetzen gerne hier: <a href=\"https:\/\/de.linkedin.com\/in\/muellerheiko\" target=\"_blank\" rel=\"noopener noreferrer\">LinkedIn<\/a> | <a href=\"https:\/\/rheinneckar.social\/@peopleabroad\">Mastodon<\/a><br \/>\n&#8211; meine aktuellen Fotografien auf <a href=\"https:\/\/www.instagram.com\/people.abroad\/\">Instagram<\/a><br \/>\n&#8211; Eindr\u00fccke von meinen Reisen auf <a href=\"https:\/\/peopleabroad.pixieset.com\/peopleabroad\/\">Pixieset<\/a><br \/>\n&#8211; meine Blogartikel auf <a href=\"https:\/\/www.people-abroad.de\/blog\/author\/admin\">People Abroad<\/a><\/p>\n<p><img decoding=\"async\" class=\"alignnone wp-image-25291 size-medium\" src=\"https:\/\/www.people-abroad.de\/blog\/wp-content\/uploads\/2022\/01\/heiko-mueller-reiseblogger-content-creator-blogger-people-abroad-3-300x169.jpg\" alt=\"Heiko M\u00fcller Reiseblogger Content Creator Journalist Redakteur Blogger People Abroad\" width=\"300\" height=\"169\" srcset=\"https:\/\/www.people-abroad.de\/blog\/wp-content\/uploads\/2022\/01\/heiko-mueller-reiseblogger-content-creator-blogger-people-abroad-3-300x169.jpg 300w, https:\/\/www.people-abroad.de\/blog\/wp-content\/uploads\/2022\/01\/heiko-mueller-reiseblogger-content-creator-blogger-people-abroad-3-1024x576.jpg 1024w, https:\/\/www.people-abroad.de\/blog\/wp-content\/uploads\/2022\/01\/heiko-mueller-reiseblogger-content-creator-blogger-people-abroad-3-768x432.jpg 768w, https:\/\/www.people-abroad.de\/blog\/wp-content\/uploads\/2022\/01\/heiko-mueller-reiseblogger-content-creator-blogger-people-abroad-3-400x225.jpg 400w, https:\/\/www.people-abroad.de\/blog\/wp-content\/uploads\/2022\/01\/heiko-mueller-reiseblogger-content-creator-blogger-people-abroad-3.jpg 1200w\" sizes=\"(max-width: 300px) 100vw, 300px\" \/><\/p>\n<p><strong>Kooperationen &amp; Projekte<\/strong><br \/>\nBlogger-Kooperationen, Pressereisen &amp; individuelle Recherchen | <a href=\"https:\/\/www.people-abroad.de\/blog\/daenemark-urlaub-nordsee\/\">Beispiel<\/a><br \/>\nAdvertorials und Sponsored Posts (Kennzeichnung, Nofollow) | <a href=\"https:\/\/www.people-abroad.de\/blog\/roadtrip-kfz-versicherung\/\">Beispiel<\/a><br \/>\nContent Creation f\u00fcr Unternehmen &amp; Firmen (Texte, Fotos, Social Media) | <a href=\"https:\/\/www.kaernten.at\/content\/biken-wasser-genuss-am-faaker-see\/\">Beispiel<\/a><br \/>\nContent Erstellung f\u00fcr Corporate Blogs &amp; Websites | <a href=\"https:\/\/rheinhessenblog.de\/author\/mueller\/\">Beispiel<\/a><br \/>\nInstagram &amp; Social Media Kooperationen | <a href=\"https:\/\/www.instagram.com\/stories\/highlights\/17904573518170461\/\">Beispiel<\/a><br \/>\nIndividuelle Kooperationen, Projekte &amp; Events | <a href=\"https:\/\/www.people-abroad.de\/blog\/mammutmarsch-weitwandern\/\">Beispiel<\/a><br \/>\nMarkenbotschafter f\u00fcr Reise- &amp; Outdoor-Produkte | <a href=\"https:\/\/www.people-abroad.de\/blog\/rab-equipment-firewall-jacket\/\">Beispiel<\/a><\/p>\n<p><img decoding=\"async\" class=\"alignnone wp-image-25298 size-medium\" src=\"https:\/\/www.people-abroad.de\/blog\/wp-content\/uploads\/2022\/01\/heiko-mueller-reiseblogger-content-creator-blogger-people-abroad-9-300x169.jpg\" alt=\"Heiko M\u00fcller Reiseblogger Content Creator Journalist Redakteur Blogger People Abroad\" width=\"300\" height=\"169\" srcset=\"https:\/\/www.people-abroad.de\/blog\/wp-content\/uploads\/2022\/01\/heiko-mueller-reiseblogger-content-creator-blogger-people-abroad-9-300x169.jpg 300w, https:\/\/www.people-abroad.de\/blog\/wp-content\/uploads\/2022\/01\/heiko-mueller-reiseblogger-content-creator-blogger-people-abroad-9-1024x576.jpg 1024w, https:\/\/www.people-abroad.de\/blog\/wp-content\/uploads\/2022\/01\/heiko-mueller-reiseblogger-content-creator-blogger-people-abroad-9-768x432.jpg 768w, https:\/\/www.people-abroad.de\/blog\/wp-content\/uploads\/2022\/01\/heiko-mueller-reiseblogger-content-creator-blogger-people-abroad-9-400x225.jpg 400w, https:\/\/www.people-abroad.de\/blog\/wp-content\/uploads\/2022\/01\/heiko-mueller-reiseblogger-content-creator-blogger-people-abroad-9.jpg 1200w\" sizes=\"(max-width: 300px) 100vw, 300px\" \/><\/p>\n<p><strong>Ausgew\u00e4hlte Projekte<br \/>\n<\/strong>Influencer Programm &amp; Content Creation f\u00fcr Helsinki Partners als <a href=\"https:\/\/www.people-abroad.de\/blog\/helsinki-sehenswuerdigkeiten-tipps\/\">Helsinki Ambassador<\/a><br \/>\nContent Creation f\u00fcr Rheinhessen Touristik: <a href=\"https:\/\/rheinhessenblog.de\/author\/mueller\/\">Ausflugsziele &amp; Tipps f\u00fcr Rheinhessen<\/a><br \/>\nCorporate Blogger f\u00fcr Lahntal Tourismus: <a href=\"https:\/\/www.daslahntal.de\/author\/heiko-mueller\/\">Wander- &amp; Radtipps f\u00fcr das Lahntal<\/a><br \/>\nKooperation mit dem Urlaubsland Oberlausitz: <a href=\"https:\/\/www.people-abroad.de\/blog\/oberlausitz-sechsstaedtebund\/\">6 St\u00e4dte \u2013 1 Region: Der Sechsst\u00e4dtebund<\/a><br \/>\nZusammenarbeit mit Hauser Exkursionen: <a href=\"https:\/\/www.people-abroad.de\/blog\/coast-to-coast-walk\/\">Weitwanderung auf dem Coast to Coast Walk<\/a><br \/>\nKooperation mit Aude Tourisme &amp; Occitanie: <a href=\"https:\/\/www.people-abroad.de\/blog\/occitanie-aude-suedfrankreich\/\">Das Land der Katharer in S\u00fcdfrankreich<\/a><br \/>\nZusammenarbeit mit Outdooractive: <a href=\"https:\/\/www.people-abroad.de\/blog\/umweltfreundlich-reisen-tipps\/\">Umweltfreundlich reisen \u2013 Tipps f\u00fcr die Praxis<\/a><br \/>\nKooperation mit dem Verein Lechweg: <a href=\"https:\/\/www.people-abroad.de\/blog\/lechweg-wandern\/\">5 Regionen \u2013 1 Fernwanderweg: Der Lechweg<\/a><\/p>\n<p><strong>Meine Arbeit<\/strong><strong> in anderen Medien<br \/>\n<\/strong>Die Welt | Tageszeitung: <a href=\"https:\/\/www.yumpu.com\/de\/document\/view\/65876726\/herbst-und-winter\">Herbst &amp; Winter: Dein Urlaub \u2013 Dein Erlebnis<\/a><br \/>\nMediaplanet Deutschland: <a href=\"https:\/\/www.reise-urlaub-abenteuer.info\/herbst-und-winter\/entdecke-den-herbst-die-goldene-jahreszeit\/\">Entdecke den Herbst, die goldene Jahreszeit<\/a><br \/>\nMeinungsbarometer | Das Fachdebattenportal: <a href=\"https:\/\/www.meinungsbarometer.info\/beitrag\/Durch-das-digitale-Buero-wird-der-Stromverbrauch-weiterhin-steigen_4311.html\">Erfahrungen mit dem digitalen B\u00fcro<\/a><br \/>\nS\u00e4chsische Zeitung: <a href=\"https:\/\/www.saechsische.de\/goerlitz\/klicks-statt-grossplakate-wie-goerlitz-mit-influencern-um-touristen-wirbt-5968571-plus.html\">Wie G\u00f6rlitz mit Influencern um Touristen wirbt<\/a><br \/>\nFinanzmagazin Binoro: <a href=\"https:\/\/www.binoro.de\/erfolgreiche-blogger-heiko-mueller-und-people-abroad\/\">Erfolgreich Bloggen \u2013 People Abroad<\/a><br \/>\nGreen Pearls \u2013 Unique Places: <a href=\"https:\/\/green-travel-blog.com\/de\/freiwilligendienst-interview-heiko-people-abroad\/\">Freiwilligendienst im Ausland<\/a><br \/>\nPro Social Bussiness: <a href=\"https:\/\/prosocialbusiness.de\/portfolio\/heiko-mueller\/?portfolioCats=171\">Gr\u00fcnder-Portrait People Abroad | Reiseblog<\/a><br \/>\nSchwarzwald Tourismus Podcast: <a href=\"https:\/\/player.podigee-cdn.net\/podcast-player\/podigee-podcast-player.html?configuration=https:\/\/visitblackforest.podigee.io\/67-wasserweltensteig\/embed?context=external&amp;token=Ggwygm9-wXGU_3Yoy6gErw&amp;amp=false\">Der atemberaubende Wasserweltensteig<\/a><br \/>\nWochenblatt Reporter: <a href=\"https:\/\/www.wochenblatt-reporter.de\/wochenblatt-mannheim\/c-lokales\/auszeichnung-fuer-mannheimer-reiseblogger_a459679\">Auszeichnung f\u00fcr Mannheimer Reiseblogger<\/a><\/p>\n<p><strong>Content Creation &amp; Corporate Blogging<br \/>\n<\/strong>K\u00e4rnten Tourismus: <a href=\"https:\/\/www.kaernten.at\/content\/biken-wasser-genuss-am-faaker-see\/\">Biken, Wasser &amp; Genuss am Faaker See<\/a><br \/>\nLahntalliebe Magazin: <a href=\"https:\/\/www.daslahntal.de\/info-und-service\/tourist-informationen\/prospekte-bestellen\/lahntal-magazin-ausgabe-01\/\">Erkenntnisse auf dem Lahnwanderweg<\/a><br \/>\nRheinhessen Touristik: <a href=\"https:\/\/rheinhessenblog.de\/author\/mueller\/\">Ausflugsziele &amp; Tipps f\u00fcr Rheinhessen<\/a><br \/>\nLahntal Tourismus: <a href=\"https:\/\/www.lahntalliebe.de\/rad-bloggerreise-durch-das-lahntal\/\">Rad-Bloggerreise durch das Lahntal<\/a><br \/>\nEdelsteinland: <a href=\"https:\/\/www.edelblog.de\/edelblog\/stadtrundgang-idar-oberstein\">Stadtrundgang durch Idar-Oberstein<\/a><\/p>\n<p><strong>Mein Reiseblog in Rankings<\/strong><br \/>\nTouristik PR und Medien Awards:\u00a0<a href=\"https:\/\/www.touristikpr.de\/fileadmin\/user_upload\/2023\/Ranking_TM23-Reiseblog_des_Jahres.pdf\">Top 50 \u2013 Reiseblog des Jahres 2023 &#8211; 2024<\/a><br \/>\nReiseblog Lesercharts: <a href=\"https:\/\/www.flocutus.de\/reiseblog-top-lesercharts\/\">Top 50 \u2013 Reiseblogs in der Kategorie Aktivreisen<\/a><\/p>\n<p><strong>Leserzahlen &amp; Mediadaten<\/strong><br \/>\nAusf\u00fchrliche Infos &amp; Mediadaten zu meinem Reiseblog gibt es in der Rubrik <a href=\"https:\/\/www.people-abroad.de\/blog\/pr-media\/\">Media &amp; PR<\/a>.<\/p>\n<p><strong>Treffen auf Messen &amp; Events<\/strong><br \/>\n&#8211; ich besuche gerne Messen, Kongresse, Veranstaltungen und Events<br \/>\n&#8211; anzutreffen bin ich u.a. hier: ITB,\u00a0CMT, ISPO, OutDoor, Eurobike, Frankfurter Buchmesse<br \/>\n&#8211; \u00fcber einen pers\u00f6nlichen Austausch freue ich mich<br \/>\n&#8211; Treffen ausmachen: h.mueller @ people-abroad.de<\/p>\n<p><strong>Kontakt<br \/>\n<\/strong>Heiko M\u00fcller<br \/>\nAlphornstra\u00dfe 28<br \/>\n68169 Mannheim<br \/>\nh.mueller @ people-abroad.de<br \/>\ntel: +49 (0) 621 40185801<\/p>\n<p>&nbsp;<\/p>\n","protected":false},"excerpt":{"rendered":"<p>T\u00e4tigkeit: Reiseblogger, Content Creator und Redakteur in Mannheim Schwerpunkte: Content Creation, Corporate Blogging, Online- &amp; Social-Media-Marketing Themen: Reisen, Tourismus, Wandern, Radfahren, Outdoor, Nachhaltigkeit Lesetipp: 10 Jahre People Abroad &#8211; ein R\u00fcckblick mit pers\u00f6nlichem Fazit Details zu meiner Arbeit &#8211; Freelancer, Freiberufler, Projektarbeiten, Kooperationen &#8211; Beitr\u00e4ge f\u00fcr Magazine, Print-\/Online-Medien, Websites, Blogs &#8211; Content Creation, Content Management, [&hellip;]<\/p>\n","protected":false},"author":1,"featured_media":0,"parent":0,"menu_order":0,"comment_status":"closed","ping_status":"closed","template":"","meta":{"_monsterinsights_skip_tracking":false,"_monsterinsights_sitenote_active":false,"_monsterinsights_sitenote_note":"","_monsterinsights_sitenote_category":0,"footnotes":""},"class_list":["post-1147","page","type-page","status-publish","hentry"],"yoast_head":"<!-- This site is optimized with the Yoast SEO plugin v27.4 - https:\/\/yoast.com\/product\/yoast-seo-wordpress\/ -->\n<title>Heiko M\u00fcller - Reiseblogger &amp; Content Creator - People Abroad<\/title>\n<meta name=\"description\" content=\"Heiko M\u00fcller - Redakteur, Content Creator, Reiseblogger. Content Creation im Bereich Reisen, Outdoor und Tourismus. Blog: www.people-abroad.de\/blog\" \/>\n<meta name=\"robots\" content=\"index, follow, max-snippet:-1, max-image-preview:large, max-video-preview:-1\" \/>\n<link rel=\"canonical\" href=\"https:\/\/www.people-abroad.de\/blog\/heiko-mueller-journalist-redakteur-reiseblogger\/\" \/>\n<meta property=\"og:locale\" content=\"de_DE\" \/>\n<meta property=\"og:type\" content=\"article\" \/>\n<meta property=\"og:title\" content=\"Heiko M\u00fcller - Reiseblogger &amp; Content Creator - People Abroad\" \/>\n<meta property=\"og:description\" content=\"Heiko M\u00fcller - Redakteur, Content Creator, Reiseblogger. Content Creation im Bereich Reisen, Outdoor und Tourismus. Blog: www.people-abroad.de\/blog\" \/>\n<meta property=\"og:url\" content=\"https:\/\/www.people-abroad.de\/blog\/heiko-mueller-journalist-redakteur-reiseblogger\/\" \/>\n<meta property=\"og:site_name\" content=\"People Abroad\" \/>\n<meta property=\"article:publisher\" content=\"https:\/\/www.facebook.com\/menschen.international\/\" \/>\n<meta property=\"article:modified_time\" content=\"2026-01-29T20:29:27+00:00\" \/>\n<meta property=\"og:image\" content=\"https:\/\/www.people-abroad.de\/blog\/wp-content\/uploads\/2017\/11\/heiko-mueller-journalist-reiseblogger-people-abroad.jpg\" \/>\n\t<meta property=\"og:image:width\" content=\"800\" \/>\n\t<meta property=\"og:image:height\" content=\"430\" \/>\n\t<meta property=\"og:image:type\" content=\"image\/jpeg\" \/>\n<meta name=\"twitter:card\" content=\"summary_large_image\" \/>\n<meta name=\"twitter:site\" content=\"@People_Abroad\" \/>\n<meta name=\"twitter:label1\" content=\"Gesch\u00e4tzte Lesezeit\" \/>\n\t<meta name=\"twitter:data1\" content=\"4\u00a0Minuten\" \/>\n<script type=\"application\/ld+json\" class=\"yoast-schema-graph\">{\"@context\":\"https:\\\/\\\/schema.org\",\"@graph\":[{\"@type\":\"WebPage\",\"@id\":\"https:\\\/\\\/www.people-abroad.de\\\/blog\\\/heiko-mueller-journalist-redakteur-reiseblogger\\\/\",\"url\":\"https:\\\/\\\/www.people-abroad.de\\\/blog\\\/heiko-mueller-journalist-redakteur-reiseblogger\\\/\",\"name\":\"Heiko M\u00fcller - Reiseblogger & Content Creator - People Abroad\",\"isPartOf\":{\"@id\":\"https:\\\/\\\/www.people-abroad.de\\\/blog\\\/#website\"},\"primaryImageOfPage\":{\"@id\":\"https:\\\/\\\/www.people-abroad.de\\\/blog\\\/heiko-mueller-journalist-redakteur-reiseblogger\\\/#primaryimage\"},\"image\":{\"@id\":\"https:\\\/\\\/www.people-abroad.de\\\/blog\\\/heiko-mueller-journalist-redakteur-reiseblogger\\\/#primaryimage\"},\"thumbnailUrl\":\"https:\\\/\\\/www.people-abroad.de\\\/blog\\\/wp-content\\\/uploads\\\/2017\\\/11\\\/heiko-mueller-journalist-reiseblogger-people-abroad-300x161.jpg\",\"datePublished\":\"2017-04-18T19:56:28+00:00\",\"dateModified\":\"2026-01-29T20:29:27+00:00\",\"description\":\"Heiko M\u00fcller - Redakteur, Content Creator, Reiseblogger. Content Creation im Bereich Reisen, Outdoor und Tourismus. Blog: www.people-abroad.de\\\/blog\",\"breadcrumb\":{\"@id\":\"https:\\\/\\\/www.people-abroad.de\\\/blog\\\/heiko-mueller-journalist-redakteur-reiseblogger\\\/#breadcrumb\"},\"inLanguage\":\"de\",\"potentialAction\":[{\"@type\":\"ReadAction\",\"target\":[\"https:\\\/\\\/www.people-abroad.de\\\/blog\\\/heiko-mueller-journalist-redakteur-reiseblogger\\\/\"]}]},{\"@type\":\"ImageObject\",\"inLanguage\":\"de\",\"@id\":\"https:\\\/\\\/www.people-abroad.de\\\/blog\\\/heiko-mueller-journalist-redakteur-reiseblogger\\\/#primaryimage\",\"url\":\"https:\\\/\\\/www.people-abroad.de\\\/blog\\\/wp-content\\\/uploads\\\/2017\\\/11\\\/heiko-mueller-journalist-reiseblogger-people-abroad.jpg\",\"contentUrl\":\"https:\\\/\\\/www.people-abroad.de\\\/blog\\\/wp-content\\\/uploads\\\/2017\\\/11\\\/heiko-mueller-journalist-reiseblogger-people-abroad.jpg\",\"width\":800,\"height\":430},{\"@type\":\"BreadcrumbList\",\"@id\":\"https:\\\/\\\/www.people-abroad.de\\\/blog\\\/heiko-mueller-journalist-redakteur-reiseblogger\\\/#breadcrumb\",\"itemListElement\":[{\"@type\":\"ListItem\",\"position\":1,\"name\":\"Startseite\",\"item\":\"https:\\\/\\\/www.people-abroad.de\\\/blog\\\/\"},{\"@type\":\"ListItem\",\"position\":2,\"name\":\"Heiko M\u00fcller &#8211; Reiseblogger &#038; Content Creator\"}]},{\"@type\":\"WebSite\",\"@id\":\"https:\\\/\\\/www.people-abroad.de\\\/blog\\\/#website\",\"url\":\"https:\\\/\\\/www.people-abroad.de\\\/blog\\\/\",\"name\":\"People Abroad\",\"description\":\"Reiseblog\",\"publisher\":{\"@id\":\"https:\\\/\\\/www.people-abroad.de\\\/blog\\\/#\\\/schema\\\/person\\\/2a518a154d93ee6cf0b146bc327329b3\"},\"potentialAction\":[{\"@type\":\"SearchAction\",\"target\":{\"@type\":\"EntryPoint\",\"urlTemplate\":\"https:\\\/\\\/www.people-abroad.de\\\/blog\\\/?s={search_term_string}\"},\"query-input\":{\"@type\":\"PropertyValueSpecification\",\"valueRequired\":true,\"valueName\":\"search_term_string\"}}],\"inLanguage\":\"de\"},{\"@type\":[\"Person\",\"Organization\"],\"@id\":\"https:\\\/\\\/www.people-abroad.de\\\/blog\\\/#\\\/schema\\\/person\\\/2a518a154d93ee6cf0b146bc327329b3\",\"name\":\"Heiko M\u00fcller\",\"logo\":{\"@id\":\"https:\\\/\\\/www.people-abroad.de\\\/blog\\\/#\\\/schema\\\/person\\\/image\\\/\"},\"description\":\"Ich bin Reiseblogger, Content Creator und Redakteur. Auf Reisen erkunde ich gerne neue Regionen, St\u00e4dte und Orte beim Fotografieren, Wandern und Radfahren. F\u00fcr weitere Reisetipps folge mir auf Instagram, Facebook &amp; Co. Mehr Infos zum Blog findest du hier: https:\\\/\\\/www.people-abroad.de\\\/blog\\\/pr-media\\\/. Kontakt: h.mueller@people-abroad.de\",\"sameAs\":[\"https:\\\/\\\/www.people-abroad.de\\\/blog\\\/\",\"https:\\\/\\\/www.facebook.com\\\/menschen.international\\\/\",\"https:\\\/\\\/www.instagram.com\\\/people.abroad\\\/\",\"https:\\\/\\\/www.linkedin.com\\\/in\\\/muellerheiko\\\/\",\"https:\\\/\\\/www.pinterest.de\\\/peopleabroad\\\/\",\"https:\\\/\\\/x.com\\\/People_Abroad\",\"https:\\\/\\\/www.youtube.com\\\/user\\\/MenschenInt\"]}]}<\/script>\n<!-- \/ Yoast SEO plugin. -->","yoast_head_json":{"title":"Heiko M\u00fcller - Reiseblogger & Content Creator - People Abroad","description":"Heiko M\u00fcller - Redakteur, Content Creator, Reiseblogger. Content Creation im Bereich Reisen, Outdoor und Tourismus. Blog: www.people-abroad.de\/blog","robots":{"index":"index","follow":"follow","max-snippet":"max-snippet:-1","max-image-preview":"max-image-preview:large","max-video-preview":"max-video-preview:-1"},"canonical":"https:\/\/www.people-abroad.de\/blog\/heiko-mueller-journalist-redakteur-reiseblogger\/","og_locale":"de_DE","og_type":"article","og_title":"Heiko M\u00fcller - Reiseblogger & Content Creator - People Abroad","og_description":"Heiko M\u00fcller - Redakteur, Content Creator, Reiseblogger. Content Creation im Bereich Reisen, Outdoor und Tourismus. Blog: www.people-abroad.de\/blog","og_url":"https:\/\/www.people-abroad.de\/blog\/heiko-mueller-journalist-redakteur-reiseblogger\/","og_site_name":"People Abroad","article_publisher":"https:\/\/www.facebook.com\/menschen.international\/","article_modified_time":"2026-01-29T20:29:27+00:00","og_image":[{"width":800,"height":430,"url":"https:\/\/www.people-abroad.de\/blog\/wp-content\/uploads\/2017\/11\/heiko-mueller-journalist-reiseblogger-people-abroad.jpg","type":"image\/jpeg"}],"twitter_card":"summary_large_image","twitter_site":"@People_Abroad","twitter_misc":{"Gesch\u00e4tzte Lesezeit":"4\u00a0Minuten"},"schema":{"@context":"https:\/\/schema.org","@graph":[{"@type":"WebPage","@id":"https:\/\/www.people-abroad.de\/blog\/heiko-mueller-journalist-redakteur-reiseblogger\/","url":"https:\/\/www.people-abroad.de\/blog\/heiko-mueller-journalist-redakteur-reiseblogger\/","name":"Heiko M\u00fcller - Reiseblogger & Content Creator - People Abroad","isPartOf":{"@id":"https:\/\/www.people-abroad.de\/blog\/#website"},"primaryImageOfPage":{"@id":"https:\/\/www.people-abroad.de\/blog\/heiko-mueller-journalist-redakteur-reiseblogger\/#primaryimage"},"image":{"@id":"https:\/\/www.people-abroad.de\/blog\/heiko-mueller-journalist-redakteur-reiseblogger\/#primaryimage"},"thumbnailUrl":"https:\/\/www.people-abroad.de\/blog\/wp-content\/uploads\/2017\/11\/heiko-mueller-journalist-reiseblogger-people-abroad-300x161.jpg","datePublished":"2017-04-18T19:56:28+00:00","dateModified":"2026-01-29T20:29:27+00:00","description":"Heiko M\u00fcller - Redakteur, Content Creator, Reiseblogger. Content Creation im Bereich Reisen, Outdoor und Tourismus. Blog: www.people-abroad.de\/blog","breadcrumb":{"@id":"https:\/\/www.people-abroad.de\/blog\/heiko-mueller-journalist-redakteur-reiseblogger\/#breadcrumb"},"inLanguage":"de","potentialAction":[{"@type":"ReadAction","target":["https:\/\/www.people-abroad.de\/blog\/heiko-mueller-journalist-redakteur-reiseblogger\/"]}]},{"@type":"ImageObject","inLanguage":"de","@id":"https:\/\/www.people-abroad.de\/blog\/heiko-mueller-journalist-redakteur-reiseblogger\/#primaryimage","url":"https:\/\/www.people-abroad.de\/blog\/wp-content\/uploads\/2017\/11\/heiko-mueller-journalist-reiseblogger-people-abroad.jpg","contentUrl":"https:\/\/www.people-abroad.de\/blog\/wp-content\/uploads\/2017\/11\/heiko-mueller-journalist-reiseblogger-people-abroad.jpg","width":800,"height":430},{"@type":"BreadcrumbList","@id":"https:\/\/www.people-abroad.de\/blog\/heiko-mueller-journalist-redakteur-reiseblogger\/#breadcrumb","itemListElement":[{"@type":"ListItem","position":1,"name":"Startseite","item":"https:\/\/www.people-abroad.de\/blog\/"},{"@type":"ListItem","position":2,"name":"Heiko M\u00fcller &#8211; Reiseblogger &#038; Content Creator"}]},{"@type":"WebSite","@id":"https:\/\/www.people-abroad.de\/blog\/#website","url":"https:\/\/www.people-abroad.de\/blog\/","name":"People Abroad","description":"Reiseblog","publisher":{"@id":"https:\/\/www.people-abroad.de\/blog\/#\/schema\/person\/2a518a154d93ee6cf0b146bc327329b3"},"potentialAction":[{"@type":"SearchAction","target":{"@type":"EntryPoint","urlTemplate":"https:\/\/www.people-abroad.de\/blog\/?s={search_term_string}"},"query-input":{"@type":"PropertyValueSpecification","valueRequired":true,"valueName":"search_term_string"}}],"inLanguage":"de"},{"@type":["Person","Organization"],"@id":"https:\/\/www.people-abroad.de\/blog\/#\/schema\/person\/2a518a154d93ee6cf0b146bc327329b3","name":"Heiko M\u00fcller","logo":{"@id":"https:\/\/www.people-abroad.de\/blog\/#\/schema\/person\/image\/"},"description":"Ich bin Reiseblogger, Content Creator und Redakteur. Auf Reisen erkunde ich gerne neue Regionen, St\u00e4dte und Orte beim Fotografieren, Wandern und Radfahren. F\u00fcr weitere Reisetipps folge mir auf Instagram, Facebook &amp; Co. Mehr Infos zum Blog findest du hier: https:\/\/www.people-abroad.de\/blog\/pr-media\/. Kontakt: h.mueller@people-abroad.de","sameAs":["https:\/\/www.people-abroad.de\/blog\/","https:\/\/www.facebook.com\/menschen.international\/","https:\/\/www.instagram.com\/people.abroad\/","https:\/\/www.linkedin.com\/in\/muellerheiko\/","https:\/\/www.pinterest.de\/peopleabroad\/","https:\/\/x.com\/People_Abroad","https:\/\/www.youtube.com\/user\/MenschenInt"]}]}},"_links":{"self":[{"href":"https:\/\/www.people-abroad.de\/blog\/wp-json\/wp\/v2\/pages\/1147","targetHints":{"allow":["GET"]}}],"collection":[{"href":"https:\/\/www.people-abroad.de\/blog\/wp-json\/wp\/v2\/pages"}],"about":[{"href":"https:\/\/www.people-abroad.de\/blog\/wp-json\/wp\/v2\/types\/page"}],"author":[{"embeddable":true,"href":"https:\/\/www.people-abroad.de\/blog\/wp-json\/wp\/v2\/users\/1"}],"replies":[{"embeddable":true,"href":"https:\/\/www.people-abroad.de\/blog\/wp-json\/wp\/v2\/comments?post=1147"}],"version-history":[{"count":4,"href":"https:\/\/www.people-abroad.de\/blog\/wp-json\/wp\/v2\/pages\/1147\/revisions"}],"predecessor-version":[{"id":38077,"href":"https:\/\/www.people-abroad.de\/blog\/wp-json\/wp\/v2\/pages\/1147\/revisions\/38077"}],"wp:attachment":[{"href":"https:\/\/www.people-abroad.de\/blog\/wp-json\/wp\/v2\/media?parent=1147"}],"curies":[{"name":"wp","href":"https:\/\/api.w.org\/{rel}","templated":true}]}}